{"id":11270,"date":"2019-05-08T17:15:35","date_gmt":"2019-05-08T20:15:35","guid":{"rendered":"https:\/\/advbox.com.br\/blog\/?page_id=11270"},"modified":"2024-08-31T09:31:42","modified_gmt":"2024-08-31T12:31:42","slug":"advocacia-pro-bono-beneficios","status":"publish","type":"page","link":"https:\/\/advbox.com.br\/blog\/advocacia-pro-bono-beneficios\/","title":{"rendered":"Voc\u00ea conhece a Advocacia pro bono e seus benef\u00edcios?"},"content":{"rendered":"<p>O devido acesso ao Poder Judici\u00e1rio \u00e9 uma das garantias fundamentais da Constitui\u00e7\u00e3o Federal trouxe\u00a0em seu art. 5\u00ba. Portanto, toda pessoa tem o direito de ver suas demandas judiciais plenamente atendidas. <\/p><p>Existem algumas formas para que essa garantia fundamental seja concretizada. Exemplos s\u00e3o a assist\u00eancia jur\u00eddica gratuita ou ainda,<strong> a advocacia pro bono!<\/strong><\/p><p>Especificamente quanto a esta \u00faltima, voc\u00ea sabe o que \u00e9 e quais s\u00e3o os benef\u00edcios da advocacia pro bono? Se a resposta for negativa, fique tranquilo, pois traremos os detalhes para tirar suas d\u00favidas sobre essa pr\u00e1tica!<\/p><h2 class=\"wp-block-heading\">Afinal, o que \u00e9 a advocacia pro bono?<\/h2><p>O termo pro bono \u00e9 derivado do latim, e significa \u201cpara o bem\u201d. Assim, pode-se dizer que na advocacia pro bono o advogado presta um servi\u00e7o volunt\u00e1rio e de forma gratuita. <\/p><p>Sua fun\u00e7\u00e3o \u00e9 a de ajudar pessoas que n\u00e3o possuem condi\u00e7\u00f5es econ\u00f4micas de arcar com um processo sem prejudicar o seu pr\u00f3prio sustento e de sua fam\u00edlia.<\/p><p>Portanto,\u00a0 quem n\u00e3o pode custear um advogado, pode buscar por profissionais que atendam nessa modalidade pro bono.<\/p><h2 class=\"wp-block-heading\">Quais s\u00e3o os benef\u00edcios para o advogado?<\/h2><p>Ficamos desconfiados quando pensamos na oferta de um servi\u00e7o gratuito. A impress\u00e3o que se tem \u00e9 de que apenas a parte que receber\u00e1 o servi\u00e7o sair\u00e1 ganhando, correto?<\/p><p>Contudo, a advocacia pro bono traz diversos benef\u00edcios ao profissional. Benef\u00edcios estes que nem sempre podem ser alcan\u00e7ados com a oferta dos servi\u00e7os remunerados.<\/p><p>Assim, listamos abaixo esses benef\u00edcios, confira:<\/p><p>\u2981 <strong>Cria uma boa imagem<\/strong><br>Algumas vezes os profissionais que trabalham com servi\u00e7os t\u00e9cnicos, principalmente intelectuais, s\u00e3o mal vistos. Muitos os consideram\u00a0 pessoas gananciosas e que s\u00f3 pensam em seu pr\u00f3prio benef\u00edcio financeiro.<\/p><p>Atrav\u00e9s do oferecimento de servi\u00e7os advocat\u00edcios gratuitos, o profissional tem a oportunidade de mostrar o contr\u00e1rio. Tanto para a sociedade como para a comunidade jur\u00eddica, prova que possui um prop\u00f3sito maior que apenas o lucro.<\/p><p>\u2981 <strong>Crescimento profissional<\/strong><br>Diversos profissionais est\u00e3o t\u00e3o focados em sua \u00e1rea de atua\u00e7\u00e3o, que acabam esquecendo e ficando at\u00e9 desatualizados nas outras \u00e1reas do Direito!<\/p><p>Atuando na advocacia pro bono, o advogado pode, al\u00e9m de se atualizar sobre demandas de outras \u00e1reas, perceber um novo nicho de trabalho e investir nele, aumentando seu crescimento profissional.<\/p><p><strong>\u2981 Amplia\u00e7\u00e3o da rede de relacionamentos profissionais<\/strong><br>Atuar como um advogado pro bono pode influenciar &#8211; e muito &#8211; no networking do profissional!<\/p><p>A oferta de servi\u00e7os gratuitos poder\u00e1, como mencionado, fazer com o que o advogado atue em \u00e1reas diferentes. Assim, amplia seus contatos profissionais com outros advogados e at\u00e9 membros da magistratura, promotores, etc.<br>Mesmo que o profissional esteja atuando na sua \u00e1rea, oferecer seu trabalho de forma gratuita pode trazer, futuramente, novos casos e novos clientes ao advogado e\/ou ao escrit\u00f3rio.<\/p><p>\u2981 <strong>Cumprimento do dever moral<\/strong><br>Por vezes os advogados podem sentir que deveriam fazer algo a mais pelas pessoas e pela sociedade, tentando visualizar formas de como fazer isso acontecer.<\/p><p>A advocacia pro bono permite que o voluntariado auxilie as pessoas que necessitam. Assim, trazem ao profissional uma sensa\u00e7\u00e3o de bem estar e de cumprimento do dever moral.<\/p><p>\u2981 <strong>Melhora do acesso \u00e0 Justi\u00e7a<\/strong><br>\u00c9 vis\u00edvel que muitos brasileiros n\u00e3o conseguem ter seus direitos respeitados. Vemos isso\u00a0 simplesmente por n\u00e3o terem acesso digno \u00e0 Justi\u00e7a, atrav\u00e9s de profissionais competentes que os auxilie.<\/p><p>A oferta de servi\u00e7os jur\u00eddicos de forma gratuita, incentiva a busca dessas pessoas pelos seus direitos, ao mesmo tempo em que o profissional tem a oportunidade de auxiliar na constru\u00e7\u00e3o de um pa\u00eds mais justo e solid\u00e1rio.<\/p><h3 class=\"wp-block-heading\">Qual a diferen\u00e7a entre advocacia pro bono e assist\u00eancia jur\u00eddica?<\/h3><p>Apesar de buscarem o mesmo objetivo, qual seja, o de oferecer acesso ao Poder Judici\u00e1rio de forma gratuita, a advocacia pro bono e a assist\u00eancia jur\u00eddica n\u00e3o s\u00e3o a mesma coisa, portanto, n\u00e3o confunda-as!<\/p><p>A assist\u00eancia judici\u00e1ria gratuita, prevista no art. 5\u00ba, LXXIV da Constitui\u00e7\u00e3o Federal, \u00e9 um dever estatal, isto \u00e9, trata-se de uma obriga\u00e7\u00e3o do Estado assegurar ao cidad\u00e3o a defesa de seus direitos.<\/p><p>Essa assist\u00eancia gratuita pode ser concretizada basicamente de tr\u00eas formas:<\/p><p style=\"font-size:15px\">\u2981 Atrav\u00e9s de um advogado dativo;<br>\u2981 Atrav\u00e9s de um Defensor P\u00fablico;<br>\u2981 Com a isen\u00e7\u00e3o dos gastos de um processo judicial.<\/p><p>Para receber o benef\u00edcio da assist\u00eancia judici\u00e1ria, a pessoa dever\u00e1 cumprir alguns requisitos, como possuir determinada faixa salarial ou ter o pedido deferido pelo magistrado.<\/p><p>Assim, verifica-se que a assist\u00eancia judici\u00e1ria gratuita \u00e9 aplic\u00e1vel a um grupo bem restrito de pessoas, diferentemente da advocacia pro bono que pode beneficiar de forma mais eficiente os cidad\u00e3os que precisem de uma presta\u00e7\u00e3o de servi\u00e7os jur\u00eddicos.<\/p><h3 class=\"wp-block-heading\">Quem pode ser atendido por um advogado pro bono?<\/h3><p>O C\u00f3digo de \u00c9tica e Disciplina da Ordem dos Advogados do Brasil disciplina, em seu art. 30, quem s\u00e3o os poss\u00edveis clientes de uma causa pro bono.<\/p><p>Inicialmente, menciona-se que a presta\u00e7\u00e3o gratuita, eventual e volunt\u00e1ria de servi\u00e7os jur\u00eddicos deve ser em favor de institui\u00e7\u00f5es sociais sem fins econ\u00f4micos e aos seus assistidos, nos casos em que os benefici\u00e1rios n\u00e3o dispuserem de recursos para a contrata\u00e7\u00e3o do profissional.<\/p><p>Al\u00e9m disso, os advogados podem prestar servi\u00e7os gratuitamente em favor de pessoas f\u00edsicas que tamb\u00e9m n\u00e3o disponham de condi\u00e7\u00f5es de arcar com os custos de um profissional sem preju\u00edzo do seu sustento.<\/p><p>\u00c9 importante ressaltar o contido no \u00a73\u00ba do art. 30 do mencionado C\u00f3digo, que veda a utiliza\u00e7\u00e3o da advocacia pro bono para fins pol\u00edtico-partid\u00e1rios ou eleitorais, ou ainda para beneficiar institui\u00e7\u00f5es com essas finalidades.<\/p><h3 class=\"wp-block-heading\">Considera\u00e7\u00f5es Finais<\/h3><p>A import\u00e2ncia do advogado na administra\u00e7\u00e3o da Justi\u00e7a \u00e9 ineg\u00e1vel, sendo esse fato confirmado pelo conte\u00fado do art. 133 da Constitui\u00e7\u00e3o Federal.<\/p><p>Ademais, o art. 2\u00ba do C\u00f3digo de \u00c9tica da Ordem dos Advogados do Brasil qualifica a advocacia como presta\u00e7\u00e3o de servi\u00e7o p\u00fablico com relevante fun\u00e7\u00e3o social.<\/p><p>Diante de tal import\u00e2ncia que os advogados representam para a sociedade, a advocacia pro bono vem ao encontro da necessidade de constru\u00e7\u00e3o de uma sociedade justa e democr\u00e1tica, atrav\u00e9s da presta\u00e7\u00e3o de servi\u00e7os jur\u00eddicos de qualidade a todos que deles necessitem.<\/p><p>Ainda existem d\u00favidas se de fato a advocacia pro bono vale a pena? Fizemos um infogr\u00e1fico com os benef\u00edcios que tratamos nesse artigo para que possa visualizar que as vantagens s\u00e3o muito grandes, confira:<\/p><figure class=\"wp-block-image size-full\"><a href=\"https:\/\/advbox.com.br\/cadastro\/\" target=\"_blank\"><img fetchpriority=\"high\" decoding=\"async\" width=\"768\" height=\"232\" src=\"https:\/\/advbox.com.br\/blog\/wp-content\/uploads\/2021\/11\/cta-nova-trial.png\" alt=\"cta-nova-trial\" class=\"wp-image-39167\" srcset=\"https:\/\/advbox.com.br\/blog\/wp-content\/uploads\/2021\/11\/cta-nova-trial.png 768w, https:\/\/advbox.com.br\/blog\/wp-content\/uploads\/2021\/11\/cta-nova-trial-500x151.png 500w\" sizes=\"(max-width: 768px) 100vw, 768px\" \/><\/a><\/figure>\n","protected":false},"excerpt":{"rendered":"<p>O devido acesso ao Poder Judici\u00e1rio \u00e9 uma das garantias fundamentais da Constitui\u00e7\u00e3o Federal trouxe\u00a0em seu art. 5\u00ba. Portanto, toda pessoa tem o direito de ver suas demandas judiciais plenamente atendidas. Existem algumas formas para que essa garantia fundamental seja concretizada. Exemplos s\u00e3o a assist\u00eancia jur\u00eddica gratuita ou ainda, a [&hellip;]<\/p>\n","protected":false},"author":2,"featured_media":39135,"parent":0,"menu_order":0,"comment_status":"closed","ping_status":"closed","template":"","meta":{"_acf_changed":false,"om_disable_all_campaigns":false,"footnotes":""},"class_list":["post-11270","page","type-page","status-publish","has-post-thumbnail","hentry"],"acf":[],"yoast_head":"<!-- This site is optimized with the Yoast SEO plugin v26.9 - https:\/\/yoast.com\/product\/yoast-seo-wordpress\/ -->\n<title>Voc\u00ea conhece a Advocacia pro bono e seus benef\u00edcios?<\/title>\n<meta name=\"description\" content=\"A Advocacia pro bono \u00e9 um trabalho de car\u00e1ter solid\u00e1rio e volunt\u00e1rio e seu exerc\u00edcio gera v\u00e1rios benef\u00edcios aos advogados. Conhe\u00e7a como ela funciona.\" \/>\n<meta name=\"robots\" content=\"index, follow, max-snippet:-1, max-image-preview:large, max-video-preview:-1\" \/>\n<link rel=\"canonical\" href=\"https:\/\/advbox.com.br\/blog\/advocacia-pro-bono-beneficios\/\" \/>\n<meta property=\"og:locale\" content=\"pt_BR\" \/>\n<meta property=\"og:type\" content=\"article\" \/>\n<meta property=\"og:title\" content=\"Voc\u00ea conhece a Advocacia pro bono e seus benef\u00edcios?\" \/>\n<meta property=\"og:description\" content=\"A Advocacia pro bono \u00e9 um trabalho de car\u00e1ter solid\u00e1rio e volunt\u00e1rio e seu exerc\u00edcio gera v\u00e1rios benef\u00edcios aos advogados. Conhe\u00e7a como ela funciona.\" \/>\n<meta property=\"og:url\" content=\"https:\/\/advbox.com.br\/blog\/advocacia-pro-bono-beneficios\/\" \/>\n<meta property=\"og:site_name\" content=\"Software Jur\u00eddico Completo - ADVBOX\" \/>\n<meta property=\"article:publisher\" content=\"https:\/\/www.facebook.com\/advbox\/\" \/>\n<meta property=\"article:modified_time\" content=\"2024-08-31T12:31:42+00:00\" \/>\n<meta property=\"og:image\" content=\"https:\/\/advbox.com.br\/blog\/wp-content\/uploads\/2021\/11\/chamamento-ao-processo.jpg\" \/>\n\t<meta property=\"og:image:width\" content=\"640\" \/>\n\t<meta property=\"og:image:height\" content=\"426\" \/>\n\t<meta property=\"og:image:type\" content=\"image\/jpeg\" \/>\n<meta name=\"twitter:card\" content=\"summary_large_image\" \/>\n<meta name=\"twitter:site\" content=\"@advbox2\" \/>\n<script type=\"application\/ld+json\" class=\"yoast-schema-graph\">{\"@context\":\"https:\/\/schema.org\",\"@graph\":[{\"@type\":\"WebPage\",\"@id\":\"https:\/\/advbox.com.br\/blog\/advocacia-pro-bono-beneficios\/\",\"url\":\"https:\/\/advbox.com.br\/blog\/advocacia-pro-bono-beneficios\/\",\"name\":\"Voc\u00ea conhece a Advocacia pro bono e seus benef\u00edcios?\",\"isPartOf\":{\"@id\":\"https:\/\/advbox.com.br\/blog\/#website\"},\"primaryImageOfPage\":{\"@id\":\"https:\/\/advbox.com.br\/blog\/advocacia-pro-bono-beneficios\/#primaryimage\"},\"image\":{\"@id\":\"https:\/\/advbox.com.br\/blog\/advocacia-pro-bono-beneficios\/#primaryimage\"},\"thumbnailUrl\":\"https:\/\/advbox.com.br\/blog\/wp-content\/uploads\/2021\/11\/chamamento-ao-processo.jpg\",\"datePublished\":\"2019-05-08T20:15:35+00:00\",\"dateModified\":\"2024-08-31T12:31:42+00:00\",\"description\":\"A Advocacia pro bono \u00e9 um trabalho de car\u00e1ter solid\u00e1rio e volunt\u00e1rio e seu exerc\u00edcio gera v\u00e1rios benef\u00edcios aos advogados. Conhe\u00e7a como ela funciona.\",\"breadcrumb\":{\"@id\":\"https:\/\/advbox.com.br\/blog\/advocacia-pro-bono-beneficios\/#breadcrumb\"},\"inLanguage\":\"pt-BR\",\"potentialAction\":[{\"@type\":\"ReadAction\",\"target\":[\"https:\/\/advbox.com.br\/blog\/advocacia-pro-bono-beneficios\/\"]}]},{\"@type\":\"ImageObject\",\"inLanguage\":\"pt-BR\",\"@id\":\"https:\/\/advbox.com.br\/blog\/advocacia-pro-bono-beneficios\/#primaryimage\",\"url\":\"https:\/\/advbox.com.br\/blog\/wp-content\/uploads\/2021\/11\/chamamento-ao-processo.jpg\",\"contentUrl\":\"https:\/\/advbox.com.br\/blog\/wp-content\/uploads\/2021\/11\/chamamento-ao-processo.jpg\",\"width\":640,\"height\":426,\"caption\":\"Chamamento ao processo\"},{\"@type\":\"BreadcrumbList\",\"@id\":\"https:\/\/advbox.com.br\/blog\/advocacia-pro-bono-beneficios\/#breadcrumb\",\"itemListElement\":[{\"@type\":\"ListItem\",\"position\":1,\"name\":\"In\u00edcio\",\"item\":\"https:\/\/advbox.com.br\/blog\/\"},{\"@type\":\"ListItem\",\"position\":2,\"name\":\"Voc\u00ea conhece a Advocacia pro bono e seus benef\u00edcios?\"}]},{\"@type\":\"WebSite\",\"@id\":\"https:\/\/advbox.com.br\/blog\/#website\",\"url\":\"https:\/\/advbox.com.br\/blog\/\",\"name\":\"Software Jur\u00eddico Completo - ADVBOX\",\"description\":\"Plataforma para Advocacia Digital\",\"publisher\":{\"@id\":\"https:\/\/advbox.com.br\/blog\/#organization\"},\"potentialAction\":[{\"@type\":\"SearchAction\",\"target\":{\"@type\":\"EntryPoint\",\"urlTemplate\":\"https:\/\/advbox.com.br\/blog\/?s={search_term_string}\"},\"query-input\":{\"@type\":\"PropertyValueSpecification\",\"valueRequired\":true,\"valueName\":\"search_term_string\"}}],\"inLanguage\":\"pt-BR\"},{\"@type\":\"Organization\",\"@id\":\"https:\/\/advbox.com.br\/blog\/#organization\",\"name\":\"ADVBOX Blog - Software jur\u00eddico da advocacia digital\",\"url\":\"https:\/\/advbox.com.br\/blog\/\",\"logo\":{\"@type\":\"ImageObject\",\"inLanguage\":\"pt-BR\",\"@id\":\"https:\/\/advbox.com.br\/blog\/#\/schema\/logo\/image\/\",\"url\":\"https:\/\/advbox.com.br\/blog\/wp-content\/uploads\/2019\/12\/Como-aumentar-a-produtividade_.jpg\",\"contentUrl\":\"https:\/\/advbox.com.br\/blog\/wp-content\/uploads\/2019\/12\/Como-aumentar-a-produtividade_.jpg\",\"width\":320,\"height\":213,\"caption\":\"ADVBOX Blog - Software jur\u00eddico da advocacia digital\"},\"image\":{\"@id\":\"https:\/\/advbox.com.br\/blog\/#\/schema\/logo\/image\/\"},\"sameAs\":[\"https:\/\/www.facebook.com\/advbox\/\",\"https:\/\/x.com\/advbox2\"]}]}<\/script>\n<!-- \/ Yoast SEO plugin. -->","yoast_head_json":{"title":"Voc\u00ea conhece a Advocacia pro bono e seus benef\u00edcios?","description":"A Advocacia pro bono \u00e9 um trabalho de car\u00e1ter solid\u00e1rio e volunt\u00e1rio e seu exerc\u00edcio gera v\u00e1rios benef\u00edcios aos advogados. Conhe\u00e7a como ela funciona.","robots":{"index":"index","follow":"follow","max-snippet":"max-snippet:-1","max-image-preview":"max-image-preview:large","max-video-preview":"max-video-preview:-1"},"canonical":"https:\/\/advbox.com.br\/blog\/advocacia-pro-bono-beneficios\/","og_locale":"pt_BR","og_type":"article","og_title":"Voc\u00ea conhece a Advocacia pro bono e seus benef\u00edcios?","og_description":"A Advocacia pro bono \u00e9 um trabalho de car\u00e1ter solid\u00e1rio e volunt\u00e1rio e seu exerc\u00edcio gera v\u00e1rios benef\u00edcios aos advogados. Conhe\u00e7a como ela funciona.","og_url":"https:\/\/advbox.com.br\/blog\/advocacia-pro-bono-beneficios\/","og_site_name":"Software Jur\u00eddico Completo - ADVBOX","article_publisher":"https:\/\/www.facebook.com\/advbox\/","article_modified_time":"2024-08-31T12:31:42+00:00","og_image":[{"width":640,"height":426,"url":"https:\/\/advbox.com.br\/blog\/wp-content\/uploads\/2021\/11\/chamamento-ao-processo.jpg","type":"image\/jpeg"}],"twitter_card":"summary_large_image","twitter_site":"@advbox2","schema":{"@context":"https:\/\/schema.org","@graph":[{"@type":"WebPage","@id":"https:\/\/advbox.com.br\/blog\/advocacia-pro-bono-beneficios\/","url":"https:\/\/advbox.com.br\/blog\/advocacia-pro-bono-beneficios\/","name":"Voc\u00ea conhece a Advocacia pro bono e seus benef\u00edcios?","isPartOf":{"@id":"https:\/\/advbox.com.br\/blog\/#website"},"primaryImageOfPage":{"@id":"https:\/\/advbox.com.br\/blog\/advocacia-pro-bono-beneficios\/#primaryimage"},"image":{"@id":"https:\/\/advbox.com.br\/blog\/advocacia-pro-bono-beneficios\/#primaryimage"},"thumbnailUrl":"https:\/\/advbox.com.br\/blog\/wp-content\/uploads\/2021\/11\/chamamento-ao-processo.jpg","datePublished":"2019-05-08T20:15:35+00:00","dateModified":"2024-08-31T12:31:42+00:00","description":"A Advocacia pro bono \u00e9 um trabalho de car\u00e1ter solid\u00e1rio e volunt\u00e1rio e seu exerc\u00edcio gera v\u00e1rios benef\u00edcios aos advogados. Conhe\u00e7a como ela funciona.","breadcrumb":{"@id":"https:\/\/advbox.com.br\/blog\/advocacia-pro-bono-beneficios\/#breadcrumb"},"inLanguage":"pt-BR","potentialAction":[{"@type":"ReadAction","target":["https:\/\/advbox.com.br\/blog\/advocacia-pro-bono-beneficios\/"]}]},{"@type":"ImageObject","inLanguage":"pt-BR","@id":"https:\/\/advbox.com.br\/blog\/advocacia-pro-bono-beneficios\/#primaryimage","url":"https:\/\/advbox.com.br\/blog\/wp-content\/uploads\/2021\/11\/chamamento-ao-processo.jpg","contentUrl":"https:\/\/advbox.com.br\/blog\/wp-content\/uploads\/2021\/11\/chamamento-ao-processo.jpg","width":640,"height":426,"caption":"Chamamento ao processo"},{"@type":"BreadcrumbList","@id":"https:\/\/advbox.com.br\/blog\/advocacia-pro-bono-beneficios\/#breadcrumb","itemListElement":[{"@type":"ListItem","position":1,"name":"In\u00edcio","item":"https:\/\/advbox.com.br\/blog\/"},{"@type":"ListItem","position":2,"name":"Voc\u00ea conhece a Advocacia pro bono e seus benef\u00edcios?"}]},{"@type":"WebSite","@id":"https:\/\/advbox.com.br\/blog\/#website","url":"https:\/\/advbox.com.br\/blog\/","name":"Software Jur\u00eddico Completo - ADVBOX","description":"Plataforma para Advocacia Digital","publisher":{"@id":"https:\/\/advbox.com.br\/blog\/#organization"},"potentialAction":[{"@type":"SearchAction","target":{"@type":"EntryPoint","urlTemplate":"https:\/\/advbox.com.br\/blog\/?s={search_term_string}"},"query-input":{"@type":"PropertyValueSpecification","valueRequired":true,"valueName":"search_term_string"}}],"inLanguage":"pt-BR"},{"@type":"Organization","@id":"https:\/\/advbox.com.br\/blog\/#organization","name":"ADVBOX Blog - Software jur\u00eddico da advocacia digital","url":"https:\/\/advbox.com.br\/blog\/","logo":{"@type":"ImageObject","inLanguage":"pt-BR","@id":"https:\/\/advbox.com.br\/blog\/#\/schema\/logo\/image\/","url":"https:\/\/advbox.com.br\/blog\/wp-content\/uploads\/2019\/12\/Como-aumentar-a-produtividade_.jpg","contentUrl":"https:\/\/advbox.com.br\/blog\/wp-content\/uploads\/2019\/12\/Como-aumentar-a-produtividade_.jpg","width":320,"height":213,"caption":"ADVBOX Blog - Software jur\u00eddico da advocacia digital"},"image":{"@id":"https:\/\/advbox.com.br\/blog\/#\/schema\/logo\/image\/"},"sameAs":["https:\/\/www.facebook.com\/advbox\/","https:\/\/x.com\/advbox2"]}]}},"_links":{"self":[{"href":"https:\/\/advbox.com.br\/blog\/wp-json\/wp\/v2\/pages\/11270","targetHints":{"allow":["GET"]}}],"collection":[{"href":"https:\/\/advbox.com.br\/blog\/wp-json\/wp\/v2\/pages"}],"about":[{"href":"https:\/\/advbox.com.br\/blog\/wp-json\/wp\/v2\/types\/page"}],"author":[{"embeddable":true,"href":"https:\/\/advbox.com.br\/blog\/wp-json\/wp\/v2\/users\/2"}],"replies":[{"embeddable":true,"href":"https:\/\/advbox.com.br\/blog\/wp-json\/wp\/v2\/comments?post=11270"}],"version-history":[{"count":3,"href":"https:\/\/advbox.com.br\/blog\/wp-json\/wp\/v2\/pages\/11270\/revisions"}],"predecessor-version":[{"id":65968,"href":"https:\/\/advbox.com.br\/blog\/wp-json\/wp\/v2\/pages\/11270\/revisions\/65968"}],"wp:featuredmedia":[{"embeddable":true,"href":"https:\/\/advbox.com.br\/blog\/wp-json\/wp\/v2\/media\/39135"}],"wp:attachment":[{"href":"https:\/\/advbox.com.br\/blog\/wp-json\/wp\/v2\/media?parent=11270"}],"curies":[{"name":"wp","href":"https:\/\/api.w.org\/{rel}","templated":true}]}}