{"id":16426,"date":"2022-01-03T13:56:30","date_gmt":"2022-01-03T16:56:30","guid":{"rendered":"https:\/\/advbox.com.br\/blog\/?page_id=16426"},"modified":"2022-01-03T13:56:32","modified_gmt":"2022-01-03T16:56:32","slug":"assista-demonstracao-advbox","status":"publish","type":"page","link":"https:\/\/advbox.com.br\/blog\/assista-demonstracao-advbox\/","title":{"rendered":"V\u00eddeo de demonstra\u00e7\u00e3o ADVBOX: veja como controlar tudo no escrit\u00f3rio!"},"content":{"rendered":"<p>Assista ao v\u00eddeo demonstra\u00e7\u00e3o do<strong> software jur\u00eddico ADVBOX<\/strong> e visualize todas as funcionalidades para controlar o seu escrit\u00f3rio de forma r\u00e1pida e eficiente.<\/p><p>Funcionalidades <strong>b\u00e1sicas que a <a href=\"https:\/\/advbox.com.br\/\" target=\"_blank\">ADVBOX<\/a><\/strong> oferece para <strong>escrit\u00f3rios de advocacia.<\/strong> No v\u00eddeo demonstra\u00e7\u00e3o, nosso consultor <strong>Arthur Schabbach<\/strong> explica na pr\u00e1tica como operar cada menu e as abas.<\/p><p>Observe como \u00e9 simples e \u00e1gil, e como voc\u00ea acessa, com poucos cliques, todas as informa\u00e7\u00f5es existentes para cada cliente e processo.<\/p><h2 class=\"wp-block-heading\">Conhe\u00e7a algumas funcionalidades do software jur\u00eddico ADVBOX:<\/h2><figure class=\"wp-block-embed is-type-video is-provider-youtube wp-block-embed-youtube wp-embed-aspect-16-9 wp-has-aspect-ratio\"><div class=\"wp-block-embed__wrapper\">\n<iframe title=\"Funcionalidades ADVBOX | V\u00eddeo Demonstra\u00e7\u00e3o\" width=\"750\" height=\"422\" src=\"https:\/\/www.youtube.com\/embed\/pcFSSf7r9Xo?feature=oembed\" frameborder=\"0\" allow=\"accelerometer; autoplay; clipboard-write; encrypted-media; gyroscope; picture-in-picture\" allowfullscreen loading=\"lazy\"><\/iframe>\n<\/div><\/figure><p>Gostou? Mude a sua advocacia com <strong>ADVBOX<\/strong>!<\/p><p class=\"has-background-color-background-color has-background\" id=\"h-entre-em-contato-e-converse-com-nossos-consultores-sobre-a-advbox\"> Entre em contato e converse com <strong><a href=\"https:\/\/advbox.com.br\/cadastro\/\" target=\"_blank\" rel=\"noreferrer noopener\" target=\"_blank\">nossos consultores sobre a ADVBOX<\/a><\/strong>. <strong>Ou se preferir voc\u00ea pode experimentar a ferramenta por 7 dias gr\u00e1tis clicando no bot\u00e3o abaixo:<\/strong><a href=\"https:\/\/advbox.com.br\/cadastro\/\" target=\"_blank\"><\/a><\/p><figure class=\"wp-block-image size-full\"><a href=\"https:\/\/advbox.com.br\/cadastro\/\" target=\"_blank\"><img fetchpriority=\"high\" decoding=\"async\" width=\"768\" height=\"232\" src=\"https:\/\/advbox.com.br\/blog\/wp-content\/uploads\/2021\/11\/cta-nova-trial.png\" alt=\"cta-nova-trial\" class=\"wp-image-39167\" srcset=\"https:\/\/advbox.com.br\/blog\/wp-content\/uploads\/2021\/11\/cta-nova-trial.png 768w, https:\/\/advbox.com.br\/blog\/wp-content\/uploads\/2021\/11\/cta-nova-trial-500x151.png 500w\" sizes=\"(max-width: 768px) 100vw, 768px\" \/><\/a><\/figure>\n","protected":false},"excerpt":{"rendered":"<p>Assista ao v\u00eddeo demonstra\u00e7\u00e3o do software jur\u00eddico ADVBOX e visualize todas as funcionalidades para controlar o seu escrit\u00f3rio de forma r\u00e1pida e eficiente. Funcionalidades b\u00e1sicas que a ADVBOX oferece para escrit\u00f3rios de advocacia. No v\u00eddeo demonstra\u00e7\u00e3o, nosso consultor Arthur Schabbach explica na pr\u00e1tica como operar cada menu e as abas. [&hellip;]<\/p>\n","protected":false},"author":2,"featured_media":17022,"parent":0,"menu_order":0,"comment_status":"closed","ping_status":"closed","template":"","meta":{"_acf_changed":false,"om_disable_all_campaigns":false,"footnotes":""},"class_list":["post-16426","page","type-page","status-publish","has-post-thumbnail","hentry"],"acf":[],"yoast_head":"<!-- This site is optimized with the Yoast SEO plugin v26.9 - https:\/\/yoast.com\/product\/yoast-seo-wordpress\/ -->\n<title>Assista ao Video de demonstra\u00e7\u00e3o do Software Jur\u00eddico - ADVBOX<\/title>\n<meta name=\"description\" content=\"Este v\u00eddeo \u00e9 uma demonstra\u00e7\u00e3o completa sobre as funcionalidades b\u00e1sicas que a ADVBOX oferece para os escrit\u00f3rios de advocacia.\" \/>\n<meta name=\"robots\" content=\"index, follow, max-snippet:-1, max-image-preview:large, max-video-preview:-1\" \/>\n<link rel=\"canonical\" href=\"https:\/\/advbox.com.br\/blog\/assista-demonstracao-advbox\/\" \/>\n<meta property=\"og:locale\" content=\"pt_BR\" \/>\n<meta property=\"og:type\" content=\"article\" \/>\n<meta property=\"og:title\" content=\"Assista ao Video de demonstra\u00e7\u00e3o do Software Jur\u00eddico - ADVBOX\" \/>\n<meta property=\"og:description\" content=\"Este v\u00eddeo \u00e9 uma demonstra\u00e7\u00e3o completa sobre as funcionalidades b\u00e1sicas que a ADVBOX oferece para os escrit\u00f3rios de advocacia.\" \/>\n<meta property=\"og:url\" content=\"https:\/\/advbox.com.br\/blog\/assista-demonstracao-advbox\/\" \/>\n<meta property=\"og:site_name\" content=\"Software Jur\u00eddico Completo - ADVBOX\" \/>\n<meta property=\"article:publisher\" content=\"https:\/\/www.facebook.com\/advbox\/\" \/>\n<meta property=\"article:modified_time\" content=\"2022-01-03T16:56:32+00:00\" \/>\n<meta property=\"og:image\" content=\"https:\/\/advbox.com.br\/blog\/wp-content\/uploads\/2018\/06\/programa-para-escrit\u00f3rio-de-advocacia.jpg\" \/>\n\t<meta property=\"og:image:width\" content=\"908\" \/>\n\t<meta property=\"og:image:height\" content=\"602\" \/>\n\t<meta property=\"og:image:type\" content=\"image\/jpeg\" \/>\n<meta name=\"twitter:card\" content=\"summary_large_image\" \/>\n<meta name=\"twitter:site\" content=\"@advbox2\" \/>\n<script type=\"application\/ld+json\" class=\"yoast-schema-graph\">{\"@context\":\"https:\/\/schema.org\",\"@graph\":[{\"@type\":[\"WebPage\",\"ItemPage\"],\"@id\":\"https:\/\/advbox.com.br\/blog\/assista-demonstracao-advbox\/\",\"url\":\"https:\/\/advbox.com.br\/blog\/assista-demonstracao-advbox\/\",\"name\":\"Assista ao Video de demonstra\u00e7\u00e3o do Software Jur\u00eddico - ADVBOX\",\"isPartOf\":{\"@id\":\"https:\/\/advbox.com.br\/blog\/#website\"},\"primaryImageOfPage\":{\"@id\":\"https:\/\/advbox.com.br\/blog\/assista-demonstracao-advbox\/#primaryimage\"},\"image\":{\"@id\":\"https:\/\/advbox.com.br\/blog\/assista-demonstracao-advbox\/#primaryimage\"},\"thumbnailUrl\":\"https:\/\/advbox.com.br\/blog\/wp-content\/uploads\/2018\/06\/programa-para-escrit\u00f3rio-de-advocacia.jpg\",\"datePublished\":\"2022-01-03T16:56:30+00:00\",\"dateModified\":\"2022-01-03T16:56:32+00:00\",\"description\":\"Este v\u00eddeo \u00e9 uma demonstra\u00e7\u00e3o completa sobre as funcionalidades b\u00e1sicas que a ADVBOX oferece para os escrit\u00f3rios de advocacia.\",\"breadcrumb\":{\"@id\":\"https:\/\/advbox.com.br\/blog\/assista-demonstracao-advbox\/#breadcrumb\"},\"inLanguage\":\"pt-BR\",\"potentialAction\":[{\"@type\":\"ReadAction\",\"target\":[\"https:\/\/advbox.com.br\/blog\/assista-demonstracao-advbox\/\"]}]},{\"@type\":\"ImageObject\",\"inLanguage\":\"pt-BR\",\"@id\":\"https:\/\/advbox.com.br\/blog\/assista-demonstracao-advbox\/#primaryimage\",\"url\":\"https:\/\/advbox.com.br\/blog\/wp-content\/uploads\/2018\/06\/programa-para-escrit\u00f3rio-de-advocacia.jpg\",\"contentUrl\":\"https:\/\/advbox.com.br\/blog\/wp-content\/uploads\/2018\/06\/programa-para-escrit\u00f3rio-de-advocacia.jpg\",\"width\":908,\"height\":602,\"caption\":\"Home office na advocacia\"},{\"@type\":\"BreadcrumbList\",\"@id\":\"https:\/\/advbox.com.br\/blog\/assista-demonstracao-advbox\/#breadcrumb\",\"itemListElement\":[{\"@type\":\"ListItem\",\"position\":1,\"name\":\"In\u00edcio\",\"item\":\"https:\/\/advbox.com.br\/blog\/\"},{\"@type\":\"ListItem\",\"position\":2,\"name\":\"V\u00eddeo de demonstra\u00e7\u00e3o ADVBOX: veja como controlar tudo no escrit\u00f3rio!\"}]},{\"@type\":\"WebSite\",\"@id\":\"https:\/\/advbox.com.br\/blog\/#website\",\"url\":\"https:\/\/advbox.com.br\/blog\/\",\"name\":\"Software Jur\u00eddico Completo - ADVBOX\",\"description\":\"Plataforma para Advocacia Digital\",\"publisher\":{\"@id\":\"https:\/\/advbox.com.br\/blog\/#organization\"},\"potentialAction\":[{\"@type\":\"SearchAction\",\"target\":{\"@type\":\"EntryPoint\",\"urlTemplate\":\"https:\/\/advbox.com.br\/blog\/?s={search_term_string}\"},\"query-input\":{\"@type\":\"PropertyValueSpecification\",\"valueRequired\":true,\"valueName\":\"search_term_string\"}}],\"inLanguage\":\"pt-BR\"},{\"@type\":\"Organization\",\"@id\":\"https:\/\/advbox.com.br\/blog\/#organization\",\"name\":\"ADVBOX Blog - Software jur\u00eddico da advocacia digital\",\"url\":\"https:\/\/advbox.com.br\/blog\/\",\"logo\":{\"@type\":\"ImageObject\",\"inLanguage\":\"pt-BR\",\"@id\":\"https:\/\/advbox.com.br\/blog\/#\/schema\/logo\/image\/\",\"url\":\"https:\/\/advbox.com.br\/blog\/wp-content\/uploads\/2019\/12\/Como-aumentar-a-produtividade_.jpg\",\"contentUrl\":\"https:\/\/advbox.com.br\/blog\/wp-content\/uploads\/2019\/12\/Como-aumentar-a-produtividade_.jpg\",\"width\":320,\"height\":213,\"caption\":\"ADVBOX Blog - Software jur\u00eddico da advocacia digital\"},\"image\":{\"@id\":\"https:\/\/advbox.com.br\/blog\/#\/schema\/logo\/image\/\"},\"sameAs\":[\"https:\/\/www.facebook.com\/advbox\/\",\"https:\/\/x.com\/advbox2\"]}]}<\/script>\n<!-- \/ Yoast SEO plugin. -->","yoast_head_json":{"title":"Assista ao Video de demonstra\u00e7\u00e3o do Software Jur\u00eddico - ADVBOX","description":"Este v\u00eddeo \u00e9 uma demonstra\u00e7\u00e3o completa sobre as funcionalidades b\u00e1sicas que a ADVBOX oferece para os escrit\u00f3rios de advocacia.","robots":{"index":"index","follow":"follow","max-snippet":"max-snippet:-1","max-image-preview":"max-image-preview:large","max-video-preview":"max-video-preview:-1"},"canonical":"https:\/\/advbox.com.br\/blog\/assista-demonstracao-advbox\/","og_locale":"pt_BR","og_type":"article","og_title":"Assista ao Video de demonstra\u00e7\u00e3o do Software Jur\u00eddico - ADVBOX","og_description":"Este v\u00eddeo \u00e9 uma demonstra\u00e7\u00e3o completa sobre as funcionalidades b\u00e1sicas que a ADVBOX oferece para os escrit\u00f3rios de advocacia.","og_url":"https:\/\/advbox.com.br\/blog\/assista-demonstracao-advbox\/","og_site_name":"Software Jur\u00eddico Completo - ADVBOX","article_publisher":"https:\/\/www.facebook.com\/advbox\/","article_modified_time":"2022-01-03T16:56:32+00:00","og_image":[{"width":908,"height":602,"url":"https:\/\/advbox.com.br\/blog\/wp-content\/uploads\/2018\/06\/programa-para-escrit\u00f3rio-de-advocacia.jpg","type":"image\/jpeg"}],"twitter_card":"summary_large_image","twitter_site":"@advbox2","schema":{"@context":"https:\/\/schema.org","@graph":[{"@type":["WebPage","ItemPage"],"@id":"https:\/\/advbox.com.br\/blog\/assista-demonstracao-advbox\/","url":"https:\/\/advbox.com.br\/blog\/assista-demonstracao-advbox\/","name":"Assista ao Video de demonstra\u00e7\u00e3o do Software Jur\u00eddico - ADVBOX","isPartOf":{"@id":"https:\/\/advbox.com.br\/blog\/#website"},"primaryImageOfPage":{"@id":"https:\/\/advbox.com.br\/blog\/assista-demonstracao-advbox\/#primaryimage"},"image":{"@id":"https:\/\/advbox.com.br\/blog\/assista-demonstracao-advbox\/#primaryimage"},"thumbnailUrl":"https:\/\/advbox.com.br\/blog\/wp-content\/uploads\/2018\/06\/programa-para-escrit\u00f3rio-de-advocacia.jpg","datePublished":"2022-01-03T16:56:30+00:00","dateModified":"2022-01-03T16:56:32+00:00","description":"Este v\u00eddeo \u00e9 uma demonstra\u00e7\u00e3o completa sobre as funcionalidades b\u00e1sicas que a ADVBOX oferece para os escrit\u00f3rios de advocacia.","breadcrumb":{"@id":"https:\/\/advbox.com.br\/blog\/assista-demonstracao-advbox\/#breadcrumb"},"inLanguage":"pt-BR","potentialAction":[{"@type":"ReadAction","target":["https:\/\/advbox.com.br\/blog\/assista-demonstracao-advbox\/"]}]},{"@type":"ImageObject","inLanguage":"pt-BR","@id":"https:\/\/advbox.com.br\/blog\/assista-demonstracao-advbox\/#primaryimage","url":"https:\/\/advbox.com.br\/blog\/wp-content\/uploads\/2018\/06\/programa-para-escrit\u00f3rio-de-advocacia.jpg","contentUrl":"https:\/\/advbox.com.br\/blog\/wp-content\/uploads\/2018\/06\/programa-para-escrit\u00f3rio-de-advocacia.jpg","width":908,"height":602,"caption":"Home office na advocacia"},{"@type":"BreadcrumbList","@id":"https:\/\/advbox.com.br\/blog\/assista-demonstracao-advbox\/#breadcrumb","itemListElement":[{"@type":"ListItem","position":1,"name":"In\u00edcio","item":"https:\/\/advbox.com.br\/blog\/"},{"@type":"ListItem","position":2,"name":"V\u00eddeo de demonstra\u00e7\u00e3o ADVBOX: veja como controlar tudo no escrit\u00f3rio!"}]},{"@type":"WebSite","@id":"https:\/\/advbox.com.br\/blog\/#website","url":"https:\/\/advbox.com.br\/blog\/","name":"Software Jur\u00eddico Completo - ADVBOX","description":"Plataforma para Advocacia Digital","publisher":{"@id":"https:\/\/advbox.com.br\/blog\/#organization"},"potentialAction":[{"@type":"SearchAction","target":{"@type":"EntryPoint","urlTemplate":"https:\/\/advbox.com.br\/blog\/?s={search_term_string}"},"query-input":{"@type":"PropertyValueSpecification","valueRequired":true,"valueName":"search_term_string"}}],"inLanguage":"pt-BR"},{"@type":"Organization","@id":"https:\/\/advbox.com.br\/blog\/#organization","name":"ADVBOX Blog - Software jur\u00eddico da advocacia digital","url":"https:\/\/advbox.com.br\/blog\/","logo":{"@type":"ImageObject","inLanguage":"pt-BR","@id":"https:\/\/advbox.com.br\/blog\/#\/schema\/logo\/image\/","url":"https:\/\/advbox.com.br\/blog\/wp-content\/uploads\/2019\/12\/Como-aumentar-a-produtividade_.jpg","contentUrl":"https:\/\/advbox.com.br\/blog\/wp-content\/uploads\/2019\/12\/Como-aumentar-a-produtividade_.jpg","width":320,"height":213,"caption":"ADVBOX Blog - Software jur\u00eddico da advocacia digital"},"image":{"@id":"https:\/\/advbox.com.br\/blog\/#\/schema\/logo\/image\/"},"sameAs":["https:\/\/www.facebook.com\/advbox\/","https:\/\/x.com\/advbox2"]}]}},"_links":{"self":[{"href":"https:\/\/advbox.com.br\/blog\/wp-json\/wp\/v2\/pages\/16426","targetHints":{"allow":["GET"]}}],"collection":[{"href":"https:\/\/advbox.com.br\/blog\/wp-json\/wp\/v2\/pages"}],"about":[{"href":"https:\/\/advbox.com.br\/blog\/wp-json\/wp\/v2\/types\/page"}],"author":[{"embeddable":true,"href":"https:\/\/advbox.com.br\/blog\/wp-json\/wp\/v2\/users\/2"}],"replies":[{"embeddable":true,"href":"https:\/\/advbox.com.br\/blog\/wp-json\/wp\/v2\/comments?post=16426"}],"version-history":[{"count":2,"href":"https:\/\/advbox.com.br\/blog\/wp-json\/wp\/v2\/pages\/16426\/revisions"}],"predecessor-version":[{"id":39968,"href":"https:\/\/advbox.com.br\/blog\/wp-json\/wp\/v2\/pages\/16426\/revisions\/39968"}],"wp:featuredmedia":[{"embeddable":true,"href":"https:\/\/advbox.com.br\/blog\/wp-json\/wp\/v2\/media\/17022"}],"wp:attachment":[{"href":"https:\/\/advbox.com.br\/blog\/wp-json\/wp\/v2\/media?parent=16426"}],"curies":[{"name":"wp","href":"https:\/\/api.w.org\/{rel}","templated":true}]}}