{"id":22258,"date":"2021-01-19T19:37:54","date_gmt":"2021-01-19T21:37:54","guid":{"rendered":"https:\/\/advbox.com.br\/blog\/?page_id=22258"},"modified":"2024-09-27T15:47:57","modified_gmt":"2024-09-27T18:47:57","slug":"advocacia-digital-por-onde-comecar","status":"publish","type":"page","link":"https:\/\/advbox.com.br\/blog\/advocacia-digital-por-onde-comecar\/","title":{"rendered":"ADVOCACIA DIGITAL: Por onde come\u00e7ar?"},"content":{"rendered":"<h2 class=\"wp-block-heading\"><b>ADVOCACIA DIGITAL:<br><\/b>Por onde come\u00e7ar?<\/h2><h2 class=\"wp-block-heading\">Baixe os materiais<\/h2><h5 class=\"wp-block-heading\">Manual do Setor Comercial em escrit\u00f3rio de advocacia<a href=\"https:\/\/materiais.advbox.com.br\/kit-advocacia-empreendedora-na-pratica\" target=\"_blank\" rel=\"noreferrer noopener\" target=\"_blank\"><br>Baixar<\/a><\/h5><h5 class=\"wp-block-heading\">Os meios de produ\u00e7\u00e3o mais avan\u00e7ados da advocacia<a href=\"https:\/\/materiais.advbox.com.br\/lp-gt-p3-advocacia-digital\" target=\"_blank\" rel=\"noreferrer noopener\" target=\"_blank\"><br>Baixar<\/a><\/h5><h5 class=\"wp-block-heading\">Gerenciamento Remoto de Escrit\u00f3rios<a href=\"https:\/\/materiais.advbox.com.br\/gerenciar-escritorio-a-distancia\" target=\"_blank\" rel=\"noreferrer noopener\" target=\"_blank\"><br>Baixar<\/a><\/h5><h5 class=\"wp-block-heading\">Vantagens de organizar a Controladoria Jur\u00eddica Digital<a href=\"https:\/\/materiais.advbox.com.br\/manual-controladoria-juridica-digital-advbox\" target=\"_blank\" rel=\"noreferrer noopener\" target=\"_blank\"><br>Baixar<\/a><\/h5><h5 class=\"wp-block-heading\">C\u00f3digo de \u00c9tica OAB<a role=\"button\" href=\"https:\/\/advbox.com.br\/blog\/wp-content\/uploads\/2021\/01\/NOVO-CODIGO-DE-ETICA-DA-OAB.pdf\" target=\"_blank\" rel=\"noopener noreferrer\" target=\"_blank\"><br>Baixar<\/a><\/h5><h5 class=\"wp-block-heading\">Personaliza\u00e7\u00e3o e Automa\u00e7\u00e3o do Atendimento<a role=\"button\" href=\"https:\/\/advbox.com.br\/blog\/wp-content\/uploads\/2021\/01\/Pessoalizacao-no-atendimento-e-porque-os-advogados-nao-serao-substituidos-por-robos.pdf\" target=\"_blank\" rel=\"noopener noreferrer\" target=\"_blank\"><br>Baixar<\/a><\/h5>\n","protected":false},"excerpt":{"rendered":"<p>ADVOCACIA DIGITAL:Por onde come\u00e7ar? Baixe os materiais Manual do Setor Comercial em escrit\u00f3rio de advocaciaBaixar Os meios de produ\u00e7\u00e3o mais avan\u00e7ados da advocaciaBaixar Gerenciamento Remoto de Escrit\u00f3riosBaixar Vantagens de organizar a Controladoria Jur\u00eddica DigitalBaixar C\u00f3digo de \u00c9tica OABBaixar Personaliza\u00e7\u00e3o e Automa\u00e7\u00e3o do AtendimentoBaixar<\/p>\n","protected":false},"author":44,"featured_media":34967,"parent":0,"menu_order":0,"comment_status":"closed","ping_status":"closed","template":"","meta":{"_acf_changed":false,"om_disable_all_campaigns":false,"footnotes":""},"class_list":["post-22258","page","type-page","status-publish","has-post-thumbnail","hentry"],"acf":[],"yoast_head":"<!-- This site is optimized with the Yoast SEO plugin v26.9 - https:\/\/yoast.com\/product\/yoast-seo-wordpress\/ -->\n<title>ADVOCACIA DIGITAL: Por onde come\u00e7ar?<\/title>\n<meta name=\"description\" content=\"ADVOCACIA DIGITAL: Por onde come\u00e7ar? - Peti\u00e7\u00f5es, Artigos jur\u00eddicos, jurisprud\u00eancias no site da ADVBOX.\" \/>\n<meta name=\"robots\" content=\"index, follow, max-snippet:-1, max-image-preview:large, max-video-preview:-1\" \/>\n<link rel=\"canonical\" href=\"https:\/\/advbox.com.br\/blog\/advocacia-digital-por-onde-comecar\/\" \/>\n<meta property=\"og:locale\" content=\"pt_BR\" \/>\n<meta property=\"og:type\" content=\"article\" \/>\n<meta property=\"og:title\" content=\"ADVOCACIA DIGITAL: Por onde come\u00e7ar?\" \/>\n<meta property=\"og:description\" content=\"ADVOCACIA DIGITAL: Por onde come\u00e7ar? - Peti\u00e7\u00f5es, Artigos jur\u00eddicos, jurisprud\u00eancias no site da ADVBOX.\" \/>\n<meta property=\"og:url\" content=\"https:\/\/advbox.com.br\/blog\/advocacia-digital-por-onde-comecar\/\" \/>\n<meta property=\"og:site_name\" content=\"Software Jur\u00eddico Completo - ADVBOX\" \/>\n<meta property=\"article:publisher\" content=\"https:\/\/www.facebook.com\/advbox\/\" \/>\n<meta property=\"article:modified_time\" content=\"2024-09-27T18:47:57+00:00\" \/>\n<meta property=\"og:image\" content=\"https:\/\/advbox.com.br\/blog\/wp-content\/uploads\/2021\/07\/comercial-do-escritorio.jpg\" \/>\n\t<meta property=\"og:image:width\" content=\"640\" \/>\n\t<meta property=\"og:image:height\" content=\"426\" \/>\n\t<meta property=\"og:image:type\" content=\"image\/jpeg\" \/>\n<meta name=\"twitter:card\" content=\"summary_large_image\" \/>\n<meta name=\"twitter:site\" content=\"@advbox2\" \/>\n<script type=\"application\/ld+json\" class=\"yoast-schema-graph\">{\"@context\":\"https:\/\/schema.org\",\"@graph\":[{\"@type\":\"WebPage\",\"@id\":\"https:\/\/advbox.com.br\/blog\/advocacia-digital-por-onde-comecar\/\",\"url\":\"https:\/\/advbox.com.br\/blog\/advocacia-digital-por-onde-comecar\/\",\"name\":\"ADVOCACIA DIGITAL: Por onde come\u00e7ar?\",\"isPartOf\":{\"@id\":\"https:\/\/advbox.com.br\/blog\/#website\"},\"primaryImageOfPage\":{\"@id\":\"https:\/\/advbox.com.br\/blog\/advocacia-digital-por-onde-comecar\/#primaryimage\"},\"image\":{\"@id\":\"https:\/\/advbox.com.br\/blog\/advocacia-digital-por-onde-comecar\/#primaryimage\"},\"thumbnailUrl\":\"https:\/\/advbox.com.br\/blog\/wp-content\/uploads\/2021\/07\/comercial-do-escritorio.jpg\",\"datePublished\":\"2021-01-19T21:37:54+00:00\",\"dateModified\":\"2024-09-27T18:47:57+00:00\",\"description\":\"ADVOCACIA DIGITAL: Por onde come\u00e7ar? - Peti\u00e7\u00f5es, Artigos jur\u00eddicos, jurisprud\u00eancias no site da ADVBOX.\",\"breadcrumb\":{\"@id\":\"https:\/\/advbox.com.br\/blog\/advocacia-digital-por-onde-comecar\/#breadcrumb\"},\"inLanguage\":\"pt-BR\",\"potentialAction\":[{\"@type\":\"ReadAction\",\"target\":[\"https:\/\/advbox.com.br\/blog\/advocacia-digital-por-onde-comecar\/\"]}]},{\"@type\":\"ImageObject\",\"inLanguage\":\"pt-BR\",\"@id\":\"https:\/\/advbox.com.br\/blog\/advocacia-digital-por-onde-comecar\/#primaryimage\",\"url\":\"https:\/\/advbox.com.br\/blog\/wp-content\/uploads\/2021\/07\/comercial-do-escritorio.jpg\",\"contentUrl\":\"https:\/\/advbox.com.br\/blog\/wp-content\/uploads\/2021\/07\/comercial-do-escritorio.jpg\",\"width\":640,\"height\":426,\"caption\":\"comercial-do-escritorio\"},{\"@type\":\"BreadcrumbList\",\"@id\":\"https:\/\/advbox.com.br\/blog\/advocacia-digital-por-onde-comecar\/#breadcrumb\",\"itemListElement\":[{\"@type\":\"ListItem\",\"position\":1,\"name\":\"In\u00edcio\",\"item\":\"https:\/\/advbox.com.br\/blog\/\"},{\"@type\":\"ListItem\",\"position\":2,\"name\":\"ADVOCACIA DIGITAL: Por onde come\u00e7ar?\"}]},{\"@type\":\"WebSite\",\"@id\":\"https:\/\/advbox.com.br\/blog\/#website\",\"url\":\"https:\/\/advbox.com.br\/blog\/\",\"name\":\"Software Jur\u00eddico Completo - ADVBOX\",\"description\":\"Plataforma para Advocacia Digital\",\"publisher\":{\"@id\":\"https:\/\/advbox.com.br\/blog\/#organization\"},\"potentialAction\":[{\"@type\":\"SearchAction\",\"target\":{\"@type\":\"EntryPoint\",\"urlTemplate\":\"https:\/\/advbox.com.br\/blog\/?s={search_term_string}\"},\"query-input\":{\"@type\":\"PropertyValueSpecification\",\"valueRequired\":true,\"valueName\":\"search_term_string\"}}],\"inLanguage\":\"pt-BR\"},{\"@type\":\"Organization\",\"@id\":\"https:\/\/advbox.com.br\/blog\/#organization\",\"name\":\"ADVBOX Blog - Software jur\u00eddico da advocacia digital\",\"url\":\"https:\/\/advbox.com.br\/blog\/\",\"logo\":{\"@type\":\"ImageObject\",\"inLanguage\":\"pt-BR\",\"@id\":\"https:\/\/advbox.com.br\/blog\/#\/schema\/logo\/image\/\",\"url\":\"https:\/\/advbox.com.br\/blog\/wp-content\/uploads\/2019\/12\/Como-aumentar-a-produtividade_.jpg\",\"contentUrl\":\"https:\/\/advbox.com.br\/blog\/wp-content\/uploads\/2019\/12\/Como-aumentar-a-produtividade_.jpg\",\"width\":320,\"height\":213,\"caption\":\"ADVBOX Blog - Software jur\u00eddico da advocacia digital\"},\"image\":{\"@id\":\"https:\/\/advbox.com.br\/blog\/#\/schema\/logo\/image\/\"},\"sameAs\":[\"https:\/\/www.facebook.com\/advbox\/\",\"https:\/\/x.com\/advbox2\"]}]}<\/script>\n<!-- \/ Yoast SEO plugin. -->","yoast_head_json":{"title":"ADVOCACIA DIGITAL: Por onde come\u00e7ar?","description":"ADVOCACIA DIGITAL: Por onde come\u00e7ar? - Peti\u00e7\u00f5es, Artigos jur\u00eddicos, jurisprud\u00eancias no site da ADVBOX.","robots":{"index":"index","follow":"follow","max-snippet":"max-snippet:-1","max-image-preview":"max-image-preview:large","max-video-preview":"max-video-preview:-1"},"canonical":"https:\/\/advbox.com.br\/blog\/advocacia-digital-por-onde-comecar\/","og_locale":"pt_BR","og_type":"article","og_title":"ADVOCACIA DIGITAL: Por onde come\u00e7ar?","og_description":"ADVOCACIA DIGITAL: Por onde come\u00e7ar? - Peti\u00e7\u00f5es, Artigos jur\u00eddicos, jurisprud\u00eancias no site da ADVBOX.","og_url":"https:\/\/advbox.com.br\/blog\/advocacia-digital-por-onde-comecar\/","og_site_name":"Software Jur\u00eddico Completo - ADVBOX","article_publisher":"https:\/\/www.facebook.com\/advbox\/","article_modified_time":"2024-09-27T18:47:57+00:00","og_image":[{"width":640,"height":426,"url":"https:\/\/advbox.com.br\/blog\/wp-content\/uploads\/2021\/07\/comercial-do-escritorio.jpg","type":"image\/jpeg"}],"twitter_card":"summary_large_image","twitter_site":"@advbox2","schema":{"@context":"https:\/\/schema.org","@graph":[{"@type":"WebPage","@id":"https:\/\/advbox.com.br\/blog\/advocacia-digital-por-onde-comecar\/","url":"https:\/\/advbox.com.br\/blog\/advocacia-digital-por-onde-comecar\/","name":"ADVOCACIA DIGITAL: Por onde come\u00e7ar?","isPartOf":{"@id":"https:\/\/advbox.com.br\/blog\/#website"},"primaryImageOfPage":{"@id":"https:\/\/advbox.com.br\/blog\/advocacia-digital-por-onde-comecar\/#primaryimage"},"image":{"@id":"https:\/\/advbox.com.br\/blog\/advocacia-digital-por-onde-comecar\/#primaryimage"},"thumbnailUrl":"https:\/\/advbox.com.br\/blog\/wp-content\/uploads\/2021\/07\/comercial-do-escritorio.jpg","datePublished":"2021-01-19T21:37:54+00:00","dateModified":"2024-09-27T18:47:57+00:00","description":"ADVOCACIA DIGITAL: Por onde come\u00e7ar? - Peti\u00e7\u00f5es, Artigos jur\u00eddicos, jurisprud\u00eancias no site da ADVBOX.","breadcrumb":{"@id":"https:\/\/advbox.com.br\/blog\/advocacia-digital-por-onde-comecar\/#breadcrumb"},"inLanguage":"pt-BR","potentialAction":[{"@type":"ReadAction","target":["https:\/\/advbox.com.br\/blog\/advocacia-digital-por-onde-comecar\/"]}]},{"@type":"ImageObject","inLanguage":"pt-BR","@id":"https:\/\/advbox.com.br\/blog\/advocacia-digital-por-onde-comecar\/#primaryimage","url":"https:\/\/advbox.com.br\/blog\/wp-content\/uploads\/2021\/07\/comercial-do-escritorio.jpg","contentUrl":"https:\/\/advbox.com.br\/blog\/wp-content\/uploads\/2021\/07\/comercial-do-escritorio.jpg","width":640,"height":426,"caption":"comercial-do-escritorio"},{"@type":"BreadcrumbList","@id":"https:\/\/advbox.com.br\/blog\/advocacia-digital-por-onde-comecar\/#breadcrumb","itemListElement":[{"@type":"ListItem","position":1,"name":"In\u00edcio","item":"https:\/\/advbox.com.br\/blog\/"},{"@type":"ListItem","position":2,"name":"ADVOCACIA DIGITAL: Por onde come\u00e7ar?"}]},{"@type":"WebSite","@id":"https:\/\/advbox.com.br\/blog\/#website","url":"https:\/\/advbox.com.br\/blog\/","name":"Software Jur\u00eddico Completo - ADVBOX","description":"Plataforma para Advocacia Digital","publisher":{"@id":"https:\/\/advbox.com.br\/blog\/#organization"},"potentialAction":[{"@type":"SearchAction","target":{"@type":"EntryPoint","urlTemplate":"https:\/\/advbox.com.br\/blog\/?s={search_term_string}"},"query-input":{"@type":"PropertyValueSpecification","valueRequired":true,"valueName":"search_term_string"}}],"inLanguage":"pt-BR"},{"@type":"Organization","@id":"https:\/\/advbox.com.br\/blog\/#organization","name":"ADVBOX Blog - Software jur\u00eddico da advocacia digital","url":"https:\/\/advbox.com.br\/blog\/","logo":{"@type":"ImageObject","inLanguage":"pt-BR","@id":"https:\/\/advbox.com.br\/blog\/#\/schema\/logo\/image\/","url":"https:\/\/advbox.com.br\/blog\/wp-content\/uploads\/2019\/12\/Como-aumentar-a-produtividade_.jpg","contentUrl":"https:\/\/advbox.com.br\/blog\/wp-content\/uploads\/2019\/12\/Como-aumentar-a-produtividade_.jpg","width":320,"height":213,"caption":"ADVBOX Blog - Software jur\u00eddico da advocacia digital"},"image":{"@id":"https:\/\/advbox.com.br\/blog\/#\/schema\/logo\/image\/"},"sameAs":["https:\/\/www.facebook.com\/advbox\/","https:\/\/x.com\/advbox2"]}]}},"_links":{"self":[{"href":"https:\/\/advbox.com.br\/blog\/wp-json\/wp\/v2\/pages\/22258","targetHints":{"allow":["GET"]}}],"collection":[{"href":"https:\/\/advbox.com.br\/blog\/wp-json\/wp\/v2\/pages"}],"about":[{"href":"https:\/\/advbox.com.br\/blog\/wp-json\/wp\/v2\/types\/page"}],"author":[{"embeddable":true,"href":"https:\/\/advbox.com.br\/blog\/wp-json\/wp\/v2\/users\/44"}],"replies":[{"embeddable":true,"href":"https:\/\/advbox.com.br\/blog\/wp-json\/wp\/v2\/comments?post=22258"}],"version-history":[{"count":26,"href":"https:\/\/advbox.com.br\/blog\/wp-json\/wp\/v2\/pages\/22258\/revisions"}],"predecessor-version":[{"id":55346,"href":"https:\/\/advbox.com.br\/blog\/wp-json\/wp\/v2\/pages\/22258\/revisions\/55346"}],"wp:featuredmedia":[{"embeddable":true,"href":"https:\/\/advbox.com.br\/blog\/wp-json\/wp\/v2\/media\/34967"}],"wp:attachment":[{"href":"https:\/\/advbox.com.br\/blog\/wp-json\/wp\/v2\/media?parent=22258"}],"curies":[{"name":"wp","href":"https:\/\/api.w.org\/{rel}","templated":true}]}}