{"id":23563,"date":"2021-02-14T15:30:41","date_gmt":"2021-02-14T17:30:41","guid":{"rendered":"https:\/\/advbox.com.br\/blog\/?page_id=23563"},"modified":"2024-12-31T15:07:06","modified_gmt":"2024-12-31T18:07:06","slug":"familia-divorcio-consensual-cpc","status":"publish","type":"page","link":"https:\/\/advbox.com.br\/blog\/familia-divorcio-consensual-cpc\/","title":{"rendered":"Modelo de div\u00f3rcio consensual &#8211; CPC"},"content":{"rendered":"<p>Acesse o modelo div\u00f3rcio consensual novo CPC e atualize o seu <a href=\"https:\/\/advbox.com.br\/blog\/como-automatizar-seus-modelos-de-peticoes\/\" target=\"_blank\"><strong>banco de peti\u00e7\u00f5es<\/strong><\/a>. Agora que tal manter seu banco de modelos de peti\u00e7\u00f5es atualizado e de forma r\u00e1pida e f\u00e1cil?<\/p><p>Com a<a class=\"rank-math-link\" href=\"https:\/\/advbox.com.br\/\" target=\"_blank\"> <strong>plataforma jur\u00eddica para <\/strong><\/a><a href=\"https:\/\/advbox.com.br\/blog\/assista-demonstracao-advbox\/\" target=\"_blank\"><strong>advocacia digital<\/strong><\/a><strong>,<\/strong> \u00e9 poss\u00edvel economizar todo esse tempo gasto. E somente com um \u00fanico membro da sua equipe \u00e9 poss\u00edvel atualizar todos os modelos de peti\u00e7\u00f5es\u00a0 para seu escrit\u00f3rio.<\/p><p>Melhore os resultados do seu <a href=\"https:\/\/advbox.com.br\/blog\/home-office-na-advocacia-advbox\/\" target=\"_blank\"><strong>escrit\u00f3rio com trabalho remoto<\/strong><\/a>. Acesse agora e gr\u00e1tis o ebook e saiba como aproveitar todos os recursos dispon\u00edveis.<\/p><h2 class=\"wp-block-heading\">Modelo div\u00f3rcio consensual II &#8211; novo CPC <\/h2><p>EXMO. SR. DR. JUIZ DE DIREITO DA ____________ DA COMARCA DE __________________ &#8211; ___<\/p><p>Pular 10 linhas<\/p><p>\u00a0\u00a0(&#8230;) e (&#8230;), por seu advogado comum (documento 1), v\u00eam mui respeitosamente \u00e0 presen\u00e7a de Vossa Excel\u00eancia, requerer com fundamento no art. 731 do C\u00f3digo de Processo Civil:<\/p><h3 class=\"wp-block-heading\">\u00a0\u00a0Div\u00f3rcio consensual<\/h3><p>\u00a0\u00a0o que fazem pelos motivos de fato e de direito a seguir aduzidos.<\/p><h4 class=\"wp-block-heading has-normal-font-size\">\u00a0\u00a0I \u2013 Fatos e Direito<\/h4><p>\u00a0\u00a0Os requerentes s\u00e3o casados sob o regime de comunh\u00e3o parcial de bens, desde (&#8230;), conforme prova a inclusa certid\u00e3o de casamento (documento 2).<\/p><p>\u00a0\u00a0Da uni\u00e3o nasceram os filhos:<\/p><p>\u00a0\u00a0(&#8230;), que conta com (&#8230;) anos nos termos da certid\u00e3o de nascimento anexa (documento 3);<\/p><p>\u00a0\u00a0(&#8230;), que conta com (&#8230;) anos nos termos da certid\u00e3o de nascimento anexa (documento 4).<\/p><p>\u00a0\u00a0Durante a uni\u00e3o, inclusive, os requerentes adquiriram os seguintes bens:<\/p><p>\u00a0\u00a0(&#8230;)<\/p><p>\u00a0\u00a0Ou: Declaram os requerentes inexistirem bens im\u00f3veis ou m\u00f3veis a serem objeto de partilha.<\/p><p>\u00a0\u00a0Estipula o art. 731 do C\u00f3digo Civil:<\/p><p>\u201cArt. 731. A homologa\u00e7\u00e3o do div\u00f3rcio ou da separa\u00e7\u00e3o consensuais, observados os requisitos legais, poder\u00e1 ser requerida em peti\u00e7\u00e3o assinada por ambos os c\u00f4njuges, da qual constar\u00e3o:<\/p><p>I \u2013 as disposi\u00e7\u00f5es relativas \u00e0 descri\u00e7\u00e3o e \u00e0 partilha dos bens comuns?<\/p><p>II \u2013 as disposi\u00e7\u00f5es relativas \u00e0 pens\u00e3o aliment\u00edcia entre os c\u00f4njuges?<\/p><p>III \u2013 o acordo relativo \u00e0 guarda dos filhos incapazes e ao regime de visitas? E<\/p><p>IV \u2013 o valor da contribui\u00e7\u00e3o para criar e educar os filhos.\u201d<\/p><p>\u00a0\u00a0Nos termos do art. 226, \u00a7 6\u00ba, da Constitui\u00e7\u00e3o Federal, cuja reda\u00e7\u00e3o decorrente da Emenda Constitucional 66\/2010 disp\u00f5e sobre a dissolubilidade do casamento civil pelo div\u00f3rcio, suprimindo o requisito de pr\u00e9via separa\u00e7\u00e3o judicial por mais de 1 (um) ano ou de comprovada separa\u00e7\u00e3o de fato por mais de 2 (dois) anos, manifestam a Vossa Excel\u00eancia a inten\u00e7\u00e3o inequ\u00edvoca de divorciarem-se consensualmente, dentro das seguintes condi\u00e7\u00f5es:<\/p><p>\u00a0\u00a0a) Partilha dos bens:<\/p><p>\u00a0\u00a0Pretendem os requerentes partilhar os referidos bens comuns da seguinte forma:<\/p><p>\u00a0\u00a0(&#8230;)<\/p><p>\u00a0\u00a0b) Guarda dos filhos:<\/p><p>\u00a0\u00a0Caber\u00e1 \u00e0 requerente mulher a guarda e responsabilidade sobre os filhos menores do casal que com ela j\u00e1 se encontram desde a separa\u00e7\u00e3o f\u00e1tica.\u00a0<\/p><p>\u00a0\u00a0Caber\u00e1 ao requerente var\u00e3o exercer o direito de visitas quinzenais, devendo buscar os menores \u00e0s 8 horas do s\u00e1bado e devolv\u00ea-los \u00e0s 18 horas do domingo na resid\u00eancia da requerente mulher.\u00a0<\/p><p>\u00a0\u00a0Nos feriados, os filhos menores ficar\u00e3o alternadamente, um com o requerente var\u00e3o e outro com a requerente mulher;<\/p><p>\u00a0\u00a0No per\u00edodo de f\u00e9rias, os filhos menores permanecer\u00e3o 15 dias com o requerente var\u00e3o e 15 dias com a requerente mulher.<\/p><p>\u00a0\u00a0(Ou: nos termos do art. 1.583, \u00a7 2\u00ba, do C\u00f3digo de Civil, estabelecem a guarda compartilhada, de tal sorte que os filhos ter\u00e3o a assist\u00eancia m\u00fatua dos requerentes que em conjunto levar\u00e3o a efeito os necess\u00e1rios cuidados dos filhos comuns como consequ\u00eancia do Poder Familiar, afirmando a necessidade de compartilhar as atribui\u00e7\u00f5es decorrentes da guarda.)<\/p><p>\u00a0\u00a0c) Alimentos<\/p><p>\u00a0\u00a0A t\u00edtulo de pens\u00e3o aliment\u00edcia destinada ao filho menor, o requerente var\u00e3o contribuir\u00e1 mensalmente com o correspondente (&#8230;) mensais, com atualiza\u00e7\u00e3o pelo (&#8230;) a partir desta data, a ser pago todo dia (&#8230;) de cada m\u00eas, diretamente a requerente mulher, mediante dep\u00f3sito na conta (&#8230;) ou outra que expressamente e por escrito indicar, arcando ainda com as seguintes despesas pela metade, cabendo a outra metade \u00e0 requerente mulher: (&#8230;).<\/p><p>\u00a0\u00a0Os requerentes dispensam, um ao outro, da pens\u00e3o aliment\u00edcia.<\/p><p>\u00a0\u00a0D) Nome<\/p><p>\u00a0\u00a0A Requerente mulher opta por retornar ao uso do nome de solteira, requerendo, nesta medida, a expedi\u00e7\u00e3o de mandado para averba\u00e7\u00e3o no registro civil.<\/p><p>\u00a0\u00a0(Ou: A requerente mulher permanecer\u00e1 utilizando o nome do marido.)<\/p><h3 class=\"wp-block-heading\">\u00a0\u00a0II \u2013 Pedido<\/h3><p>\u00a0\u00a0Diante do exposto, pedem os requerentes a proced\u00eancia do pedido com a homologa\u00e7\u00e3o do div\u00f3rcio consensual do casal nas condi\u00e7\u00f5es expostas nesta exordial com a expedi\u00e7\u00e3o de mandado de averba\u00e7\u00e3o e de formal de partilha. Requer-se, outrossim, a expedi\u00e7\u00e3o de mandado para averba\u00e7\u00e3o no registro civil do nome da requerente mulher, que voltar\u00e1 a utilizar o nome de solteira.<\/p><p>\u00a0\u00a0Nos termos do art. 178, II, do C\u00f3digo de Processo Civil, tendo em vista o interesse de incapazes, requerem a oitiva do representante do Minist\u00e9rio P\u00fablico.<\/p><p>\u00a0\u00a0Protestam pela produ\u00e7\u00e3o de todas as provas em direito admitidas, notadamente pelos documentos que instruem o presente pedido.<\/p><p>\u00a0\u00a0Termos em que, dando \u00e0 causa o valor de R$ (&#8230;)<\/p><p>Nestes termos,<\/p><p>Pede deferimento.<\/p><p>[Local] [data]<\/p><p>__________________________________<\/p><p>[Nome Advogado] &#8211; [OAB] [UF].<\/p><p>J\u00e1 salvou este modelo div\u00f3rcio consensual novo CPC em seu banco de peti\u00e7\u00f5es? Saiba como fazer esse processo sem desperdi\u00e7ar tempo e ainda manter atualizado sempre!<\/p>\n","protected":false},"excerpt":{"rendered":"<p>Acesse o modelo div\u00f3rcio consensual novo CPC e atualize o seu banco de peti\u00e7\u00f5es. Agora que tal manter seu banco de modelos de peti\u00e7\u00f5es atualizado e de forma r\u00e1pida e f\u00e1cil? Com a plataforma jur\u00eddica para advocacia digital, \u00e9 poss\u00edvel economizar todo esse tempo gasto. E somente com um \u00fanico [&hellip;]<\/p>\n","protected":false},"author":2,"featured_media":23655,"parent":0,"menu_order":0,"comment_status":"closed","ping_status":"closed","template":"","meta":{"_acf_changed":false,"om_disable_all_campaigns":false,"footnotes":""},"class_list":["post-23563","page","type-page","status-publish","has-post-thumbnail","hentry"],"acf":[],"yoast_head":"<!-- This site is optimized with the Yoast SEO plugin v26.9 - https:\/\/yoast.com\/product\/yoast-seo-wordpress\/ -->\n<title>Modelo de div\u00f3rcio consensual - CPC | Agilize seus processos<\/title>\n<meta name=\"description\" content=\"Disponibilizamos para voc\u00ea um modelo de div\u00f3rcio consensual - CPC. ADVBOX\" \/>\n<meta name=\"robots\" content=\"index, follow, max-snippet:-1, max-image-preview:large, max-video-preview:-1\" \/>\n<link rel=\"canonical\" href=\"https:\/\/advbox.com.br\/blog\/familia-divorcio-consensual-cpc\/\" \/>\n<meta property=\"og:locale\" content=\"pt_BR\" \/>\n<meta property=\"og:type\" content=\"article\" \/>\n<meta property=\"og:title\" content=\"Modelo de div\u00f3rcio consensual - CPC | Agilize seus processos\" \/>\n<meta property=\"og:description\" content=\"Disponibilizamos para voc\u00ea um modelo de div\u00f3rcio consensual - CPC. ADVBOX\" \/>\n<meta property=\"og:url\" content=\"https:\/\/advbox.com.br\/blog\/familia-divorcio-consensual-cpc\/\" \/>\n<meta property=\"og:site_name\" content=\"Software Jur\u00eddico Completo - ADVBOX\" \/>\n<meta property=\"article:publisher\" content=\"https:\/\/www.facebook.com\/advbox\/\" \/>\n<meta property=\"article:modified_time\" content=\"2024-12-31T18:07:06+00:00\" \/>\n<meta property=\"og:image\" content=\"https:\/\/advbox.com.br\/blog\/wp-content\/uploads\/2021\/02\/peticoes-16.jpg\" \/>\n\t<meta property=\"og:image:width\" content=\"626\" \/>\n\t<meta property=\"og:image:height\" content=\"417\" \/>\n\t<meta property=\"og:image:type\" content=\"image\/jpeg\" \/>\n<meta name=\"twitter:card\" content=\"summary_large_image\" \/>\n<meta name=\"twitter:site\" content=\"@advbox2\" \/>\n<script type=\"application\/ld+json\" class=\"yoast-schema-graph\">{\"@context\":\"https:\/\/schema.org\",\"@graph\":[{\"@type\":\"WebPage\",\"@id\":\"https:\/\/advbox.com.br\/blog\/familia-divorcio-consensual-cpc\/\",\"url\":\"https:\/\/advbox.com.br\/blog\/familia-divorcio-consensual-cpc\/\",\"name\":\"Modelo de div\u00f3rcio consensual - CPC | Agilize seus processos\",\"isPartOf\":{\"@id\":\"https:\/\/advbox.com.br\/blog\/#website\"},\"primaryImageOfPage\":{\"@id\":\"https:\/\/advbox.com.br\/blog\/familia-divorcio-consensual-cpc\/#primaryimage\"},\"image\":{\"@id\":\"https:\/\/advbox.com.br\/blog\/familia-divorcio-consensual-cpc\/#primaryimage\"},\"thumbnailUrl\":\"https:\/\/advbox.com.br\/blog\/wp-content\/uploads\/2021\/02\/peticoes-16.jpg\",\"datePublished\":\"2021-02-14T17:30:41+00:00\",\"dateModified\":\"2024-12-31T18:07:06+00:00\",\"description\":\"Disponibilizamos para voc\u00ea um modelo de div\u00f3rcio consensual - CPC. ADVBOX\",\"breadcrumb\":{\"@id\":\"https:\/\/advbox.com.br\/blog\/familia-divorcio-consensual-cpc\/#breadcrumb\"},\"inLanguage\":\"pt-BR\",\"potentialAction\":[{\"@type\":\"ReadAction\",\"target\":[\"https:\/\/advbox.com.br\/blog\/familia-divorcio-consensual-cpc\/\"]}]},{\"@type\":\"ImageObject\",\"inLanguage\":\"pt-BR\",\"@id\":\"https:\/\/advbox.com.br\/blog\/familia-divorcio-consensual-cpc\/#primaryimage\",\"url\":\"https:\/\/advbox.com.br\/blog\/wp-content\/uploads\/2021\/02\/peticoes-16.jpg\",\"contentUrl\":\"https:\/\/advbox.com.br\/blog\/wp-content\/uploads\/2021\/02\/peticoes-16.jpg\",\"width\":626,\"height\":417,\"caption\":\"advogado associado\"},{\"@type\":\"BreadcrumbList\",\"@id\":\"https:\/\/advbox.com.br\/blog\/familia-divorcio-consensual-cpc\/#breadcrumb\",\"itemListElement\":[{\"@type\":\"ListItem\",\"position\":1,\"name\":\"In\u00edcio\",\"item\":\"https:\/\/advbox.com.br\/blog\/\"},{\"@type\":\"ListItem\",\"position\":2,\"name\":\"Modelo de div\u00f3rcio consensual &#8211; CPC\"}]},{\"@type\":\"WebSite\",\"@id\":\"https:\/\/advbox.com.br\/blog\/#website\",\"url\":\"https:\/\/advbox.com.br\/blog\/\",\"name\":\"Software Jur\u00eddico Completo - ADVBOX\",\"description\":\"Plataforma para Advocacia Digital\",\"publisher\":{\"@id\":\"https:\/\/advbox.com.br\/blog\/#organization\"},\"potentialAction\":[{\"@type\":\"SearchAction\",\"target\":{\"@type\":\"EntryPoint\",\"urlTemplate\":\"https:\/\/advbox.com.br\/blog\/?s={search_term_string}\"},\"query-input\":{\"@type\":\"PropertyValueSpecification\",\"valueRequired\":true,\"valueName\":\"search_term_string\"}}],\"inLanguage\":\"pt-BR\"},{\"@type\":\"Organization\",\"@id\":\"https:\/\/advbox.com.br\/blog\/#organization\",\"name\":\"ADVBOX Blog - Software jur\u00eddico da advocacia digital\",\"url\":\"https:\/\/advbox.com.br\/blog\/\",\"logo\":{\"@type\":\"ImageObject\",\"inLanguage\":\"pt-BR\",\"@id\":\"https:\/\/advbox.com.br\/blog\/#\/schema\/logo\/image\/\",\"url\":\"https:\/\/advbox.com.br\/blog\/wp-content\/uploads\/2019\/12\/Como-aumentar-a-produtividade_.jpg\",\"contentUrl\":\"https:\/\/advbox.com.br\/blog\/wp-content\/uploads\/2019\/12\/Como-aumentar-a-produtividade_.jpg\",\"width\":320,\"height\":213,\"caption\":\"ADVBOX Blog - Software jur\u00eddico da advocacia digital\"},\"image\":{\"@id\":\"https:\/\/advbox.com.br\/blog\/#\/schema\/logo\/image\/\"},\"sameAs\":[\"https:\/\/www.facebook.com\/advbox\/\",\"https:\/\/x.com\/advbox2\"]}]}<\/script>\n<!-- \/ Yoast SEO plugin. -->","yoast_head_json":{"title":"Modelo de div\u00f3rcio consensual - CPC | Agilize seus processos","description":"Disponibilizamos para voc\u00ea um modelo de div\u00f3rcio consensual - CPC. ADVBOX","robots":{"index":"index","follow":"follow","max-snippet":"max-snippet:-1","max-image-preview":"max-image-preview:large","max-video-preview":"max-video-preview:-1"},"canonical":"https:\/\/advbox.com.br\/blog\/familia-divorcio-consensual-cpc\/","og_locale":"pt_BR","og_type":"article","og_title":"Modelo de div\u00f3rcio consensual - CPC | Agilize seus processos","og_description":"Disponibilizamos para voc\u00ea um modelo de div\u00f3rcio consensual - CPC. ADVBOX","og_url":"https:\/\/advbox.com.br\/blog\/familia-divorcio-consensual-cpc\/","og_site_name":"Software Jur\u00eddico Completo - ADVBOX","article_publisher":"https:\/\/www.facebook.com\/advbox\/","article_modified_time":"2024-12-31T18:07:06+00:00","og_image":[{"width":626,"height":417,"url":"https:\/\/advbox.com.br\/blog\/wp-content\/uploads\/2021\/02\/peticoes-16.jpg","type":"image\/jpeg"}],"twitter_card":"summary_large_image","twitter_site":"@advbox2","schema":{"@context":"https:\/\/schema.org","@graph":[{"@type":"WebPage","@id":"https:\/\/advbox.com.br\/blog\/familia-divorcio-consensual-cpc\/","url":"https:\/\/advbox.com.br\/blog\/familia-divorcio-consensual-cpc\/","name":"Modelo de div\u00f3rcio consensual - CPC | Agilize seus processos","isPartOf":{"@id":"https:\/\/advbox.com.br\/blog\/#website"},"primaryImageOfPage":{"@id":"https:\/\/advbox.com.br\/blog\/familia-divorcio-consensual-cpc\/#primaryimage"},"image":{"@id":"https:\/\/advbox.com.br\/blog\/familia-divorcio-consensual-cpc\/#primaryimage"},"thumbnailUrl":"https:\/\/advbox.com.br\/blog\/wp-content\/uploads\/2021\/02\/peticoes-16.jpg","datePublished":"2021-02-14T17:30:41+00:00","dateModified":"2024-12-31T18:07:06+00:00","description":"Disponibilizamos para voc\u00ea um modelo de div\u00f3rcio consensual - CPC. ADVBOX","breadcrumb":{"@id":"https:\/\/advbox.com.br\/blog\/familia-divorcio-consensual-cpc\/#breadcrumb"},"inLanguage":"pt-BR","potentialAction":[{"@type":"ReadAction","target":["https:\/\/advbox.com.br\/blog\/familia-divorcio-consensual-cpc\/"]}]},{"@type":"ImageObject","inLanguage":"pt-BR","@id":"https:\/\/advbox.com.br\/blog\/familia-divorcio-consensual-cpc\/#primaryimage","url":"https:\/\/advbox.com.br\/blog\/wp-content\/uploads\/2021\/02\/peticoes-16.jpg","contentUrl":"https:\/\/advbox.com.br\/blog\/wp-content\/uploads\/2021\/02\/peticoes-16.jpg","width":626,"height":417,"caption":"advogado associado"},{"@type":"BreadcrumbList","@id":"https:\/\/advbox.com.br\/blog\/familia-divorcio-consensual-cpc\/#breadcrumb","itemListElement":[{"@type":"ListItem","position":1,"name":"In\u00edcio","item":"https:\/\/advbox.com.br\/blog\/"},{"@type":"ListItem","position":2,"name":"Modelo de div\u00f3rcio consensual &#8211; CPC"}]},{"@type":"WebSite","@id":"https:\/\/advbox.com.br\/blog\/#website","url":"https:\/\/advbox.com.br\/blog\/","name":"Software Jur\u00eddico Completo - ADVBOX","description":"Plataforma para Advocacia Digital","publisher":{"@id":"https:\/\/advbox.com.br\/blog\/#organization"},"potentialAction":[{"@type":"SearchAction","target":{"@type":"EntryPoint","urlTemplate":"https:\/\/advbox.com.br\/blog\/?s={search_term_string}"},"query-input":{"@type":"PropertyValueSpecification","valueRequired":true,"valueName":"search_term_string"}}],"inLanguage":"pt-BR"},{"@type":"Organization","@id":"https:\/\/advbox.com.br\/blog\/#organization","name":"ADVBOX Blog - Software jur\u00eddico da advocacia digital","url":"https:\/\/advbox.com.br\/blog\/","logo":{"@type":"ImageObject","inLanguage":"pt-BR","@id":"https:\/\/advbox.com.br\/blog\/#\/schema\/logo\/image\/","url":"https:\/\/advbox.com.br\/blog\/wp-content\/uploads\/2019\/12\/Como-aumentar-a-produtividade_.jpg","contentUrl":"https:\/\/advbox.com.br\/blog\/wp-content\/uploads\/2019\/12\/Como-aumentar-a-produtividade_.jpg","width":320,"height":213,"caption":"ADVBOX Blog - Software jur\u00eddico da advocacia digital"},"image":{"@id":"https:\/\/advbox.com.br\/blog\/#\/schema\/logo\/image\/"},"sameAs":["https:\/\/www.facebook.com\/advbox\/","https:\/\/x.com\/advbox2"]}]}},"_links":{"self":[{"href":"https:\/\/advbox.com.br\/blog\/wp-json\/wp\/v2\/pages\/23563","targetHints":{"allow":["GET"]}}],"collection":[{"href":"https:\/\/advbox.com.br\/blog\/wp-json\/wp\/v2\/pages"}],"about":[{"href":"https:\/\/advbox.com.br\/blog\/wp-json\/wp\/v2\/types\/page"}],"author":[{"embeddable":true,"href":"https:\/\/advbox.com.br\/blog\/wp-json\/wp\/v2\/users\/2"}],"replies":[{"embeddable":true,"href":"https:\/\/advbox.com.br\/blog\/wp-json\/wp\/v2\/comments?post=23563"}],"version-history":[{"count":6,"href":"https:\/\/advbox.com.br\/blog\/wp-json\/wp\/v2\/pages\/23563\/revisions"}],"predecessor-version":[{"id":70579,"href":"https:\/\/advbox.com.br\/blog\/wp-json\/wp\/v2\/pages\/23563\/revisions\/70579"}],"wp:featuredmedia":[{"embeddable":true,"href":"https:\/\/advbox.com.br\/blog\/wp-json\/wp\/v2\/media\/23655"}],"wp:attachment":[{"href":"https:\/\/advbox.com.br\/blog\/wp-json\/wp\/v2\/media?parent=23563"}],"curies":[{"name":"wp","href":"https:\/\/api.w.org\/{rel}","templated":true}]}}