{"id":24129,"date":"2024-07-25T16:09:20","date_gmt":"2024-07-25T19:09:20","guid":{"rendered":"https:\/\/advbox.com.br\/blog\/?page_id=24129"},"modified":"2026-04-17T09:08:53","modified_gmt":"2026-04-17T12:08:53","slug":"familia-adocao-a-brasileira","status":"publish","type":"page","link":"https:\/\/advbox.com.br\/blog\/familia-adocao-a-brasileira\/","title":{"rendered":"Modelo de ado\u00e7\u00e3o no Brasil"},"content":{"rendered":"\n<p>Acesse o modelo de ado\u00e7\u00e3o no Brasil atualizado. E saiba como manter seu <a href=\"https:\/\/advbox.com.br\/blog\/como-automatizar-seus-modelos-de-peticoes\/\" target=\"_blank\">banco de modelos de peti\u00e7\u00f5es atualizado<\/a> e de forma r\u00e1pida e f\u00e1cil. E o melhor, nunca perder uma atualiza\u00e7\u00e3o!<\/p>\n\n\n\n<p>Atrav\u00e9s da <a href=\"https:\/\/advbox.com.br\/blog\/advocacia-digital-por-onde-comecar\/\" target=\"_blank\"><strong>advocacia digital<\/strong><\/a>, voc\u00ea pode aproveitar os diversos benef\u00edcios e ainda utilizar <a href=\"https:\/\/advbox.com.br\/cadastro\/\" target=\"_blank\"><strong>software jur\u00eddico<\/strong><\/a> que amplia os recursos do seu escrit\u00f3rio como:<\/p>\n\n\n\n<ul class=\"wp-block-list\">\n<li><a href=\"https:\/\/advbox.com.br\/blog\/o-que-e-crm-aumentar-clientes\/\" target=\"_blank\"><strong>CRM para escrit\u00f3rios de advocacia<\/strong><\/a><\/li>\n\n\n\n<li><a href=\"https:\/\/advbox.com.br\/blog\/controladoria-juridica\/\" target=\"_blank\"><strong>Controladoria jur\u00eddica<\/strong><\/a><\/li>\n\n\n\n<li><a href=\"https:\/\/advbox.com.br\/blog\/alta-produtividade-na-advocacia\/\" target=\"_blank\"><strong>Produtividade na advocacia<\/strong><\/a><\/li>\n<\/ul>\n\n\n\n<p>Veja como a ADVBOX pode te ajudar a organizar a controladoria jur\u00eddica digital.<\/p>\n\n\n\n\n\n<h2 class=\"wp-block-heading\">Modelo de ado\u00e7\u00e3o no Brasil<\/h2>\n\n\n\n<p>EXCELENT\u00cdSSIMO SENHOR DOUTOR JUIZ DE DIREITO DA INF\u00c2NCIA E DA JUVENTUDE (OU DA VARA DE FAM\u00cdLIA) DA COMARCA DE XXXXXXXXXXXXXXXXXXXXXX, ESTADO DE XXXXXXXXXXXXXXXXXXX, A QUEM ESTA COUBER POR DISTRIBUI\u00c7\u00c3O LEGAL<br><br><br>12 espa\u00e7os<br><br><br>XXXXXXXXXXXXXXXXXXXXXXX (Nomes, qualifica\u00e7\u00f5es, idades e endere\u00e7o dos adotantes), com fulcro no art. 42, \u00a7 2\u00ba do Estatuto da Crian\u00e7a e do Adolescente, v\u00eam requerer a Vossa Excel\u00eancia que lhes defira a ado\u00e7\u00e3o da menor, que, abandonada pelos pais, foi por esse ju\u00edzo recolhida ao abrigo.<br><br><br>Os requerentes convivem h\u00e1 mais de dez anos, firmam uma fam\u00edlia est\u00e1vel, est\u00e3o inscritos no Livro de registro de pessoas interessadas em adotar uma crian\u00e7a, n\u00e3o t\u00eam filhos e desejam completar a vida do lar com a presen\u00e7a da menor, a quem pretendem dar amor e assist\u00eancia.<br><br>Pelo exposto, e ouvido o representante do Minist\u00e9rio P\u00fablico, esperam deferimento.<br><br><br>XXXXXXXX, XX de XXXXXXXXXXX de 20XX.<br><br>XXXXXXXXXXXXXXXXXXXXXXXXXX<br>OAB N\u00ba XXXXXXXXXXXXX<\/p>\n\n\n\n\n","protected":false},"excerpt":{"rendered":"<p>Acesse o modelo de ado\u00e7\u00e3o no Brasil atualizado. E saiba como manter seu banco de modelos de peti\u00e7\u00f5es atualizado e de forma r\u00e1pida e f\u00e1cil. E o melhor, nunca perder uma atualiza\u00e7\u00e3o! Atrav\u00e9s da advocacia digital, voc\u00ea pode aproveitar os diversos benef\u00edcios e ainda utilizar software jur\u00eddico que amplia os [&hellip;]<\/p>\n","protected":false},"author":2,"featured_media":23655,"parent":0,"menu_order":0,"comment_status":"closed","ping_status":"closed","template":"","meta":{"_acf_changed":false,"om_disable_all_campaigns":false,"footnotes":""},"class_list":["post-24129","page","type-page","status-publish","has-post-thumbnail","hentry"],"acf":[],"yoast_head":"<!-- This site is optimized with the Yoast SEO plugin v26.9 - https:\/\/yoast.com\/product\/yoast-seo-wordpress\/ -->\n<title>Modelo de ado\u00e7\u00e3o no Brasil<\/title>\n<meta name=\"description\" content=\"Modelo de ado\u00e7\u00e3o no Brasil - Peti\u00e7\u00f5es, Artigos jur\u00eddicos, jurisprud\u00eancias no site da ADVBOX.\" \/>\n<meta name=\"robots\" content=\"index, follow, max-snippet:-1, max-image-preview:large, max-video-preview:-1\" \/>\n<link rel=\"canonical\" href=\"https:\/\/advbox.com.br\/blog\/familia-adocao-a-brasileira\/\" \/>\n<meta property=\"og:locale\" content=\"pt_BR\" \/>\n<meta property=\"og:type\" content=\"article\" \/>\n<meta property=\"og:title\" content=\"Modelo de ado\u00e7\u00e3o no Brasil\" \/>\n<meta property=\"og:description\" content=\"Modelo de ado\u00e7\u00e3o no Brasil - Peti\u00e7\u00f5es, Artigos jur\u00eddicos, jurisprud\u00eancias no site da ADVBOX.\" \/>\n<meta property=\"og:url\" content=\"https:\/\/advbox.com.br\/blog\/familia-adocao-a-brasileira\/\" \/>\n<meta property=\"og:site_name\" content=\"Software Jur\u00eddico Completo - ADVBOX\" \/>\n<meta property=\"article:publisher\" content=\"https:\/\/www.facebook.com\/advbox\/\" \/>\n<meta property=\"article:modified_time\" content=\"2026-04-17T12:08:53+00:00\" \/>\n<meta property=\"og:image\" content=\"https:\/\/advbox.com.br\/blog\/wp-content\/uploads\/2021\/02\/peticoes-16.jpg\" \/>\n\t<meta property=\"og:image:width\" content=\"626\" \/>\n\t<meta property=\"og:image:height\" content=\"417\" \/>\n\t<meta property=\"og:image:type\" content=\"image\/jpeg\" \/>\n<meta name=\"twitter:card\" content=\"summary_large_image\" \/>\n<meta name=\"twitter:site\" content=\"@advbox2\" \/>\n<script type=\"application\/ld+json\" class=\"yoast-schema-graph\">{\"@context\":\"https:\/\/schema.org\",\"@graph\":[{\"@type\":\"WebPage\",\"@id\":\"https:\/\/advbox.com.br\/blog\/familia-adocao-a-brasileira\/\",\"url\":\"https:\/\/advbox.com.br\/blog\/familia-adocao-a-brasileira\/\",\"name\":\"Modelo de ado\u00e7\u00e3o no Brasil\",\"isPartOf\":{\"@id\":\"https:\/\/advbox.com.br\/blog\/#website\"},\"primaryImageOfPage\":{\"@id\":\"https:\/\/advbox.com.br\/blog\/familia-adocao-a-brasileira\/#primaryimage\"},\"image\":{\"@id\":\"https:\/\/advbox.com.br\/blog\/familia-adocao-a-brasileira\/#primaryimage\"},\"thumbnailUrl\":\"https:\/\/advbox.com.br\/blog\/wp-content\/uploads\/2021\/02\/peticoes-16.jpg\",\"datePublished\":\"2024-07-25T19:09:20+00:00\",\"dateModified\":\"2026-04-17T12:08:53+00:00\",\"description\":\"Modelo de ado\u00e7\u00e3o no Brasil - Peti\u00e7\u00f5es, Artigos jur\u00eddicos, jurisprud\u00eancias no site da ADVBOX.\",\"breadcrumb\":{\"@id\":\"https:\/\/advbox.com.br\/blog\/familia-adocao-a-brasileira\/#breadcrumb\"},\"inLanguage\":\"pt-BR\",\"potentialAction\":[{\"@type\":\"ReadAction\",\"target\":[\"https:\/\/advbox.com.br\/blog\/familia-adocao-a-brasileira\/\"]}]},{\"@type\":\"ImageObject\",\"inLanguage\":\"pt-BR\",\"@id\":\"https:\/\/advbox.com.br\/blog\/familia-adocao-a-brasileira\/#primaryimage\",\"url\":\"https:\/\/advbox.com.br\/blog\/wp-content\/uploads\/2021\/02\/peticoes-16.jpg\",\"contentUrl\":\"https:\/\/advbox.com.br\/blog\/wp-content\/uploads\/2021\/02\/peticoes-16.jpg\",\"width\":626,\"height\":417,\"caption\":\"advogado associado\"},{\"@type\":\"BreadcrumbList\",\"@id\":\"https:\/\/advbox.com.br\/blog\/familia-adocao-a-brasileira\/#breadcrumb\",\"itemListElement\":[{\"@type\":\"ListItem\",\"position\":1,\"name\":\"In\u00edcio\",\"item\":\"https:\/\/advbox.com.br\/blog\/\"},{\"@type\":\"ListItem\",\"position\":2,\"name\":\"Modelo de ado\u00e7\u00e3o no Brasil\"}]},{\"@type\":\"WebSite\",\"@id\":\"https:\/\/advbox.com.br\/blog\/#website\",\"url\":\"https:\/\/advbox.com.br\/blog\/\",\"name\":\"Software Jur\u00eddico Completo - ADVBOX\",\"description\":\"Plataforma para Advocacia Digital\",\"publisher\":{\"@id\":\"https:\/\/advbox.com.br\/blog\/#organization\"},\"potentialAction\":[{\"@type\":\"SearchAction\",\"target\":{\"@type\":\"EntryPoint\",\"urlTemplate\":\"https:\/\/advbox.com.br\/blog\/?s={search_term_string}\"},\"query-input\":{\"@type\":\"PropertyValueSpecification\",\"valueRequired\":true,\"valueName\":\"search_term_string\"}}],\"inLanguage\":\"pt-BR\"},{\"@type\":\"Organization\",\"@id\":\"https:\/\/advbox.com.br\/blog\/#organization\",\"name\":\"ADVBOX Blog - Software jur\u00eddico da advocacia digital\",\"url\":\"https:\/\/advbox.com.br\/blog\/\",\"logo\":{\"@type\":\"ImageObject\",\"inLanguage\":\"pt-BR\",\"@id\":\"https:\/\/advbox.com.br\/blog\/#\/schema\/logo\/image\/\",\"url\":\"https:\/\/advbox.com.br\/blog\/wp-content\/uploads\/2019\/12\/Como-aumentar-a-produtividade_.jpg\",\"contentUrl\":\"https:\/\/advbox.com.br\/blog\/wp-content\/uploads\/2019\/12\/Como-aumentar-a-produtividade_.jpg\",\"width\":320,\"height\":213,\"caption\":\"ADVBOX Blog - Software jur\u00eddico da advocacia digital\"},\"image\":{\"@id\":\"https:\/\/advbox.com.br\/blog\/#\/schema\/logo\/image\/\"},\"sameAs\":[\"https:\/\/www.facebook.com\/advbox\/\",\"https:\/\/x.com\/advbox2\"]}]}<\/script>\n<!-- \/ Yoast SEO plugin. -->","yoast_head_json":{"title":"Modelo de ado\u00e7\u00e3o no Brasil","description":"Modelo de ado\u00e7\u00e3o no Brasil - Peti\u00e7\u00f5es, Artigos jur\u00eddicos, jurisprud\u00eancias no site da ADVBOX.","robots":{"index":"index","follow":"follow","max-snippet":"max-snippet:-1","max-image-preview":"max-image-preview:large","max-video-preview":"max-video-preview:-1"},"canonical":"https:\/\/advbox.com.br\/blog\/familia-adocao-a-brasileira\/","og_locale":"pt_BR","og_type":"article","og_title":"Modelo de ado\u00e7\u00e3o no Brasil","og_description":"Modelo de ado\u00e7\u00e3o no Brasil - Peti\u00e7\u00f5es, Artigos jur\u00eddicos, jurisprud\u00eancias no site da ADVBOX.","og_url":"https:\/\/advbox.com.br\/blog\/familia-adocao-a-brasileira\/","og_site_name":"Software Jur\u00eddico Completo - ADVBOX","article_publisher":"https:\/\/www.facebook.com\/advbox\/","article_modified_time":"2026-04-17T12:08:53+00:00","og_image":[{"width":626,"height":417,"url":"https:\/\/advbox.com.br\/blog\/wp-content\/uploads\/2021\/02\/peticoes-16.jpg","type":"image\/jpeg"}],"twitter_card":"summary_large_image","twitter_site":"@advbox2","schema":{"@context":"https:\/\/schema.org","@graph":[{"@type":"WebPage","@id":"https:\/\/advbox.com.br\/blog\/familia-adocao-a-brasileira\/","url":"https:\/\/advbox.com.br\/blog\/familia-adocao-a-brasileira\/","name":"Modelo de ado\u00e7\u00e3o no Brasil","isPartOf":{"@id":"https:\/\/advbox.com.br\/blog\/#website"},"primaryImageOfPage":{"@id":"https:\/\/advbox.com.br\/blog\/familia-adocao-a-brasileira\/#primaryimage"},"image":{"@id":"https:\/\/advbox.com.br\/blog\/familia-adocao-a-brasileira\/#primaryimage"},"thumbnailUrl":"https:\/\/advbox.com.br\/blog\/wp-content\/uploads\/2021\/02\/peticoes-16.jpg","datePublished":"2024-07-25T19:09:20+00:00","dateModified":"2026-04-17T12:08:53+00:00","description":"Modelo de ado\u00e7\u00e3o no Brasil - Peti\u00e7\u00f5es, Artigos jur\u00eddicos, jurisprud\u00eancias no site da ADVBOX.","breadcrumb":{"@id":"https:\/\/advbox.com.br\/blog\/familia-adocao-a-brasileira\/#breadcrumb"},"inLanguage":"pt-BR","potentialAction":[{"@type":"ReadAction","target":["https:\/\/advbox.com.br\/blog\/familia-adocao-a-brasileira\/"]}]},{"@type":"ImageObject","inLanguage":"pt-BR","@id":"https:\/\/advbox.com.br\/blog\/familia-adocao-a-brasileira\/#primaryimage","url":"https:\/\/advbox.com.br\/blog\/wp-content\/uploads\/2021\/02\/peticoes-16.jpg","contentUrl":"https:\/\/advbox.com.br\/blog\/wp-content\/uploads\/2021\/02\/peticoes-16.jpg","width":626,"height":417,"caption":"advogado associado"},{"@type":"BreadcrumbList","@id":"https:\/\/advbox.com.br\/blog\/familia-adocao-a-brasileira\/#breadcrumb","itemListElement":[{"@type":"ListItem","position":1,"name":"In\u00edcio","item":"https:\/\/advbox.com.br\/blog\/"},{"@type":"ListItem","position":2,"name":"Modelo de ado\u00e7\u00e3o no Brasil"}]},{"@type":"WebSite","@id":"https:\/\/advbox.com.br\/blog\/#website","url":"https:\/\/advbox.com.br\/blog\/","name":"Software Jur\u00eddico Completo - ADVBOX","description":"Plataforma para Advocacia Digital","publisher":{"@id":"https:\/\/advbox.com.br\/blog\/#organization"},"potentialAction":[{"@type":"SearchAction","target":{"@type":"EntryPoint","urlTemplate":"https:\/\/advbox.com.br\/blog\/?s={search_term_string}"},"query-input":{"@type":"PropertyValueSpecification","valueRequired":true,"valueName":"search_term_string"}}],"inLanguage":"pt-BR"},{"@type":"Organization","@id":"https:\/\/advbox.com.br\/blog\/#organization","name":"ADVBOX Blog - Software jur\u00eddico da advocacia digital","url":"https:\/\/advbox.com.br\/blog\/","logo":{"@type":"ImageObject","inLanguage":"pt-BR","@id":"https:\/\/advbox.com.br\/blog\/#\/schema\/logo\/image\/","url":"https:\/\/advbox.com.br\/blog\/wp-content\/uploads\/2019\/12\/Como-aumentar-a-produtividade_.jpg","contentUrl":"https:\/\/advbox.com.br\/blog\/wp-content\/uploads\/2019\/12\/Como-aumentar-a-produtividade_.jpg","width":320,"height":213,"caption":"ADVBOX Blog - Software jur\u00eddico da advocacia digital"},"image":{"@id":"https:\/\/advbox.com.br\/blog\/#\/schema\/logo\/image\/"},"sameAs":["https:\/\/www.facebook.com\/advbox\/","https:\/\/x.com\/advbox2"]}]}},"_links":{"self":[{"href":"https:\/\/advbox.com.br\/blog\/wp-json\/wp\/v2\/pages\/24129","targetHints":{"allow":["GET"]}}],"collection":[{"href":"https:\/\/advbox.com.br\/blog\/wp-json\/wp\/v2\/pages"}],"about":[{"href":"https:\/\/advbox.com.br\/blog\/wp-json\/wp\/v2\/types\/page"}],"author":[{"embeddable":true,"href":"https:\/\/advbox.com.br\/blog\/wp-json\/wp\/v2\/users\/2"}],"replies":[{"embeddable":true,"href":"https:\/\/advbox.com.br\/blog\/wp-json\/wp\/v2\/comments?post=24129"}],"version-history":[{"count":4,"href":"https:\/\/advbox.com.br\/blog\/wp-json\/wp\/v2\/pages\/24129\/revisions"}],"predecessor-version":[{"id":83189,"href":"https:\/\/advbox.com.br\/blog\/wp-json\/wp\/v2\/pages\/24129\/revisions\/83189"}],"wp:featuredmedia":[{"embeddable":true,"href":"https:\/\/advbox.com.br\/blog\/wp-json\/wp\/v2\/media\/23655"}],"wp:attachment":[{"href":"https:\/\/advbox.com.br\/blog\/wp-json\/wp\/v2\/media?parent=24129"}],"curies":[{"name":"wp","href":"https:\/\/api.w.org\/{rel}","templated":true}]}}