{"id":25987,"date":"2021-03-17T02:47:32","date_gmt":"2021-03-17T05:47:32","guid":{"rendered":"https:\/\/advbox.com.br\/blog\/?page_id=25987"},"modified":"2024-10-11T17:14:35","modified_gmt":"2024-10-11T20:14:35","slug":"sumula-vinculante-40-do-stf","status":"publish","type":"page","link":"https:\/\/advbox.com.br\/blog\/sumula-vinculante-40-do-stf\/","title":{"rendered":"S\u00famula vinculante 40 do STF"},"content":{"rendered":"<h4 class=\"wp-block-heading\">Enunciado da S\u00famula Vinculante n\u00ba 40<\/h4><p>A contribui\u00e7\u00e3o confederativa de que trata o art. 8\u00ba, IV, da Constitui\u00e7\u00e3o Federal, s\u00f3 \u00e9 exig\u00edvel dos filiados ao sindicato respectivo.<\/p><h4 class=\"wp-block-heading\">Data de Aprova\u00e7\u00e3o<\/h4><p>Sess\u00e3o Plen\u00e1ria de 11\/03\/2015<\/p><h4 class=\"wp-block-heading\">Fonte de publica\u00e7\u00e3o<\/h4><p>DJe n\u00ba 55 de 20\/03\/2015, p. 1. DOU de 20\/03\/2015, p. 1.<\/p><h4 class=\"wp-block-heading\">Refer\u00eancia Legislativa<\/h4><p>Constitui\u00e7\u00e3o Federal de 1988, art. 8, IV. S\u00famula 666 do Supremo Tribunal Federal.<\/p><h4 class=\"wp-block-heading\">Observa\u00e7\u00e3o<\/h4><p>&#8211; Veja S\u00famula 666. &#8211; Veja PSV 95 (DJe n\u00ba 92 de 19\/05\/2015), que aprovou a S\u00famula Vinculante 40.<\/p><h4 class=\"wp-block-heading\">Precedentes<\/h4><p>RE 495248 AgR Publica\u00e7\u00e3o: DJe n\u00ba 166 de 26\/08\/2013 AI 731640 AgR Publica\u00e7\u00e3o: DJe n\u00ba 162 de 28\/08\/2009 AI 706379 AgR Publica\u00e7\u00e3o: DJe n\u00ba 113 de 19\/06\/2009 AI 654603 AgR Publica\u00e7\u00e3o: DJe n\u00ba 107 de 13\/06\/2008 RE 176533 AgR Publica\u00e7\u00e3o: DJe n\u00ba 88 de 16\/05\/2008 AI 672633 AgR Publica\u00e7\u00e3o: DJe n\u00ba 152 de 30\/11\/2007 AI 657925 AgR Publica\u00e7\u00e3o: DJe n\u00ba 101 de 14\/09\/2007 AI 612502 AgR Publica\u00e7\u00e3o: DJ de 23\/02\/2007 AI 609978 AgR Publica\u00e7\u00e3o: DJ de 16\/02\/2007 RE 461451 AgR Publica\u00e7\u00e3o: DJ de 05\/05\/2006 AI 476877 AgR Publica\u00e7\u00e3o: DJ de 03\/02\/2006 AI 499046 AgR Publica\u00e7\u00e3o: DJ de 08\/04\/2005 RE 224885 AgR Publica\u00e7\u00e3o: DJ de 06\/08\/2004 RE 175438 AgR Publica\u00e7\u00e3o: DJ de 26\/09\/2003 RE 302513 AgR Publica\u00e7\u00e3o: DJ de 31\/10\/2002 AI 351764 AgR Publica\u00e7\u00e3o: DJ de 01\/02\/2002 AI 339060 AgR Publica\u00e7\u00e3o: DJ de 30\/08\/2002 AI 313887 AgR Publica\u00e7\u00e3o: DJ de 08\/06\/2001 RE 193174 Publica\u00e7\u00e3o: DJ de 09\/06\/2000 RE 195885 Publica\u00e7\u00e3o: DJ de 27\/08\/1999 Republica\u00e7\u00e3o: DJ de 17\/09\/1999 RE 196110 Publica\u00e7\u00e3o: DJ de 20\/08\/1999 RE 222331 Publica\u00e7\u00e3o: DJ de 06\/08\/1999 RE 171905 AgR Publica\u00e7\u00e3o: DJ de 22\/05\/1998 RE 173869 Publica\u00e7\u00e3o: DJ de 19\/09\/1997 RE 198092 Publica\u00e7\u00e3o: DJ de 11\/10\/1996<\/p>\n<h2 class=\"wp-block-heading\">Saiba mais sobre S\u00famulas Vinculantes<\/h2>\n\n\n\n<p><a class=\"rank-math-link\" href=\"https:\/\/advbox.com.br\/blog\/o-que-e-uma-sumula-vinculante\/\" target=\"_blank\"><strong>O que \u00e9 uma s\u00famula vinculante?<\/strong><\/a><\/p>\n\n\n\n<p><a href=\"https:\/\/advbox.com.br\/blog\/vinculados-pela-sumula-vinculante\/\" class=\"rank-math-link\" target=\"_blank\"><strong>Quem s\u00e3o aqueles vinculados pela s\u00famula vinculante?<\/strong><\/a><\/p>\n\n\n\n<p><a class=\"rank-math-link\" href=\"https:\/\/advbox.com.br\/blog\/relacao-das-sumulas-vinculantes\/\" target=\"_blank\"><strong>Quantas s\u00famulas vinculantes t\u00eam o STF?<\/strong><\/a><\/p>\n<figure class=\"wp-block-image size-large\"><a href=\"https:\/\/advbox.com.br\/\" target=\"_blank\"><img fetchpriority=\"high\" decoding=\"async\" width=\"1024\" height=\"309\" src=\"https:\/\/advbox.com.br\/blog\/wp-content\/uploads\/2018\/08\/cta-nova-trial-1024x309.png\" alt=\"\" class=\"wp-image-15975\" srcset=\"https:\/\/advbox.com.br\/blog\/wp-content\/uploads\/2018\/08\/cta-nova-trial.png 1024w, https:\/\/advbox.com.br\/blog\/wp-content\/uploads\/2018\/08\/cta-nova-trial-300x91.png 300w, https:\/\/advbox.com.br\/blog\/wp-content\/uploads\/2018\/08\/cta-nova-trial-768x232.png 768w\" sizes=\"(max-width: 1024px) 100vw, 1024px\" \/><\/a><\/figure>\n","protected":false},"excerpt":{"rendered":"<p>Enunciado da S\u00famula Vinculante n\u00ba 40 A contribui\u00e7\u00e3o confederativa de que trata o art. 8\u00ba, IV, da Constitui\u00e7\u00e3o Federal, s\u00f3 \u00e9 exig\u00edvel dos filiados ao sindicato respectivo. Data de Aprova\u00e7\u00e3o Sess\u00e3o Plen\u00e1ria de 11\/03\/2015 Fonte de publica\u00e7\u00e3o DJe n\u00ba 55 de 20\/03\/2015, p. 1. DOU de 20\/03\/2015, p. 1. Refer\u00eancia [&hellip;]<\/p>\n","protected":false},"author":43,"featured_media":29744,"parent":0,"menu_order":0,"comment_status":"closed","ping_status":"closed","template":"","meta":{"_acf_changed":false,"om_disable_all_campaigns":false,"footnotes":""},"class_list":["post-25987","page","type-page","status-publish","has-post-thumbnail","hentry"],"acf":[],"yoast_head":"<!-- This site is optimized with the Yoast SEO plugin v26.9 - https:\/\/yoast.com\/product\/yoast-seo-wordpress\/ -->\n<title>S\u00famula vinculante 40 do STF<\/title>\n<meta name=\"description\" content=\"S\u00famula vinculante 40 do STF - Peti\u00e7\u00f5es, Artigos jur\u00eddicos, jurisprud\u00eancias no site da ADVBOX.\" \/>\n<meta name=\"robots\" content=\"index, follow, max-snippet:-1, max-image-preview:large, max-video-preview:-1\" \/>\n<link rel=\"canonical\" href=\"https:\/\/advbox.com.br\/blog\/sumula-vinculante-40-do-stf\/\" \/>\n<meta property=\"og:locale\" content=\"pt_BR\" \/>\n<meta property=\"og:type\" content=\"article\" \/>\n<meta property=\"og:title\" content=\"S\u00famula vinculante 40 do STF\" \/>\n<meta property=\"og:description\" content=\"S\u00famula vinculante 40 do STF - Peti\u00e7\u00f5es, Artigos jur\u00eddicos, jurisprud\u00eancias no site da ADVBOX.\" \/>\n<meta property=\"og:url\" content=\"https:\/\/advbox.com.br\/blog\/sumula-vinculante-40-do-stf\/\" \/>\n<meta property=\"og:site_name\" content=\"Software Jur\u00eddico Completo - ADVBOX\" \/>\n<meta property=\"article:publisher\" content=\"https:\/\/www.facebook.com\/advbox\/\" \/>\n<meta property=\"article:modified_time\" content=\"2024-10-11T20:14:35+00:00\" \/>\n<meta property=\"og:image\" content=\"https:\/\/advbox.com.br\/blog\/wp-content\/uploads\/2021\/04\/peticao-advbox-8.jpg\" \/>\n\t<meta property=\"og:image:width\" content=\"626\" \/>\n\t<meta property=\"og:image:height\" content=\"417\" \/>\n\t<meta property=\"og:image:type\" content=\"image\/jpeg\" \/>\n<meta name=\"twitter:card\" content=\"summary_large_image\" \/>\n<meta name=\"twitter:site\" content=\"@advbox2\" \/>\n<script type=\"application\/ld+json\" class=\"yoast-schema-graph\">{\"@context\":\"https:\/\/schema.org\",\"@graph\":[{\"@type\":\"WebPage\",\"@id\":\"https:\/\/advbox.com.br\/blog\/sumula-vinculante-40-do-stf\/\",\"url\":\"https:\/\/advbox.com.br\/blog\/sumula-vinculante-40-do-stf\/\",\"name\":\"S\u00famula vinculante 40 do STF\",\"isPartOf\":{\"@id\":\"https:\/\/advbox.com.br\/blog\/#website\"},\"primaryImageOfPage\":{\"@id\":\"https:\/\/advbox.com.br\/blog\/sumula-vinculante-40-do-stf\/#primaryimage\"},\"image\":{\"@id\":\"https:\/\/advbox.com.br\/blog\/sumula-vinculante-40-do-stf\/#primaryimage\"},\"thumbnailUrl\":\"https:\/\/advbox.com.br\/blog\/wp-content\/uploads\/2021\/04\/peticao-advbox-8.jpg\",\"datePublished\":\"2021-03-17T05:47:32+00:00\",\"dateModified\":\"2024-10-11T20:14:35+00:00\",\"description\":\"S\u00famula vinculante 40 do STF - Peti\u00e7\u00f5es, Artigos jur\u00eddicos, jurisprud\u00eancias no site da ADVBOX.\",\"breadcrumb\":{\"@id\":\"https:\/\/advbox.com.br\/blog\/sumula-vinculante-40-do-stf\/#breadcrumb\"},\"inLanguage\":\"pt-BR\",\"potentialAction\":[{\"@type\":\"ReadAction\",\"target\":[\"https:\/\/advbox.com.br\/blog\/sumula-vinculante-40-do-stf\/\"]}]},{\"@type\":\"ImageObject\",\"inLanguage\":\"pt-BR\",\"@id\":\"https:\/\/advbox.com.br\/blog\/sumula-vinculante-40-do-stf\/#primaryimage\",\"url\":\"https:\/\/advbox.com.br\/blog\/wp-content\/uploads\/2021\/04\/peticao-advbox-8.jpg\",\"contentUrl\":\"https:\/\/advbox.com.br\/blog\/wp-content\/uploads\/2021\/04\/peticao-advbox-8.jpg\",\"width\":626,\"height\":417,\"caption\":\"Peti\u00e7\u00e3o trabalhista\"},{\"@type\":\"BreadcrumbList\",\"@id\":\"https:\/\/advbox.com.br\/blog\/sumula-vinculante-40-do-stf\/#breadcrumb\",\"itemListElement\":[{\"@type\":\"ListItem\",\"position\":1,\"name\":\"In\u00edcio\",\"item\":\"https:\/\/advbox.com.br\/blog\/\"},{\"@type\":\"ListItem\",\"position\":2,\"name\":\"S\u00famula vinculante 40 do STF\"}]},{\"@type\":\"WebSite\",\"@id\":\"https:\/\/advbox.com.br\/blog\/#website\",\"url\":\"https:\/\/advbox.com.br\/blog\/\",\"name\":\"Software Jur\u00eddico Completo - ADVBOX\",\"description\":\"Plataforma para Advocacia Digital\",\"publisher\":{\"@id\":\"https:\/\/advbox.com.br\/blog\/#organization\"},\"potentialAction\":[{\"@type\":\"SearchAction\",\"target\":{\"@type\":\"EntryPoint\",\"urlTemplate\":\"https:\/\/advbox.com.br\/blog\/?s={search_term_string}\"},\"query-input\":{\"@type\":\"PropertyValueSpecification\",\"valueRequired\":true,\"valueName\":\"search_term_string\"}}],\"inLanguage\":\"pt-BR\"},{\"@type\":\"Organization\",\"@id\":\"https:\/\/advbox.com.br\/blog\/#organization\",\"name\":\"ADVBOX Blog - Software jur\u00eddico da advocacia digital\",\"url\":\"https:\/\/advbox.com.br\/blog\/\",\"logo\":{\"@type\":\"ImageObject\",\"inLanguage\":\"pt-BR\",\"@id\":\"https:\/\/advbox.com.br\/blog\/#\/schema\/logo\/image\/\",\"url\":\"https:\/\/advbox.com.br\/blog\/wp-content\/uploads\/2019\/12\/Como-aumentar-a-produtividade_.jpg\",\"contentUrl\":\"https:\/\/advbox.com.br\/blog\/wp-content\/uploads\/2019\/12\/Como-aumentar-a-produtividade_.jpg\",\"width\":320,\"height\":213,\"caption\":\"ADVBOX Blog - Software jur\u00eddico da advocacia digital\"},\"image\":{\"@id\":\"https:\/\/advbox.com.br\/blog\/#\/schema\/logo\/image\/\"},\"sameAs\":[\"https:\/\/www.facebook.com\/advbox\/\",\"https:\/\/x.com\/advbox2\"]}]}<\/script>\n<!-- \/ Yoast SEO plugin. -->","yoast_head_json":{"title":"S\u00famula vinculante 40 do STF","description":"S\u00famula vinculante 40 do STF - Peti\u00e7\u00f5es, Artigos jur\u00eddicos, jurisprud\u00eancias no site da ADVBOX.","robots":{"index":"index","follow":"follow","max-snippet":"max-snippet:-1","max-image-preview":"max-image-preview:large","max-video-preview":"max-video-preview:-1"},"canonical":"https:\/\/advbox.com.br\/blog\/sumula-vinculante-40-do-stf\/","og_locale":"pt_BR","og_type":"article","og_title":"S\u00famula vinculante 40 do STF","og_description":"S\u00famula vinculante 40 do STF - Peti\u00e7\u00f5es, Artigos jur\u00eddicos, jurisprud\u00eancias no site da ADVBOX.","og_url":"https:\/\/advbox.com.br\/blog\/sumula-vinculante-40-do-stf\/","og_site_name":"Software Jur\u00eddico Completo - ADVBOX","article_publisher":"https:\/\/www.facebook.com\/advbox\/","article_modified_time":"2024-10-11T20:14:35+00:00","og_image":[{"width":626,"height":417,"url":"https:\/\/advbox.com.br\/blog\/wp-content\/uploads\/2021\/04\/peticao-advbox-8.jpg","type":"image\/jpeg"}],"twitter_card":"summary_large_image","twitter_site":"@advbox2","schema":{"@context":"https:\/\/schema.org","@graph":[{"@type":"WebPage","@id":"https:\/\/advbox.com.br\/blog\/sumula-vinculante-40-do-stf\/","url":"https:\/\/advbox.com.br\/blog\/sumula-vinculante-40-do-stf\/","name":"S\u00famula vinculante 40 do STF","isPartOf":{"@id":"https:\/\/advbox.com.br\/blog\/#website"},"primaryImageOfPage":{"@id":"https:\/\/advbox.com.br\/blog\/sumula-vinculante-40-do-stf\/#primaryimage"},"image":{"@id":"https:\/\/advbox.com.br\/blog\/sumula-vinculante-40-do-stf\/#primaryimage"},"thumbnailUrl":"https:\/\/advbox.com.br\/blog\/wp-content\/uploads\/2021\/04\/peticao-advbox-8.jpg","datePublished":"2021-03-17T05:47:32+00:00","dateModified":"2024-10-11T20:14:35+00:00","description":"S\u00famula vinculante 40 do STF - Peti\u00e7\u00f5es, Artigos jur\u00eddicos, jurisprud\u00eancias no site da ADVBOX.","breadcrumb":{"@id":"https:\/\/advbox.com.br\/blog\/sumula-vinculante-40-do-stf\/#breadcrumb"},"inLanguage":"pt-BR","potentialAction":[{"@type":"ReadAction","target":["https:\/\/advbox.com.br\/blog\/sumula-vinculante-40-do-stf\/"]}]},{"@type":"ImageObject","inLanguage":"pt-BR","@id":"https:\/\/advbox.com.br\/blog\/sumula-vinculante-40-do-stf\/#primaryimage","url":"https:\/\/advbox.com.br\/blog\/wp-content\/uploads\/2021\/04\/peticao-advbox-8.jpg","contentUrl":"https:\/\/advbox.com.br\/blog\/wp-content\/uploads\/2021\/04\/peticao-advbox-8.jpg","width":626,"height":417,"caption":"Peti\u00e7\u00e3o trabalhista"},{"@type":"BreadcrumbList","@id":"https:\/\/advbox.com.br\/blog\/sumula-vinculante-40-do-stf\/#breadcrumb","itemListElement":[{"@type":"ListItem","position":1,"name":"In\u00edcio","item":"https:\/\/advbox.com.br\/blog\/"},{"@type":"ListItem","position":2,"name":"S\u00famula vinculante 40 do STF"}]},{"@type":"WebSite","@id":"https:\/\/advbox.com.br\/blog\/#website","url":"https:\/\/advbox.com.br\/blog\/","name":"Software Jur\u00eddico Completo - ADVBOX","description":"Plataforma para Advocacia Digital","publisher":{"@id":"https:\/\/advbox.com.br\/blog\/#organization"},"potentialAction":[{"@type":"SearchAction","target":{"@type":"EntryPoint","urlTemplate":"https:\/\/advbox.com.br\/blog\/?s={search_term_string}"},"query-input":{"@type":"PropertyValueSpecification","valueRequired":true,"valueName":"search_term_string"}}],"inLanguage":"pt-BR"},{"@type":"Organization","@id":"https:\/\/advbox.com.br\/blog\/#organization","name":"ADVBOX Blog - Software jur\u00eddico da advocacia digital","url":"https:\/\/advbox.com.br\/blog\/","logo":{"@type":"ImageObject","inLanguage":"pt-BR","@id":"https:\/\/advbox.com.br\/blog\/#\/schema\/logo\/image\/","url":"https:\/\/advbox.com.br\/blog\/wp-content\/uploads\/2019\/12\/Como-aumentar-a-produtividade_.jpg","contentUrl":"https:\/\/advbox.com.br\/blog\/wp-content\/uploads\/2019\/12\/Como-aumentar-a-produtividade_.jpg","width":320,"height":213,"caption":"ADVBOX Blog - Software jur\u00eddico da advocacia digital"},"image":{"@id":"https:\/\/advbox.com.br\/blog\/#\/schema\/logo\/image\/"},"sameAs":["https:\/\/www.facebook.com\/advbox\/","https:\/\/x.com\/advbox2"]}]}},"_links":{"self":[{"href":"https:\/\/advbox.com.br\/blog\/wp-json\/wp\/v2\/pages\/25987","targetHints":{"allow":["GET"]}}],"collection":[{"href":"https:\/\/advbox.com.br\/blog\/wp-json\/wp\/v2\/pages"}],"about":[{"href":"https:\/\/advbox.com.br\/blog\/wp-json\/wp\/v2\/types\/page"}],"author":[{"embeddable":true,"href":"https:\/\/advbox.com.br\/blog\/wp-json\/wp\/v2\/users\/43"}],"replies":[{"embeddable":true,"href":"https:\/\/advbox.com.br\/blog\/wp-json\/wp\/v2\/comments?post=25987"}],"version-history":[{"count":3,"href":"https:\/\/advbox.com.br\/blog\/wp-json\/wp\/v2\/pages\/25987\/revisions"}],"predecessor-version":[{"id":67810,"href":"https:\/\/advbox.com.br\/blog\/wp-json\/wp\/v2\/pages\/25987\/revisions\/67810"}],"wp:featuredmedia":[{"embeddable":true,"href":"https:\/\/advbox.com.br\/blog\/wp-json\/wp\/v2\/media\/29744"}],"wp:attachment":[{"href":"https:\/\/advbox.com.br\/blog\/wp-json\/wp\/v2\/media?parent=25987"}],"curies":[{"name":"wp","href":"https:\/\/api.w.org\/{rel}","templated":true}]}}