{"id":26226,"date":"2021-03-18T17:12:12","date_gmt":"2021-03-18T20:12:12","guid":{"rendered":"https:\/\/advbox.com.br\/blog\/?page_id=26226"},"modified":"2024-08-22T16:42:54","modified_gmt":"2024-08-22T19:42:54","slug":"familia-contestacao-medida-cautelar-de-guarda-e-posse-provisoria","status":"publish","type":"page","link":"https:\/\/advbox.com.br\/blog\/familia-contestacao-medida-cautelar-de-guarda-e-posse-provisoria\/","title":{"rendered":"CONTESTA\u00c7\u00c3O &#8211; MEDIDA CAUTELAR DE GUARDA E POSSE PROVIS\u00d3RIA"},"content":{"rendered":"<p>Todo advogado sabe que n\u00e3o \u00e9 f\u00e1cil fazer um\u00a0<strong>bom banco de modelos de peti\u00e7\u00f5es, que atenda as especificidades dos diferentes processos\u00a0<\/strong>no dia a dia do trabalho jur\u00eddico.<\/p><p>Isso exige muito tempo gasto com a pesquisa de peti\u00e7\u00f5es, organiza\u00e7\u00e3o dos arquivos e tamb\u00e9m com a atualiza\u00e7\u00e3o das pe\u00e7as conforme mudan\u00e7as de jurisprud\u00eancia regional ou altera\u00e7\u00f5es em entendimentos de tribunais superiores.:<\/p><p>Por\u00e9m, com a plataforma certa para advocacia digital, \u00e9 poss\u00edvel economizar todo esse tempo gasto<strong>. Basta um \u00fanico membro da equipe atualizar ou alterar algum modelo de pe\u00e7a processual no sistema para atualizar para todos usu\u00e1rios da plataforma!<\/strong><\/p><p>Dessa forma \u00e9 poss\u00edvel\u00a0<strong>acelerar a produtividade do trabalho jur\u00eddico<\/strong>\u00a0de maneira bem relevante, al\u00e9m de potencializar ainda mais o crescimento do seu escrit\u00f3rio com os v\u00e1rios outros recursos das ferramentas de advocacia digital.\u00a0<a href=\"https:\/\/advbox.com.br\/blog\/como-automatizar-seus-modelos-de-peticoes\/\" target=\"_blank\"><strong>Clique abaixo e saiba mais!<\/strong>\u00a0<\/a><\/p><figure class=\"wp-block-image size-large\"><a href=\"https:\/\/advbox.com.br\/cadastro\/\" target=\"_blank\"><img decoding=\"async\" src=\"https:\/\/advbox.com.br\/blog\/wp-content\/uploads\/2019\/07\/automatize_a_produ%C3%A7%C3%A3o_de_suas_peti%C3%A7%C3%B5es.png\" alt=\"Automatize a produ\u00e7\u00e3o de suas peti\u00e7\u00f5es\" class=\"wp-image-15502\" loading=\"lazy\"><\/a><\/figure><h2 class=\"wp-block-heading\">CONTESTA\u00c7\u00c3O &#8211; MEDIDA CAUTELAR DE GUARDA E POSSE PROVIS\u00d3RIA<\/h2><p><strong>EXCELENT\u00cdSSIMO(A)\u00a0SENHOR(A) DOUTOR(A) JUIZ(A)\u00a0DE DIREITO DA [[Vara]] VARA DE FAM\u00cdLIA\u00a0DA\u00a0[[Comarca]]\u00a0DE\u00a0[[Cidade do cliente]]\/[[UF do cliente]].<\/strong><\/p><p><strong>PROCESSO N\u00ba\u00a0[[N\u00famero CNJ]].<\/strong><\/p><p><strong>[[Nome do cliente]]<\/strong>,\u00a0j\u00e1 qualificado\u00a0nos autos da a\u00e7\u00e3o em ep\u00edgrafe\u00a0que lhe \u00e9 movida por\u00a0<strong>[[Parte contr\u00e1ria]]<\/strong>, vem respeitosamente a presen\u00e7a de Vossa Excel\u00eancia,\u00a0apresentar<\/p><p><strong>CONTESTA\u00c7\u00c3O MEDIDA CAUTELAR DE GUARDA E POSSE PROVIS\u00d3RIA<\/strong><\/p><p>o\u00a0que faz tempestivamente, com suped\u00e2neo nos argumentos de fato e de direito que, a seguir, passa a aduzir:<\/p><p><strong>I &#8211; DOS FATOS<\/strong><\/p><p>S\u00e3o inver\u00eddicas as alega\u00e7\u00f5es contidas na exordial, sendo que a r\u00e9 ap\u00f3s sua separa\u00e7\u00e3o, jamais adentrou dentro de seu lar com outro homem.<\/p><p>As fantasias criadas pelo autor, n\u00e3o correspondem com os fatos, pois (DESCREVER).<\/p><p>A r\u00e9 trabalha como gerente banc\u00e1ria em agencia pr\u00f3xima ao lar, conforme documento anexo l\u00e1 exercendo a gerencia geral, cargo este que demanda tempo e dedica\u00e7\u00e3o exclusiva.<\/p><p>No \u00faltimo ano, realizou os seguintes cursos de especializa\u00e7\u00e3o (elencar cursos).<\/p><p>Tudo para ter aumento em seu sal\u00e1rio para justamente proporcionar uma vida melhor ao seu filho.<\/p><p>Ocorre que o autor tem ci\u00fames doentios pela r\u00e9 e acha que todos os homens ao seu redor tem \u201ccasos\u201d com ela, gra\u00e7as ao seu orgulho ferido com o final do relacionamento.<\/p><p><strong>II &#8211; DO DIREITO<\/strong><\/p><p>A guarda da crian\u00e7a deve permanecer com a r\u00e9 pois, a crian\u00e7a est\u00e1 tendo educa\u00e7\u00e3o exemplar em col\u00e9gio bil\u00edngue, nata\u00e7\u00e3o e refor\u00e7o de ingl\u00eas, plano de assist\u00eancia m\u00e9dica entre outras.<\/p><p>Nenhuma das alega\u00e7\u00f5es feitas na exordial corresponde com a verdade, trata-se de um amontoado de mentiras que ser\u00e3o argumentos que ensejar\u00e3o a devida a\u00e7\u00e3o penal pertinente a mat\u00e9ria.<\/p><p>Ausentes est\u00e3o os requisitos ensejadores para a concess\u00e3o liminar que ainda prudentemente ainda n\u00e3o foi concedida antes da resposta do r\u00e9u.<\/p><p><strong>III &#8211; DOS PEDIDOS<\/strong><\/p><p>Pelo exposto, e pela ampla documenta\u00e7\u00e3o juntada requer a manuten\u00e7\u00e3o da guarda do menor imp\u00fabere (nome), que permanecer\u00e1 sob a guarda e posse da m\u00e3e, sendo que por final julgue a presente a\u00e7\u00e3o <strong>TOTALMENTE IMPROCEDENTE<\/strong>, condenando o autor ao pagamento das custas e honor\u00e1rios advocat\u00edcios a serem fixados em valor n\u00e3o inferior a 20% (vinte por cento).<\/p><p>Termos em que,<\/p><p>Pede deferimento.<\/p><p>[[Cidade do escrit\u00f3rio]],\u00a0[[Dia atual]],\u00a0[[M\u00eas atual]],\u00a0[[Ano atual]].<\/p><p><strong>[[Gestores do escrit\u00f3rio]]<\/strong><\/p><figure class=\"wp-block-image size-large\"><a href=\"https:\/\/materiais.advbox.com.br\/manual-controladoria-juridica-digital-advbox\" target=\"_blank\"><img fetchpriority=\"high\" decoding=\"async\" width=\"1024\" height=\"536\" src=\"https:\/\/advbox.com.br\/blog\/wp-content\/uploads\/2020\/10\/advbx_pj_cta_optimoster_controlhe_juridico-1024x536.png\" alt=\"\" class=\"wp-image-23162\" srcset=\"https:\/\/advbox.com.br\/blog\/wp-content\/uploads\/2020\/10\/advbx_pj_cta_optimoster_controlhe_juridico.png 1024w, https:\/\/advbox.com.br\/blog\/wp-content\/uploads\/2020\/10\/advbx_pj_cta_optimoster_controlhe_juridico-500x262.png 500w, https:\/\/advbox.com.br\/blog\/wp-content\/uploads\/2020\/10\/advbx_pj_cta_optimoster_controlhe_juridico-768x402.png 768w\" sizes=\"(max-width: 1024px) 100vw, 1024px\" \/><\/a><\/figure>\n","protected":false},"excerpt":{"rendered":"<p>Todo advogado sabe que n\u00e3o \u00e9 f\u00e1cil fazer um\u00a0bom banco de modelos de peti\u00e7\u00f5es, que atenda as especificidades dos diferentes processos\u00a0no dia a dia do trabalho jur\u00eddico. Isso exige muito tempo gasto com a pesquisa de peti\u00e7\u00f5es, organiza\u00e7\u00e3o dos arquivos e tamb\u00e9m com a atualiza\u00e7\u00e3o das pe\u00e7as conforme mudan\u00e7as de [&hellip;]<\/p>\n","protected":false},"author":44,"featured_media":31756,"parent":0,"menu_order":0,"comment_status":"closed","ping_status":"closed","template":"","meta":{"_acf_changed":false,"om_disable_all_campaigns":false,"footnotes":""},"class_list":["post-26226","page","type-page","status-publish","has-post-thumbnail","hentry"],"acf":[],"yoast_head":"<!-- This site is optimized with the Yoast SEO plugin v26.9 - https:\/\/yoast.com\/product\/yoast-seo-wordpress\/ -->\n<title>Contesta\u00e7\u00e3o - Medida Cautelar de Guarda e Posse Provis\u00f3ria<\/title>\n<meta name=\"description\" content=\"CONTESTA\u00c7\u00c3O - MEDIDA CAUTELAR DE GUARDA E POSSE PROVIS\u00d3RIA - Peti\u00e7\u00f5es, Artigos jur\u00eddicos, jurisprud\u00eancias no site da ADVBOX.\" \/>\n<meta name=\"robots\" content=\"index, follow, max-snippet:-1, max-image-preview:large, max-video-preview:-1\" \/>\n<link rel=\"canonical\" href=\"https:\/\/advbox.com.br\/blog\/familia-contestacao-medida-cautelar-de-guarda-e-posse-provisoria\/\" \/>\n<meta property=\"og:locale\" content=\"pt_BR\" \/>\n<meta property=\"og:type\" content=\"article\" \/>\n<meta property=\"og:title\" content=\"Contesta\u00e7\u00e3o - Medida Cautelar de Guarda e Posse Provis\u00f3ria\" \/>\n<meta property=\"og:description\" content=\"CONTESTA\u00c7\u00c3O - MEDIDA CAUTELAR DE GUARDA E POSSE PROVIS\u00d3RIA - Peti\u00e7\u00f5es, Artigos jur\u00eddicos, jurisprud\u00eancias no site da ADVBOX.\" \/>\n<meta property=\"og:url\" content=\"https:\/\/advbox.com.br\/blog\/familia-contestacao-medida-cautelar-de-guarda-e-posse-provisoria\/\" \/>\n<meta property=\"og:site_name\" content=\"Software Jur\u00eddico Completo - ADVBOX\" \/>\n<meta property=\"article:publisher\" content=\"https:\/\/www.facebook.com\/advbox\/\" \/>\n<meta property=\"article:modified_time\" content=\"2024-08-22T19:42:54+00:00\" \/>\n<meta property=\"og:image\" content=\"https:\/\/advbox.com.br\/blog\/wp-content\/uploads\/2021\/05\/uberizacao-advocacia-precarizacao-do-trabalho.jpg\" \/>\n\t<meta property=\"og:image:width\" content=\"965\" \/>\n\t<meta property=\"og:image:height\" content=\"644\" \/>\n\t<meta property=\"og:image:type\" content=\"image\/jpeg\" \/>\n<meta name=\"twitter:card\" content=\"summary_large_image\" \/>\n<meta name=\"twitter:site\" content=\"@advbox2\" \/>\n<script type=\"application\/ld+json\" class=\"yoast-schema-graph\">{\"@context\":\"https:\/\/schema.org\",\"@graph\":[{\"@type\":\"WebPage\",\"@id\":\"https:\/\/advbox.com.br\/blog\/familia-contestacao-medida-cautelar-de-guarda-e-posse-provisoria\/\",\"url\":\"https:\/\/advbox.com.br\/blog\/familia-contestacao-medida-cautelar-de-guarda-e-posse-provisoria\/\",\"name\":\"Contesta\u00e7\u00e3o - Medida Cautelar de Guarda e Posse Provis\u00f3ria\",\"isPartOf\":{\"@id\":\"https:\/\/advbox.com.br\/blog\/#website\"},\"primaryImageOfPage\":{\"@id\":\"https:\/\/advbox.com.br\/blog\/familia-contestacao-medida-cautelar-de-guarda-e-posse-provisoria\/#primaryimage\"},\"image\":{\"@id\":\"https:\/\/advbox.com.br\/blog\/familia-contestacao-medida-cautelar-de-guarda-e-posse-provisoria\/#primaryimage\"},\"thumbnailUrl\":\"https:\/\/advbox.com.br\/blog\/wp-content\/uploads\/2021\/05\/uberizacao-advocacia-precarizacao-do-trabalho.jpg\",\"datePublished\":\"2021-03-18T20:12:12+00:00\",\"dateModified\":\"2024-08-22T19:42:54+00:00\",\"description\":\"CONTESTA\u00c7\u00c3O - MEDIDA CAUTELAR DE GUARDA E POSSE PROVIS\u00d3RIA - Peti\u00e7\u00f5es, Artigos jur\u00eddicos, jurisprud\u00eancias no site da ADVBOX.\",\"breadcrumb\":{\"@id\":\"https:\/\/advbox.com.br\/blog\/familia-contestacao-medida-cautelar-de-guarda-e-posse-provisoria\/#breadcrumb\"},\"inLanguage\":\"pt-BR\",\"potentialAction\":[{\"@type\":\"ReadAction\",\"target\":[\"https:\/\/advbox.com.br\/blog\/familia-contestacao-medida-cautelar-de-guarda-e-posse-provisoria\/\"]}]},{\"@type\":\"ImageObject\",\"inLanguage\":\"pt-BR\",\"@id\":\"https:\/\/advbox.com.br\/blog\/familia-contestacao-medida-cautelar-de-guarda-e-posse-provisoria\/#primaryimage\",\"url\":\"https:\/\/advbox.com.br\/blog\/wp-content\/uploads\/2021\/05\/uberizacao-advocacia-precarizacao-do-trabalho.jpg\",\"contentUrl\":\"https:\/\/advbox.com.br\/blog\/wp-content\/uploads\/2021\/05\/uberizacao-advocacia-precarizacao-do-trabalho.jpg\",\"width\":965,\"height\":644,\"caption\":\"Trabalho intermitente\"},{\"@type\":\"BreadcrumbList\",\"@id\":\"https:\/\/advbox.com.br\/blog\/familia-contestacao-medida-cautelar-de-guarda-e-posse-provisoria\/#breadcrumb\",\"itemListElement\":[{\"@type\":\"ListItem\",\"position\":1,\"name\":\"In\u00edcio\",\"item\":\"https:\/\/advbox.com.br\/blog\/\"},{\"@type\":\"ListItem\",\"position\":2,\"name\":\"CONTESTA\u00c7\u00c3O &#8211; MEDIDA CAUTELAR DE GUARDA E POSSE PROVIS\u00d3RIA\"}]},{\"@type\":\"WebSite\",\"@id\":\"https:\/\/advbox.com.br\/blog\/#website\",\"url\":\"https:\/\/advbox.com.br\/blog\/\",\"name\":\"Software Jur\u00eddico Completo - ADVBOX\",\"description\":\"Plataforma para Advocacia Digital\",\"publisher\":{\"@id\":\"https:\/\/advbox.com.br\/blog\/#organization\"},\"potentialAction\":[{\"@type\":\"SearchAction\",\"target\":{\"@type\":\"EntryPoint\",\"urlTemplate\":\"https:\/\/advbox.com.br\/blog\/?s={search_term_string}\"},\"query-input\":{\"@type\":\"PropertyValueSpecification\",\"valueRequired\":true,\"valueName\":\"search_term_string\"}}],\"inLanguage\":\"pt-BR\"},{\"@type\":\"Organization\",\"@id\":\"https:\/\/advbox.com.br\/blog\/#organization\",\"name\":\"ADVBOX Blog - Software jur\u00eddico da advocacia digital\",\"url\":\"https:\/\/advbox.com.br\/blog\/\",\"logo\":{\"@type\":\"ImageObject\",\"inLanguage\":\"pt-BR\",\"@id\":\"https:\/\/advbox.com.br\/blog\/#\/schema\/logo\/image\/\",\"url\":\"https:\/\/advbox.com.br\/blog\/wp-content\/uploads\/2019\/12\/Como-aumentar-a-produtividade_.jpg\",\"contentUrl\":\"https:\/\/advbox.com.br\/blog\/wp-content\/uploads\/2019\/12\/Como-aumentar-a-produtividade_.jpg\",\"width\":320,\"height\":213,\"caption\":\"ADVBOX Blog - Software jur\u00eddico da advocacia digital\"},\"image\":{\"@id\":\"https:\/\/advbox.com.br\/blog\/#\/schema\/logo\/image\/\"},\"sameAs\":[\"https:\/\/www.facebook.com\/advbox\/\",\"https:\/\/x.com\/advbox2\"]}]}<\/script>\n<!-- \/ Yoast SEO plugin. -->","yoast_head_json":{"title":"Contesta\u00e7\u00e3o - Medida Cautelar de Guarda e Posse Provis\u00f3ria","description":"CONTESTA\u00c7\u00c3O - MEDIDA CAUTELAR DE GUARDA E POSSE PROVIS\u00d3RIA - Peti\u00e7\u00f5es, Artigos jur\u00eddicos, jurisprud\u00eancias no site da ADVBOX.","robots":{"index":"index","follow":"follow","max-snippet":"max-snippet:-1","max-image-preview":"max-image-preview:large","max-video-preview":"max-video-preview:-1"},"canonical":"https:\/\/advbox.com.br\/blog\/familia-contestacao-medida-cautelar-de-guarda-e-posse-provisoria\/","og_locale":"pt_BR","og_type":"article","og_title":"Contesta\u00e7\u00e3o - Medida Cautelar de Guarda e Posse Provis\u00f3ria","og_description":"CONTESTA\u00c7\u00c3O - MEDIDA CAUTELAR DE GUARDA E POSSE PROVIS\u00d3RIA - Peti\u00e7\u00f5es, Artigos jur\u00eddicos, jurisprud\u00eancias no site da ADVBOX.","og_url":"https:\/\/advbox.com.br\/blog\/familia-contestacao-medida-cautelar-de-guarda-e-posse-provisoria\/","og_site_name":"Software Jur\u00eddico Completo - ADVBOX","article_publisher":"https:\/\/www.facebook.com\/advbox\/","article_modified_time":"2024-08-22T19:42:54+00:00","og_image":[{"width":965,"height":644,"url":"https:\/\/advbox.com.br\/blog\/wp-content\/uploads\/2021\/05\/uberizacao-advocacia-precarizacao-do-trabalho.jpg","type":"image\/jpeg"}],"twitter_card":"summary_large_image","twitter_site":"@advbox2","schema":{"@context":"https:\/\/schema.org","@graph":[{"@type":"WebPage","@id":"https:\/\/advbox.com.br\/blog\/familia-contestacao-medida-cautelar-de-guarda-e-posse-provisoria\/","url":"https:\/\/advbox.com.br\/blog\/familia-contestacao-medida-cautelar-de-guarda-e-posse-provisoria\/","name":"Contesta\u00e7\u00e3o - Medida Cautelar de Guarda e Posse Provis\u00f3ria","isPartOf":{"@id":"https:\/\/advbox.com.br\/blog\/#website"},"primaryImageOfPage":{"@id":"https:\/\/advbox.com.br\/blog\/familia-contestacao-medida-cautelar-de-guarda-e-posse-provisoria\/#primaryimage"},"image":{"@id":"https:\/\/advbox.com.br\/blog\/familia-contestacao-medida-cautelar-de-guarda-e-posse-provisoria\/#primaryimage"},"thumbnailUrl":"https:\/\/advbox.com.br\/blog\/wp-content\/uploads\/2021\/05\/uberizacao-advocacia-precarizacao-do-trabalho.jpg","datePublished":"2021-03-18T20:12:12+00:00","dateModified":"2024-08-22T19:42:54+00:00","description":"CONTESTA\u00c7\u00c3O - MEDIDA CAUTELAR DE GUARDA E POSSE PROVIS\u00d3RIA - Peti\u00e7\u00f5es, Artigos jur\u00eddicos, jurisprud\u00eancias no site da ADVBOX.","breadcrumb":{"@id":"https:\/\/advbox.com.br\/blog\/familia-contestacao-medida-cautelar-de-guarda-e-posse-provisoria\/#breadcrumb"},"inLanguage":"pt-BR","potentialAction":[{"@type":"ReadAction","target":["https:\/\/advbox.com.br\/blog\/familia-contestacao-medida-cautelar-de-guarda-e-posse-provisoria\/"]}]},{"@type":"ImageObject","inLanguage":"pt-BR","@id":"https:\/\/advbox.com.br\/blog\/familia-contestacao-medida-cautelar-de-guarda-e-posse-provisoria\/#primaryimage","url":"https:\/\/advbox.com.br\/blog\/wp-content\/uploads\/2021\/05\/uberizacao-advocacia-precarizacao-do-trabalho.jpg","contentUrl":"https:\/\/advbox.com.br\/blog\/wp-content\/uploads\/2021\/05\/uberizacao-advocacia-precarizacao-do-trabalho.jpg","width":965,"height":644,"caption":"Trabalho intermitente"},{"@type":"BreadcrumbList","@id":"https:\/\/advbox.com.br\/blog\/familia-contestacao-medida-cautelar-de-guarda-e-posse-provisoria\/#breadcrumb","itemListElement":[{"@type":"ListItem","position":1,"name":"In\u00edcio","item":"https:\/\/advbox.com.br\/blog\/"},{"@type":"ListItem","position":2,"name":"CONTESTA\u00c7\u00c3O &#8211; MEDIDA CAUTELAR DE GUARDA E POSSE PROVIS\u00d3RIA"}]},{"@type":"WebSite","@id":"https:\/\/advbox.com.br\/blog\/#website","url":"https:\/\/advbox.com.br\/blog\/","name":"Software Jur\u00eddico Completo - ADVBOX","description":"Plataforma para Advocacia Digital","publisher":{"@id":"https:\/\/advbox.com.br\/blog\/#organization"},"potentialAction":[{"@type":"SearchAction","target":{"@type":"EntryPoint","urlTemplate":"https:\/\/advbox.com.br\/blog\/?s={search_term_string}"},"query-input":{"@type":"PropertyValueSpecification","valueRequired":true,"valueName":"search_term_string"}}],"inLanguage":"pt-BR"},{"@type":"Organization","@id":"https:\/\/advbox.com.br\/blog\/#organization","name":"ADVBOX Blog - Software jur\u00eddico da advocacia digital","url":"https:\/\/advbox.com.br\/blog\/","logo":{"@type":"ImageObject","inLanguage":"pt-BR","@id":"https:\/\/advbox.com.br\/blog\/#\/schema\/logo\/image\/","url":"https:\/\/advbox.com.br\/blog\/wp-content\/uploads\/2019\/12\/Como-aumentar-a-produtividade_.jpg","contentUrl":"https:\/\/advbox.com.br\/blog\/wp-content\/uploads\/2019\/12\/Como-aumentar-a-produtividade_.jpg","width":320,"height":213,"caption":"ADVBOX Blog - Software jur\u00eddico da advocacia digital"},"image":{"@id":"https:\/\/advbox.com.br\/blog\/#\/schema\/logo\/image\/"},"sameAs":["https:\/\/www.facebook.com\/advbox\/","https:\/\/x.com\/advbox2"]}]}},"_links":{"self":[{"href":"https:\/\/advbox.com.br\/blog\/wp-json\/wp\/v2\/pages\/26226","targetHints":{"allow":["GET"]}}],"collection":[{"href":"https:\/\/advbox.com.br\/blog\/wp-json\/wp\/v2\/pages"}],"about":[{"href":"https:\/\/advbox.com.br\/blog\/wp-json\/wp\/v2\/types\/page"}],"author":[{"embeddable":true,"href":"https:\/\/advbox.com.br\/blog\/wp-json\/wp\/v2\/users\/44"}],"replies":[{"embeddable":true,"href":"https:\/\/advbox.com.br\/blog\/wp-json\/wp\/v2\/comments?post=26226"}],"version-history":[{"count":4,"href":"https:\/\/advbox.com.br\/blog\/wp-json\/wp\/v2\/pages\/26226\/revisions"}],"predecessor-version":[{"id":65369,"href":"https:\/\/advbox.com.br\/blog\/wp-json\/wp\/v2\/pages\/26226\/revisions\/65369"}],"wp:featuredmedia":[{"embeddable":true,"href":"https:\/\/advbox.com.br\/blog\/wp-json\/wp\/v2\/media\/31756"}],"wp:attachment":[{"href":"https:\/\/advbox.com.br\/blog\/wp-json\/wp\/v2\/media?parent=26226"}],"curies":[{"name":"wp","href":"https:\/\/api.w.org\/{rel}","templated":true}]}}