{"id":30674,"date":"2021-05-01T18:23:32","date_gmt":"2021-05-01T21:23:32","guid":{"rendered":"https:\/\/advbox.com.br\/blog\/?page_id=30674"},"modified":"2024-09-27T13:59:52","modified_gmt":"2024-09-27T16:59:52","slug":"execucao-artigo-523-do-codigo-de-processo-civil","status":"publish","type":"page","link":"https:\/\/advbox.com.br\/blog\/execucao-artigo-523-do-codigo-de-processo-civil\/","title":{"rendered":"Artigo 523 do c\u00f3digo de processo civil"},"content":{"rendered":"\n<p>Confira o modelo Agravo retido (ARTS. 522 e 523 DO CPC) e d\u00ea um grande salto de qualidade em gest\u00e3o em seu escrit\u00f3rio.<\/p>\n\n\n\n<p>Garanta a efici\u00eancia, a produtividade e mantenha o neg\u00f3cio saud\u00e1vel com as pessoas felizes e satisfeitas por terem uma lideran\u00e7a competente proporcionando prosperidade.<\/p>\n\n\n\n<p>Conhe\u00e7a a plataforma ADVBOX e ingresse nas possibilidades da <a href=\"https:\/\/advbox.com.br\/blog\/advocacia-digital-estrategias-beneficios\/\" target=\"_blank\"><strong>Advocacia digital!<\/strong><\/a><\/p>\n\n\n\n\n\n<h2 class=\"wp-block-heading\">&nbsp;Agravo retido (ARTS. 522 e 523 DO CPC)<\/h2>\n\n\n\n<p>Excelent\u00edssimo Senhor Doutor Juiz de Direito da &#8230; \u00aa Vara C\u00edvel da&nbsp;<\/p>\n\n\n\n<p>Comarca de &#8230;, Estado de &#8230;<br><br>Processo n\u00ba &#8230;<\/p>\n\n\n\n<p>Objeto \u2013 Agravo Retido<br><br><br><br><br><\/p>\n\n\n\n<p>&nbsp;&nbsp;&nbsp;&nbsp;&nbsp;&nbsp;&nbsp;&nbsp;&nbsp;&nbsp;&nbsp;&nbsp;T\u00c9RCIA, j\u00e1 devidamente qualificada nos autos do processo n\u00ba&nbsp;<\/p>\n\n\n\n<p>&#8230;, na A\u00c7\u00c3O DE INDENIZA\u00c7\u00c3O que \u00e9 movida por TIR\u00c7O e&nbsp;<\/p>\n\n\n\n<p>T\u00c1CIO, vem, com respeito e acatamento de estilo \u00e0 presen\u00e7a de&nbsp;<\/p>\n\n\n\n<p>Vossa Excel\u00eancia, nos termos do art. 522 do CPC, de acordo com a&nbsp;<\/p>\n\n\n\n<p>Nova Lei do Agravo, Lei n\u00ba 11.187\/05, apresentar&nbsp;<br><\/p>\n\n\n\n<p>&nbsp;&nbsp;&nbsp;&nbsp;&nbsp;&nbsp;&nbsp;&nbsp;&nbsp;&nbsp;&nbsp;&nbsp;AGRAVO RETIDO<br><\/p>\n\n\n\n<p>Pelos motivos f\u00e1ticos e jur\u00eddicos que passa a expor:<br><\/p>\n\n\n\n<p>Insurge-se a Agravante contra a decis\u00e3o de fls. &#8230;, em raz\u00e3o da n\u00e3o&nbsp;<\/p>\n\n\n\n<p>acolhida \u00e0 preliminar de prescri\u00e7\u00e3o suscitada em contesta\u00e7\u00e3o:<br><\/p>\n\n\n\n<p>&#8220;A preliminar de prescri\u00e7\u00e3o, suscitada por ambos os r\u00e9us, n\u00e3o \u00e9 de&nbsp;<\/p>\n\n\n\n<p>merecer acolhimento, uma vez que a pretens\u00e3o indenizat\u00f3ria da&nbsp;<\/p>\n\n\n\n<p>demandante diz com direito de car\u00e1ter pessoal e n\u00e3o real, aplicando-se,&nbsp;<\/p>\n\n\n\n<p>assim, o prazo prescricional vinten\u00e1rio&#8221;.<br><\/p>\n\n\n\n<p>Conforme amplamente demonstrado em contesta\u00e7\u00e3o e em manifesta\u00e7\u00e3o&nbsp;<\/p>\n\n\n\n<p>posterior, protocolada na data de &#8230;, onde buscam os&nbsp;<\/p>\n\n\n\n<p>Autores\/Agravados a anula\u00e7\u00e3o do neg\u00f3cio jur\u00eddico praticado com a&nbsp;<\/p>\n\n\n\n<p>Agravante.<br><\/p>\n\n\n\n<p>Esse \u00e9 o real intento da a\u00e7\u00e3o, embora travestida com um pedido de&nbsp;<\/p>\n\n\n\n<p>aplica\u00e7\u00e3o de &#8220;pena de indeniza\u00e7\u00e3o&#8221;, o que se depreende pelo que segue:<\/p>\n\n\n\n<p>&#8220;&#8230; de fls. &#8230;\u201d<br><\/p>\n\n\n\n<p>&#8220;Os requerentes, desta vez acompanhados de um corretor de im\u00f3veis&nbsp;<\/p>\n\n\n\n<p>da Imobili\u00e1ria &#8230;, verificaram n\u00e3o ser o im\u00f3vel indicado, mas o im\u00f3vel&nbsp;&nbsp;<\/p>\n\n\n\n<p>conforme mapa apresentado pela requerida&#8221; (fls. &#8230;)<br><\/p>\n\n\n\n<p>&#8220;Verificando, ent\u00e3o, junto \u00e0 Prefeitura Municipal de &#8230;, souberam n\u00e3o&nbsp;<\/p>\n\n\n\n<p>se tratar de \u00e1rea rural, mas de Loteamento irregular&#8221;. (fls. &#8230;)<\/p>\n\n\n\n<p>&#8230;<\/p>\n\n\n\n<p>&#8220;Os requerentes ficaram por longo tempo buscando junto \u00e0 requerida,&nbsp;<\/p>\n\n\n\n<p>depois, com a corretora de im\u00f3veis, onde o anterior propriet\u00e1rio&nbsp;<\/p>\n\n\n\n<p>trabalhava, Sr. &#8230;, para localizar especificamente o terreno comprado&nbsp;<\/p>\n\n\n\n<p>(&#8230;)&#8221; (fls. &#8230;)<br><\/p>\n\n\n\n<p>Compraram um terreno, quando imaginaram que estivessem&nbsp;<\/p>\n\n\n\n<p>comprando outro.<br><\/p>\n\n\n\n<p>Pedem, ao final, que se lhes restitua o valor pago pelo terreno.<br><\/p>\n\n\n\n<p>Trata-se de pedido de anula\u00e7\u00e3o de neg\u00f3cio jur\u00eddico, leve a a\u00e7\u00e3o o&nbsp;<\/p>\n\n\n\n<p>r\u00f3tulo que quiserem os Autores imprimir-lhe.<br><\/p>\n\n\n\n<p>O que n\u00e3o se pode admitir \u00e9 que o nome dado \u00e0 a\u00e7\u00e3o influencie nas&nbsp;<\/p>\n\n\n\n<p>conseq\u00fc\u00eancias jur\u00eddicas que adv\u00eam do processo.<br><\/p>\n\n\n\n<p>N\u00e3o \u00e9 porque deram o nome de &#8220;indenizat\u00f3ria&#8221; que se deve entender&nbsp;<\/p>\n\n\n\n<p>como vinten\u00e1ria a prescri\u00e7\u00e3o.<br><\/p>\n\n\n\n<p>Deve-se, isso sim, verificar qual a natureza da causa de pedir e do&nbsp;<\/p>\n\n\n\n<p>pedido, e, mediante essa an\u00e1lise, apurar-se o prazo prescricional.<br><\/p>\n\n\n\n<p>E, para os pedidos de anula\u00e7\u00e3o de contrato, o prazo decadencial est\u00e1&nbsp;<\/p>\n\n\n\n<p>previsto no art. 178, inciso II, da Lei 10.406\/02 (C\u00f3digo Civil), ou&nbsp;<\/p>\n\n\n\n<p>seja, \u00e9 de 04 (quatro) anos.<br><\/p>\n\n\n\n<p>&nbsp;&nbsp;&nbsp;&nbsp;&nbsp;&nbsp;&nbsp;&nbsp;&nbsp;&nbsp;&nbsp;&nbsp;Mais de &#8230; meses se passaram, sem que os Autores tomassem&nbsp;<\/p>\n\n\n\n<p>qualquer provid\u00eancia.<br><\/p>\n\n\n\n<p>&nbsp;&nbsp;&nbsp;&nbsp;&nbsp;&nbsp;&nbsp;&nbsp;&nbsp;&nbsp;&nbsp;&nbsp;Por ser impratic\u00e1vel a remo\u00e7\u00e3o de um terreno, cumpre aos&nbsp;<\/p>\n\n\n\n<p>Agravados, simplesmente, pleitear a prote\u00e7\u00e3o contra quem injustamente&nbsp;<\/p>\n\n\n\n<p>o possua.<br><\/p>\n\n\n\n<p>Ex positis, requer seja reformada a decis\u00e3o de fls. .., declarando-se a&nbsp;<\/p>\n\n\n\n<p>decad\u00eancia e extinto o processo com julgamento de m\u00e9rito, e, em n\u00e3o&nbsp;<\/p>\n\n\n\n<p>sendo reformada sua decis\u00e3o, o que n\u00e3o se espera, requer-se desde j\u00e1&nbsp;<\/p>\n\n\n\n<p>que o Tribunal dele conhe\u00e7a, preliminarmente, por ocasi\u00e3o do&nbsp;<\/p>\n\n\n\n<p>julgamento da apela\u00e7\u00e3o (art. 523 e \u00a7 1\u00ba do CPC).<br><\/p>\n\n\n\n<p>&nbsp;&nbsp;&nbsp;&nbsp;&nbsp;&nbsp;&nbsp;&nbsp;&nbsp;&nbsp;&nbsp;&nbsp;Nestes Termos,<\/p>\n\n\n\n<p>&nbsp;&nbsp;&nbsp;&nbsp;&nbsp;&nbsp;&nbsp;&nbsp;&nbsp;&nbsp;&nbsp;&nbsp;Pede Deferimento.<\/p>\n\n\n\n<p>&nbsp;&nbsp;&nbsp;&nbsp;&nbsp;&nbsp;&nbsp;&nbsp;&nbsp;&nbsp;&nbsp;&nbsp;Local e data.<\/p>\n\n\n\n<p>&nbsp;&nbsp;&nbsp;&nbsp;&nbsp;&nbsp;&nbsp;&nbsp;&nbsp;&nbsp;&nbsp;&nbsp;Advogado e n\u00ba da OAB<\/p>\n\n\n\n\n","protected":false},"excerpt":{"rendered":"<p>Confira o modelo Agravo retido (ARTS. 522 e 523 DO CPC) e d\u00ea um grande salto de qualidade em gest\u00e3o em seu escrit\u00f3rio. Garanta a efici\u00eancia, a produtividade e mantenha o neg\u00f3cio saud\u00e1vel com as pessoas felizes e satisfeitas por terem uma lideran\u00e7a competente proporcionando prosperidade. Conhe\u00e7a a plataforma ADVBOX [&hellip;]<\/p>\n","protected":false},"author":2,"featured_media":25421,"parent":0,"menu_order":0,"comment_status":"closed","ping_status":"closed","template":"","meta":{"_acf_changed":false,"om_disable_all_campaigns":false,"footnotes":""},"class_list":["post-30674","page","type-page","status-publish","has-post-thumbnail","hentry"],"acf":[],"yoast_head":"<!-- This site is optimized with the Yoast SEO plugin v26.9 - https:\/\/yoast.com\/product\/yoast-seo-wordpress\/ -->\n<title>Artigo 523 do c\u00f3digo de processo civil<\/title>\n<meta name=\"description\" content=\"Artigo 523 do c\u00f3digo de processo civil - Peti\u00e7\u00f5es, Artigos jur\u00eddicos, jurisprud\u00eancias no site da ADVBOX.\" \/>\n<meta name=\"robots\" content=\"index, follow, max-snippet:-1, max-image-preview:large, max-video-preview:-1\" \/>\n<link rel=\"canonical\" href=\"https:\/\/advbox.com.br\/blog\/execucao-artigo-523-do-codigo-de-processo-civil\/\" \/>\n<meta property=\"og:locale\" content=\"pt_BR\" \/>\n<meta property=\"og:type\" content=\"article\" \/>\n<meta property=\"og:title\" content=\"Artigo 523 do c\u00f3digo de processo civil\" \/>\n<meta property=\"og:description\" content=\"Artigo 523 do c\u00f3digo de processo civil - Peti\u00e7\u00f5es, Artigos jur\u00eddicos, jurisprud\u00eancias no site da ADVBOX.\" \/>\n<meta property=\"og:url\" content=\"https:\/\/advbox.com.br\/blog\/execucao-artigo-523-do-codigo-de-processo-civil\/\" \/>\n<meta property=\"og:site_name\" content=\"Software Jur\u00eddico Completo - ADVBOX\" \/>\n<meta property=\"article:publisher\" content=\"https:\/\/www.facebook.com\/advbox\/\" \/>\n<meta property=\"article:modified_time\" content=\"2024-09-27T16:59:52+00:00\" \/>\n<meta property=\"og:image\" content=\"https:\/\/advbox.com.br\/blog\/wp-content\/uploads\/2021\/03\/Mandado-de-seguranca-coletivo.jpg\" \/>\n\t<meta property=\"og:image:width\" content=\"626\" \/>\n\t<meta property=\"og:image:height\" content=\"417\" \/>\n\t<meta property=\"og:image:type\" content=\"image\/jpeg\" \/>\n<meta name=\"twitter:card\" content=\"summary_large_image\" \/>\n<meta name=\"twitter:site\" content=\"@advbox2\" \/>\n<script type=\"application\/ld+json\" class=\"yoast-schema-graph\">{\"@context\":\"https:\/\/schema.org\",\"@graph\":[{\"@type\":\"WebPage\",\"@id\":\"https:\/\/advbox.com.br\/blog\/execucao-artigo-523-do-codigo-de-processo-civil\/\",\"url\":\"https:\/\/advbox.com.br\/blog\/execucao-artigo-523-do-codigo-de-processo-civil\/\",\"name\":\"Artigo 523 do c\u00f3digo de processo civil\",\"isPartOf\":{\"@id\":\"https:\/\/advbox.com.br\/blog\/#website\"},\"primaryImageOfPage\":{\"@id\":\"https:\/\/advbox.com.br\/blog\/execucao-artigo-523-do-codigo-de-processo-civil\/#primaryimage\"},\"image\":{\"@id\":\"https:\/\/advbox.com.br\/blog\/execucao-artigo-523-do-codigo-de-processo-civil\/#primaryimage\"},\"thumbnailUrl\":\"https:\/\/advbox.com.br\/blog\/wp-content\/uploads\/2021\/03\/Mandado-de-seguranca-coletivo.jpg\",\"datePublished\":\"2021-05-01T21:23:32+00:00\",\"dateModified\":\"2024-09-27T16:59:52+00:00\",\"description\":\"Artigo 523 do c\u00f3digo de processo civil - Peti\u00e7\u00f5es, Artigos jur\u00eddicos, jurisprud\u00eancias no site da ADVBOX.\",\"breadcrumb\":{\"@id\":\"https:\/\/advbox.com.br\/blog\/execucao-artigo-523-do-codigo-de-processo-civil\/#breadcrumb\"},\"inLanguage\":\"pt-BR\",\"potentialAction\":[{\"@type\":\"ReadAction\",\"target\":[\"https:\/\/advbox.com.br\/blog\/execucao-artigo-523-do-codigo-de-processo-civil\/\"]}]},{\"@type\":\"ImageObject\",\"inLanguage\":\"pt-BR\",\"@id\":\"https:\/\/advbox.com.br\/blog\/execucao-artigo-523-do-codigo-de-processo-civil\/#primaryimage\",\"url\":\"https:\/\/advbox.com.br\/blog\/wp-content\/uploads\/2021\/03\/Mandado-de-seguranca-coletivo.jpg\",\"contentUrl\":\"https:\/\/advbox.com.br\/blog\/wp-content\/uploads\/2021\/03\/Mandado-de-seguranca-coletivo.jpg\",\"width\":626,\"height\":417,\"caption\":\"Peti\u00e7\u00e3o advbox\"},{\"@type\":\"BreadcrumbList\",\"@id\":\"https:\/\/advbox.com.br\/blog\/execucao-artigo-523-do-codigo-de-processo-civil\/#breadcrumb\",\"itemListElement\":[{\"@type\":\"ListItem\",\"position\":1,\"name\":\"In\u00edcio\",\"item\":\"https:\/\/advbox.com.br\/blog\/\"},{\"@type\":\"ListItem\",\"position\":2,\"name\":\"Artigo 523 do c\u00f3digo de processo civil\"}]},{\"@type\":\"WebSite\",\"@id\":\"https:\/\/advbox.com.br\/blog\/#website\",\"url\":\"https:\/\/advbox.com.br\/blog\/\",\"name\":\"Software Jur\u00eddico Completo - ADVBOX\",\"description\":\"Plataforma para Advocacia Digital\",\"publisher\":{\"@id\":\"https:\/\/advbox.com.br\/blog\/#organization\"},\"potentialAction\":[{\"@type\":\"SearchAction\",\"target\":{\"@type\":\"EntryPoint\",\"urlTemplate\":\"https:\/\/advbox.com.br\/blog\/?s={search_term_string}\"},\"query-input\":{\"@type\":\"PropertyValueSpecification\",\"valueRequired\":true,\"valueName\":\"search_term_string\"}}],\"inLanguage\":\"pt-BR\"},{\"@type\":\"Organization\",\"@id\":\"https:\/\/advbox.com.br\/blog\/#organization\",\"name\":\"ADVBOX Blog - Software jur\u00eddico da advocacia digital\",\"url\":\"https:\/\/advbox.com.br\/blog\/\",\"logo\":{\"@type\":\"ImageObject\",\"inLanguage\":\"pt-BR\",\"@id\":\"https:\/\/advbox.com.br\/blog\/#\/schema\/logo\/image\/\",\"url\":\"https:\/\/advbox.com.br\/blog\/wp-content\/uploads\/2019\/12\/Como-aumentar-a-produtividade_.jpg\",\"contentUrl\":\"https:\/\/advbox.com.br\/blog\/wp-content\/uploads\/2019\/12\/Como-aumentar-a-produtividade_.jpg\",\"width\":320,\"height\":213,\"caption\":\"ADVBOX Blog - Software jur\u00eddico da advocacia digital\"},\"image\":{\"@id\":\"https:\/\/advbox.com.br\/blog\/#\/schema\/logo\/image\/\"},\"sameAs\":[\"https:\/\/www.facebook.com\/advbox\/\",\"https:\/\/x.com\/advbox2\"]}]}<\/script>\n<!-- \/ Yoast SEO plugin. -->","yoast_head_json":{"title":"Artigo 523 do c\u00f3digo de processo civil","description":"Artigo 523 do c\u00f3digo de processo civil - Peti\u00e7\u00f5es, Artigos jur\u00eddicos, jurisprud\u00eancias no site da ADVBOX.","robots":{"index":"index","follow":"follow","max-snippet":"max-snippet:-1","max-image-preview":"max-image-preview:large","max-video-preview":"max-video-preview:-1"},"canonical":"https:\/\/advbox.com.br\/blog\/execucao-artigo-523-do-codigo-de-processo-civil\/","og_locale":"pt_BR","og_type":"article","og_title":"Artigo 523 do c\u00f3digo de processo civil","og_description":"Artigo 523 do c\u00f3digo de processo civil - Peti\u00e7\u00f5es, Artigos jur\u00eddicos, jurisprud\u00eancias no site da ADVBOX.","og_url":"https:\/\/advbox.com.br\/blog\/execucao-artigo-523-do-codigo-de-processo-civil\/","og_site_name":"Software Jur\u00eddico Completo - ADVBOX","article_publisher":"https:\/\/www.facebook.com\/advbox\/","article_modified_time":"2024-09-27T16:59:52+00:00","og_image":[{"width":626,"height":417,"url":"https:\/\/advbox.com.br\/blog\/wp-content\/uploads\/2021\/03\/Mandado-de-seguranca-coletivo.jpg","type":"image\/jpeg"}],"twitter_card":"summary_large_image","twitter_site":"@advbox2","schema":{"@context":"https:\/\/schema.org","@graph":[{"@type":"WebPage","@id":"https:\/\/advbox.com.br\/blog\/execucao-artigo-523-do-codigo-de-processo-civil\/","url":"https:\/\/advbox.com.br\/blog\/execucao-artigo-523-do-codigo-de-processo-civil\/","name":"Artigo 523 do c\u00f3digo de processo civil","isPartOf":{"@id":"https:\/\/advbox.com.br\/blog\/#website"},"primaryImageOfPage":{"@id":"https:\/\/advbox.com.br\/blog\/execucao-artigo-523-do-codigo-de-processo-civil\/#primaryimage"},"image":{"@id":"https:\/\/advbox.com.br\/blog\/execucao-artigo-523-do-codigo-de-processo-civil\/#primaryimage"},"thumbnailUrl":"https:\/\/advbox.com.br\/blog\/wp-content\/uploads\/2021\/03\/Mandado-de-seguranca-coletivo.jpg","datePublished":"2021-05-01T21:23:32+00:00","dateModified":"2024-09-27T16:59:52+00:00","description":"Artigo 523 do c\u00f3digo de processo civil - Peti\u00e7\u00f5es, Artigos jur\u00eddicos, jurisprud\u00eancias no site da ADVBOX.","breadcrumb":{"@id":"https:\/\/advbox.com.br\/blog\/execucao-artigo-523-do-codigo-de-processo-civil\/#breadcrumb"},"inLanguage":"pt-BR","potentialAction":[{"@type":"ReadAction","target":["https:\/\/advbox.com.br\/blog\/execucao-artigo-523-do-codigo-de-processo-civil\/"]}]},{"@type":"ImageObject","inLanguage":"pt-BR","@id":"https:\/\/advbox.com.br\/blog\/execucao-artigo-523-do-codigo-de-processo-civil\/#primaryimage","url":"https:\/\/advbox.com.br\/blog\/wp-content\/uploads\/2021\/03\/Mandado-de-seguranca-coletivo.jpg","contentUrl":"https:\/\/advbox.com.br\/blog\/wp-content\/uploads\/2021\/03\/Mandado-de-seguranca-coletivo.jpg","width":626,"height":417,"caption":"Peti\u00e7\u00e3o advbox"},{"@type":"BreadcrumbList","@id":"https:\/\/advbox.com.br\/blog\/execucao-artigo-523-do-codigo-de-processo-civil\/#breadcrumb","itemListElement":[{"@type":"ListItem","position":1,"name":"In\u00edcio","item":"https:\/\/advbox.com.br\/blog\/"},{"@type":"ListItem","position":2,"name":"Artigo 523 do c\u00f3digo de processo civil"}]},{"@type":"WebSite","@id":"https:\/\/advbox.com.br\/blog\/#website","url":"https:\/\/advbox.com.br\/blog\/","name":"Software Jur\u00eddico Completo - ADVBOX","description":"Plataforma para Advocacia Digital","publisher":{"@id":"https:\/\/advbox.com.br\/blog\/#organization"},"potentialAction":[{"@type":"SearchAction","target":{"@type":"EntryPoint","urlTemplate":"https:\/\/advbox.com.br\/blog\/?s={search_term_string}"},"query-input":{"@type":"PropertyValueSpecification","valueRequired":true,"valueName":"search_term_string"}}],"inLanguage":"pt-BR"},{"@type":"Organization","@id":"https:\/\/advbox.com.br\/blog\/#organization","name":"ADVBOX Blog - Software jur\u00eddico da advocacia digital","url":"https:\/\/advbox.com.br\/blog\/","logo":{"@type":"ImageObject","inLanguage":"pt-BR","@id":"https:\/\/advbox.com.br\/blog\/#\/schema\/logo\/image\/","url":"https:\/\/advbox.com.br\/blog\/wp-content\/uploads\/2019\/12\/Como-aumentar-a-produtividade_.jpg","contentUrl":"https:\/\/advbox.com.br\/blog\/wp-content\/uploads\/2019\/12\/Como-aumentar-a-produtividade_.jpg","width":320,"height":213,"caption":"ADVBOX Blog - Software jur\u00eddico da advocacia digital"},"image":{"@id":"https:\/\/advbox.com.br\/blog\/#\/schema\/logo\/image\/"},"sameAs":["https:\/\/www.facebook.com\/advbox\/","https:\/\/x.com\/advbox2"]}]}},"_links":{"self":[{"href":"https:\/\/advbox.com.br\/blog\/wp-json\/wp\/v2\/pages\/30674","targetHints":{"allow":["GET"]}}],"collection":[{"href":"https:\/\/advbox.com.br\/blog\/wp-json\/wp\/v2\/pages"}],"about":[{"href":"https:\/\/advbox.com.br\/blog\/wp-json\/wp\/v2\/types\/page"}],"author":[{"embeddable":true,"href":"https:\/\/advbox.com.br\/blog\/wp-json\/wp\/v2\/users\/2"}],"replies":[{"embeddable":true,"href":"https:\/\/advbox.com.br\/blog\/wp-json\/wp\/v2\/comments?post=30674"}],"version-history":[{"count":3,"href":"https:\/\/advbox.com.br\/blog\/wp-json\/wp\/v2\/pages\/30674\/revisions"}],"predecessor-version":[{"id":67159,"href":"https:\/\/advbox.com.br\/blog\/wp-json\/wp\/v2\/pages\/30674\/revisions\/67159"}],"wp:featuredmedia":[{"embeddable":true,"href":"https:\/\/advbox.com.br\/blog\/wp-json\/wp\/v2\/media\/25421"}],"wp:attachment":[{"href":"https:\/\/advbox.com.br\/blog\/wp-json\/wp\/v2\/media?parent=30674"}],"curies":[{"name":"wp","href":"https:\/\/api.w.org\/{rel}","templated":true}]}}