{"id":39099,"date":"2021-11-25T12:00:00","date_gmt":"2021-11-25T14:00:00","guid":{"rendered":"https:\/\/advbox.com.br\/blog\/?page_id=39099"},"modified":"2025-11-12T11:20:27","modified_gmt":"2025-11-12T14:20:27","slug":"setor-juridico","status":"publish","type":"page","link":"https:\/\/advbox.com.br\/blog\/setor-juridico\/","title":{"rendered":"Setor jur\u00eddico empresarial: atribui\u00e7\u00f5es e import\u00e2ncia"},"content":{"rendered":"<p>O setor jur\u00eddico tem muita import\u00e2ncia dentro de uma empresa. Contudo, h\u00e1 quem ainda n\u00e3o saiba as fun\u00e7\u00f5es de um. Um departamento jur\u00eddico organizado e eficiente pode trazer resultados surpreendentes para uma companhia.<\/p><p>Ele pode se interligar com diversas \u00e1reas, como o marketing e as finan\u00e7as. Ademais, ele orienta a companhia sobre boas pr\u00e1ticas, atuando tamb\u00e9m na preven\u00e7\u00e3o de problemas.<\/p><p>Por esse motivo, o setor jur\u00eddico \u00e9 muito importante para qualquer neg\u00f3cio que deseja prosperar. Embora tenha essa relev\u00e2ncia, ele pode ser subestimado em algumas empresas. Felizmente, com as mudan\u00e7as no mercado, este departamento vem ganhando o seu espa\u00e7o.<\/p><p>Aproveite esse artigo para entender a import\u00e2ncia e as atribui\u00e7\u00f5es de um setor jur\u00eddico para as organiza\u00e7\u00f5es!<\/p><h2 class=\"wp-block-heading\">O que \u00e9 um setor jur\u00eddico?<\/h2><p>O setor jur\u00eddico \u00e9 o departamento respons\u00e1vel por fun\u00e7\u00f5es, tarefas e negocia\u00e7\u00f5es relacionados aos aspectos legais, judiciais e extrajudiciais de uma organiza\u00e7\u00e3o.\u00a0<\/p><p>A equipe pode ser composta por profissionais de diversos perfis, muitos deles advogados e bachar\u00e9is em Direito. Ademais, \u00e9 comum que muitos deles tenham especializa\u00e7\u00e3o em uma <a href=\"https:\/\/advbox.com.br\/blog\/area-juridica\/\" target=\"_blank\" rel=\"noreferrer noopener\" target=\"_blank\"><strong>\u00e1rea jur\u00eddica<\/strong><\/a> espec\u00edfica, como Direito Empresarial, por exemplo.\u00a0<\/p><p>De modo geral, os departamentos jur\u00eddicos costumam ser internos. Ou seja, os profissionais respons\u00e1veis pelo setor s\u00e3o funcion\u00e1rios contratados pela pr\u00f3pria empresa, trabalhando internamente nela.\u00a0<\/p><p>Todavia, existem organiza\u00e7\u00f5es que possuem um setor jur\u00eddico terceirizado, o que pode ser uma boa alternativa, dependendo do tamanho, necessidades e realidade do neg\u00f3cio.\u00a0<\/p><h2 class=\"wp-block-heading\">Para que serve um departamento jur\u00eddico em uma empresa?<\/h2><p>O setor jur\u00eddico pode influenciar positivamente nos resultados de uma empresa. O motivo \u00e9 que ele se torna respons\u00e1vel por todas as quest\u00f5es legais, auxiliando tamb\u00e9m na <a href=\"https:\/\/advbox.com.br\/blog\/gestao-eficiente\/\" target=\"_blank\" rel=\"noreferrer noopener\" target=\"_blank\"><strong>gest\u00e3o<\/strong><\/a> e no controle da companhia e auxiliando os l\u00edderes a tomarem boas decis\u00f5es.\u00a0<\/p><p>Nesse sentido, ele se torna indispens\u00e1vel para empresas que desejam alavancar seus resultados, inclusive financeiros.\u00a0<\/p><p>Tenha em mente que uma empresa que comete deslizes com as leis ou toma decis\u00f5es que v\u00e3o contra a legisla\u00e7\u00e3o podem ter sua imagem afetada negativamente perante a sociedade. Al\u00e9m disso, podem ter problemas com a<a href=\"https:\/\/advbox.com.br\/blog\/estrutura-do-poder-judiciario\/\" target=\"_blank\" rel=\"noreferrer noopener\" target=\"_blank\"> <strong>justi\u00e7a<\/strong><\/a> e, assim, perder dinheiro e at\u00e9, ver suas portas serem fechadas.<\/p><p>Nenhuma empresa gostaria de passar por esses problemas. Sendo assim, o setor jur\u00eddico pode ser a solu\u00e7\u00e3o para garantir que a empresa opere conforme a lei e evite qualquer preju\u00edzo decorrente do desconhecimento das normas.<\/p><h2 class=\"wp-block-heading\">O que um setor jur\u00eddico pode fazer?<\/h2><p>Um setor jur\u00eddico pode ter diversas atribui\u00e7\u00f5es. Veja abaixo algumas das fun\u00e7\u00f5es que um departamento jur\u00eddico costuma ter nas companhias!<\/p><h3 class=\"wp-block-heading\">Realiza negocia\u00e7\u00f5es<\/h3><p>Um setor jur\u00eddico com bons profissionais consegue atuar preventivamente, resolvendo conflitos de forma amig\u00e1vel e por vias extrajudiciais.\u00a0<\/p><p>Desse modo, ele pode realizar negocia\u00e7\u00f5es e acordos em casos de descumprimento de leis ou contratos, evitando-se, assim, a <a href=\"https:\/\/www.youtube.com\/watch?v=5W1hfWAiaJg\" target=\"_blank\" rel=\"noreferrer noopener\" target=\"_blank\"><strong>judicializa\u00e7\u00e3o de processos<\/strong><\/a>.\u00a0<\/p><h3 class=\"wp-block-heading\">Avalia contratos\u00a0<\/h3><p>Uma das fun\u00e7\u00f5es mais conhecidas dos departamentos jur\u00eddicos \u00e9 a valida\u00e7\u00e3o de contratos, podendo tamb\u00e9m atuar na avalia\u00e7\u00e3o de fornecedores, parceiros, dentre outros.\u00a0<\/p><p>Ter especialistas para analisar <a href=\"https:\/\/advbox.com.br\/blog\/fechamento-de-contratos\/\" target=\"_blank\" rel=\"noreferrer noopener\" target=\"_blank\"><strong>contratos<\/strong><\/a> antes de assin\u00e1-los \u00e9 fundamental para evitar preju\u00edzos e desentendimentos. Al\u00e9m de reduzir riscos processuais, o profissional sabe o que fazer quando um acordo \u00e9 descumprido.\u00a0<\/p><p>A avalia\u00e7\u00e3o de advogados contratualistas concede aos l\u00edderes de uma empresa todos os subs\u00eddios para tomar decis\u00f5es mais bem fundamentadas no momento de celebrar acordos.<\/p><h3 class=\"wp-block-heading\">Contribui para a prote\u00e7\u00e3o da empresa<\/h3><p>Atualmente, os setores jur\u00eddicos podem contar com advogados especializados na <a href=\"https:\/\/advbox.com.br\/blog\/lgpd\/\" target=\"_blank\" rel=\"noreferrer noopener\" target=\"_blank\"><strong>Lei Geral de Prote\u00e7\u00e3o de Dados<\/strong><\/a> (LGPD), <a href=\"https:\/\/advbox.com.br\/blog\/direito-digital\/\" target=\"_blank\" rel=\"noreferrer noopener\" target=\"_blank\"><strong>Direito Digital<\/strong><\/a>, dentre outras \u00e1reas que podem agregar em uma companhia.\u00a0<\/p><p>Profissionais com esses conhecimentos podem atuar na prote\u00e7\u00e3o das informa\u00e7\u00f5es das empresas. Assim, o departamento jur\u00eddico pode auxiliar os demais setores no gerenciamento e controle de dados, criando diretrizes para permitir o acesso \u00e0s informa\u00e7\u00f5es da companhia de forma segura.\u00a0<\/p><h3 class=\"wp-block-heading\">Mant\u00e9m a empresa em ordem<\/h3><p>O setor jur\u00eddico tamb\u00e9m contribui para a organiza\u00e7\u00e3o da empresa, principalmente na quest\u00e3o financeira. Isso porque ele evita que a companhia tenha problemas com o fisco, garantindo que toda a quest\u00e3o tribut\u00e1ria esteja em ordem.\u00a0<\/p><p>Ademais, contribui para impedir problemas que podem ser evitados, como: <a href=\"https:\/\/advbox.com.br\/blog\/etapas-de-um-processo-trabalhista\/\" target=\"_blank\" rel=\"noreferrer noopener\" target=\"_blank\"><strong>processos trabalhistas<\/strong><\/a>, processos criminais, dentre outros.\u00a0<\/p><h3 class=\"wp-block-heading\">Presta consultoria<\/h3><p>O setor jur\u00eddico tamb\u00e9m tem o papel de prestar consultoria para a empresa sobre a legisla\u00e7\u00e3o brasileira. Assim, os profissionais podem contribuir de diversas formas, como na elabora\u00e7\u00e3o de contratos, no cumprimento das leis trabalhistas e previdenci\u00e1rias, no pagamento das obriga\u00e7\u00f5es tribut\u00e1rias, dentre diversas outras.\u00a0<\/p><h2 class=\"wp-block-heading\">Quais s\u00e3o as vantagens de ter um setor jur\u00eddico na empresa?<\/h2><p>No decorrer da leitura desse artigo, voc\u00ea j\u00e1 deve ter percebido algumas vantagens de ter um setor jur\u00eddico na empresa. No entanto, vale a pena refor\u00e7ar algumas delas. Veja abaixo alguns benef\u00edcios de ter um departamento jur\u00eddico para a companhia!<\/p><h3 class=\"wp-block-heading\">Evita processos judiciais\u00a0<\/h3><p>Conforme mencionado, o setor jur\u00eddico atua para prevenir processos judiciais, sejam eles penais, trabalhistas, c\u00edveis, dentre outros. Consequentemente, o departamento previne que a companhia perca dinheiro com problemas que poderiam ter sido evitados.<\/p><h3 class=\"wp-block-heading\">Ajuda no fortalecimento da marca<\/h3><p>Uma empresa que comete ilegalidades pode virar not\u00edcia em \u00e2mbito nacional. Marcas que ferem princ\u00edpios e n\u00e3o obedecem \u00e0s leis podem ver a sua reputa\u00e7\u00e3o ser manchada.\u00a0<\/p><p>As pessoas param de consumir e confiar em marcas com m\u00e1 reputa\u00e7\u00e3o. Por isso, \u00e9 fundamental ter um departamento jur\u00eddico que mantenha a empresa alinhada com os princ\u00edpios da sociedade e com a legisla\u00e7\u00e3o. Desse modo, a reputa\u00e7\u00e3o da empresa pode melhorar e ser muito bem vista perante a popula\u00e7\u00e3o.<\/p><h3 class=\"wp-block-heading\">Reduz despesas<\/h3><p>Al\u00e9m de evitar processos judiciais, os quais podem prejudicar as contas da companhia, o setor jur\u00eddico contribui para <a href=\"https:\/\/advbox.com.br\/blog\/reducao-de-custos-na-advocacia-erros-comuns\/\" target=\"_blank\" rel=\"noreferrer noopener\" target=\"_blank\"><strong>reduzir despesas<\/strong><\/a> provenientes de acordos, contratos, negocia\u00e7\u00f5es, dentre outros.<\/p><p>Por exemplo, um contrato com cl\u00e1usulas abusivas, ao ser revisado por um profissional qualificado, evita preju\u00edzos posteriores.\u00a0<\/p><h3 class=\"wp-block-heading\">Controla contratos<\/h3><p>Na pr\u00e1tica, as empresas devem lidar com diversos contratos, sejam eles com fornecedores, parceiros, contratos de trabalho, dentre diversos outros.<\/p><p>Eles precisam ser bem observados e controlados para serem cumpridos corretamente e evitar que cl\u00e1usulas sejam descumpridas, evitando-se, assim, as puni\u00e7\u00f5es previstas neles.<\/p><h2 class=\"wp-block-heading\">Como o setor jur\u00eddico contribui para o sucesso da empresa?<\/h2><p>Para contribuir para o sucesso de uma empresa, o setor jur\u00eddico deve atuar no desenvolvimento dela, n\u00e3o apenas na resolu\u00e7\u00e3o dos problemas que j\u00e1 ocorreram.\u00a0<\/p><p>Atualmente, o departamento precisa atender as demandas internas da empresa e estar alinhado aos objetivos e metas da companhia.\u00a0<\/p><p>Sendo assim, os profissionais precisam desenvolver capacidade anal\u00edtica e cr\u00edtica para prever problemas e identificar melhorias, aprender a trabalhar com dados e utilizar <a href=\"https:\/\/advbox.com.br\/blog\/direito-e-tecnologia-da-informacao\/\" target=\"_blank\" rel=\"noreferrer noopener\" target=\"_blank\"><strong>ferramentas tecnol\u00f3gicas<\/strong><\/a><strong> <\/strong>para melhorar o trabalho.\u00a0<\/p><p>Nesse sentido, o departamento jur\u00eddico n\u00e3o serve mais para atuar somente no campo estritamente jur\u00eddico. Para contribuir para o sucesso da companhia, ele deve contar com o conhecimento de outras \u00e1reas, como gest\u00e3o, tecnologia, dentre outros.\u00a0<\/p><h2 class=\"wp-block-heading\">Tecnologia e setor jur\u00eddico: como eles podem se relacionar?<\/h2><p>O setor jur\u00eddico, em muitas companhias, costuma demorar para se adaptar \u00e0s novas tecnologias. Contudo, muitos profissionais perceberam que sem essa atualiza\u00e7\u00e3o, n\u00e3o h\u00e1 como prosperar e contribuir para o crescimento de uma empresa.\u00a0<\/p><p>Sendo assim, a transforma\u00e7\u00e3o digital tamb\u00e9m se tornou importante para os setores jur\u00eddicos nas companhias. Nos \u00faltimos anos, foi poss\u00edvel ver mudan\u00e7as nesse sentido.<\/p><p>A introdu\u00e7\u00e3o de ferramentas tecnol\u00f3gicas, como os <a href=\"https:\/\/advbox.com.br\/blog\/5-recursos-mais-eficientes-nos-softwares-juridicos-do-mercado\/\" target=\"_blank\" rel=\"noreferrer noopener\" target=\"_blank\"><strong>softwares jur\u00eddicos<\/strong><\/a> e a <a href=\"https:\/\/advbox.com.br\/blog\/inteligencia-artificial-e-a-advocacia\/\" target=\"_blank\" rel=\"noreferrer noopener\" target=\"_blank\"><strong>intelig\u00eancia artificial<\/strong><\/a> (IA) trouxe mais efici\u00eancia aos servi\u00e7os desse departamento, trazendo mais seguran\u00e7a e celeridade aos trabalhos e, consequentemente, aumentando a <strong>produtividade<\/strong> de todos.<\/p><p>Nesse sentido, o setor jur\u00eddico deve estar alinhado \u00e0s mudan\u00e7as tecnol\u00f3gicas e \u00e0s novidades no ramo, buscando modernizar-se para entregar um servi\u00e7o muito melhor, auxiliando a companhia a conseguir melhores resultados.<\/p><p>Logo, cabe \u00e0s empresas e aos departamentos jur\u00eddicos se manterem abertos e investirem no que pode trazer benef\u00edcios para o neg\u00f3cio, contribuindo para a competitividade da companhia.\u00a0<\/p><p>Os setores jur\u00eddicos que n\u00e3o se adaptarem correm o risco de perderem clientes e fazer a empresa perder for\u00e7a perante a concorr\u00eancia. Por isso, \u00e9 mais que obrigat\u00f3rio que haja uma boa rela\u00e7\u00e3o entre o departamento jur\u00eddico e as tecnologias.<\/p><p><a href=\"https:\/\/advbox.com.br\/planos\" target=\"_blank\" rel=\"noreferrer noopener\" target=\"_blank\"><strong>Aproveite tamb\u00e9m para conhecer o software jur\u00eddico da ADVBOX e ver as vantagens que ele pode trazer para o setor jur\u00eddico da sua empresa!<\/strong><\/a><\/p><p>O setor jur\u00eddico \u00e9 uma pe\u00e7a fundamental e estrat\u00e9gica para as empresas. Ele n\u00e3o atua somente na resolu\u00e7\u00e3o de problemas jur\u00eddicos, mas principalmente nas estrat\u00e9gias de crescimento do neg\u00f3cio e na preven\u00e7\u00e3o de preju\u00edzos, auxiliando a companhia a conseguir melhores resultados.\u00a0<\/p><p>Por isso, busque ter um departamento jur\u00eddico de qualidade e atualizado com as novas tecnologias para poder atuar ainda melhor!<\/p><p>Veja agora <a href=\"https:\/\/advbox.com.br\/blog\/motivacao-para-trabalhar-na-advocacia\/\" target=\"_blank\" rel=\"noreferrer noopener\" target=\"_blank\"><strong>4 dicas para manter a sua equipe motivada para trabalhar!<\/strong><\/a><\/p><figure class=\"wp-block-image size-large\"><a href=\"https:\/\/advbox.com.br\/cadastro\/\" target=\"_blank\"><img fetchpriority=\"high\" decoding=\"async\" width=\"1024\" height=\"309\" src=\"https:\/\/advbox.com.br\/blog\/wp-content\/uploads\/2018\/08\/cta-nova-trial-1024x309.png\" alt=\"\" class=\"wp-image-15975\" srcset=\"https:\/\/advbox.com.br\/blog\/wp-content\/uploads\/2018\/08\/cta-nova-trial.png 1024w, https:\/\/advbox.com.br\/blog\/wp-content\/uploads\/2018\/08\/cta-nova-trial-300x91.png 300w, https:\/\/advbox.com.br\/blog\/wp-content\/uploads\/2018\/08\/cta-nova-trial-768x232.png 768w\" sizes=\"(max-width: 1024px) 100vw, 1024px\" \/><\/a><\/figure><p><\/p>\n","protected":false},"excerpt":{"rendered":"<p>O setor jur\u00eddico tem muita import\u00e2ncia dentro de uma empresa. Contudo, h\u00e1 quem ainda n\u00e3o saiba as fun\u00e7\u00f5es de um. Um departamento jur\u00eddico organizado e eficiente pode trazer resultados surpreendentes para uma companhia. Ele pode se interligar com diversas \u00e1reas, como o marketing e as finan\u00e7as. Ademais, ele orienta a [&hellip;]<\/p>\n","protected":false},"author":43,"featured_media":39100,"parent":0,"menu_order":0,"comment_status":"closed","ping_status":"closed","template":"","meta":{"_acf_changed":false,"om_disable_all_campaigns":false,"footnotes":""},"class_list":["post-39099","page","type-page","status-publish","has-post-thumbnail","hentry"],"acf":[],"yoast_head":"<!-- This site is optimized with the Yoast SEO plugin v26.9 - https:\/\/yoast.com\/product\/yoast-seo-wordpress\/ -->\n<title>Setor jur\u00eddico empresarial: atribui\u00e7\u00f5es e import\u00e2ncia<\/title>\n<meta name=\"description\" content=\"Setor jur\u00eddico empresarial: atribui\u00e7\u00f5es e import\u00e2ncia - Peti\u00e7\u00f5es, Artigos jur\u00eddicos, jurisprud\u00eancias no site da ADVBOX.\" \/>\n<meta name=\"robots\" content=\"index, follow, max-snippet:-1, max-image-preview:large, max-video-preview:-1\" \/>\n<link rel=\"canonical\" href=\"https:\/\/advbox.com.br\/blog\/setor-juridico\/\" \/>\n<meta property=\"og:locale\" content=\"pt_BR\" \/>\n<meta property=\"og:type\" content=\"article\" \/>\n<meta property=\"og:title\" content=\"Setor jur\u00eddico empresarial: atribui\u00e7\u00f5es e import\u00e2ncia\" \/>\n<meta property=\"og:description\" content=\"Setor jur\u00eddico empresarial: atribui\u00e7\u00f5es e import\u00e2ncia - Peti\u00e7\u00f5es, Artigos jur\u00eddicos, jurisprud\u00eancias no site da ADVBOX.\" \/>\n<meta property=\"og:url\" content=\"https:\/\/advbox.com.br\/blog\/setor-juridico\/\" \/>\n<meta property=\"og:site_name\" content=\"Software Jur\u00eddico Completo - ADVBOX\" \/>\n<meta property=\"article:publisher\" content=\"https:\/\/www.facebook.com\/advbox\/\" \/>\n<meta property=\"article:modified_time\" content=\"2025-11-12T14:20:27+00:00\" \/>\n<meta property=\"og:image\" content=\"https:\/\/advbox.com.br\/blog\/wp-content\/uploads\/2021\/11\/setor-juridico.jpg\" \/>\n\t<meta property=\"og:image:width\" content=\"640\" \/>\n\t<meta property=\"og:image:height\" content=\"427\" \/>\n\t<meta property=\"og:image:type\" content=\"image\/jpeg\" \/>\n<meta name=\"twitter:card\" content=\"summary_large_image\" \/>\n<meta name=\"twitter:site\" content=\"@advbox2\" \/>\n<script type=\"application\/ld+json\" class=\"yoast-schema-graph\">{\"@context\":\"https:\/\/schema.org\",\"@graph\":[{\"@type\":\"WebPage\",\"@id\":\"https:\/\/advbox.com.br\/blog\/setor-juridico\/\",\"url\":\"https:\/\/advbox.com.br\/blog\/setor-juridico\/\",\"name\":\"Setor jur\u00eddico empresarial: atribui\u00e7\u00f5es e import\u00e2ncia\",\"isPartOf\":{\"@id\":\"https:\/\/advbox.com.br\/blog\/#website\"},\"primaryImageOfPage\":{\"@id\":\"https:\/\/advbox.com.br\/blog\/setor-juridico\/#primaryimage\"},\"image\":{\"@id\":\"https:\/\/advbox.com.br\/blog\/setor-juridico\/#primaryimage\"},\"thumbnailUrl\":\"https:\/\/advbox.com.br\/blog\/wp-content\/uploads\/2021\/11\/setor-juridico.jpg\",\"datePublished\":\"2021-11-25T14:00:00+00:00\",\"dateModified\":\"2025-11-12T14:20:27+00:00\",\"description\":\"Setor jur\u00eddico empresarial: atribui\u00e7\u00f5es e import\u00e2ncia - Peti\u00e7\u00f5es, Artigos jur\u00eddicos, jurisprud\u00eancias no site da ADVBOX.\",\"breadcrumb\":{\"@id\":\"https:\/\/advbox.com.br\/blog\/setor-juridico\/#breadcrumb\"},\"inLanguage\":\"pt-BR\",\"potentialAction\":[{\"@type\":\"ReadAction\",\"target\":[\"https:\/\/advbox.com.br\/blog\/setor-juridico\/\"]}]},{\"@type\":\"ImageObject\",\"inLanguage\":\"pt-BR\",\"@id\":\"https:\/\/advbox.com.br\/blog\/setor-juridico\/#primaryimage\",\"url\":\"https:\/\/advbox.com.br\/blog\/wp-content\/uploads\/2021\/11\/setor-juridico.jpg\",\"contentUrl\":\"https:\/\/advbox.com.br\/blog\/wp-content\/uploads\/2021\/11\/setor-juridico.jpg\",\"width\":640,\"height\":427,\"caption\":\"Tipos de lideran\u00e7a\"},{\"@type\":\"BreadcrumbList\",\"@id\":\"https:\/\/advbox.com.br\/blog\/setor-juridico\/#breadcrumb\",\"itemListElement\":[{\"@type\":\"ListItem\",\"position\":1,\"name\":\"In\u00edcio\",\"item\":\"https:\/\/advbox.com.br\/blog\/\"},{\"@type\":\"ListItem\",\"position\":2,\"name\":\"Setor jur\u00eddico empresarial: atribui\u00e7\u00f5es e import\u00e2ncia\"}]},{\"@type\":\"WebSite\",\"@id\":\"https:\/\/advbox.com.br\/blog\/#website\",\"url\":\"https:\/\/advbox.com.br\/blog\/\",\"name\":\"Software Jur\u00eddico Completo - ADVBOX\",\"description\":\"Plataforma para Advocacia Digital\",\"publisher\":{\"@id\":\"https:\/\/advbox.com.br\/blog\/#organization\"},\"potentialAction\":[{\"@type\":\"SearchAction\",\"target\":{\"@type\":\"EntryPoint\",\"urlTemplate\":\"https:\/\/advbox.com.br\/blog\/?s={search_term_string}\"},\"query-input\":{\"@type\":\"PropertyValueSpecification\",\"valueRequired\":true,\"valueName\":\"search_term_string\"}}],\"inLanguage\":\"pt-BR\"},{\"@type\":\"Organization\",\"@id\":\"https:\/\/advbox.com.br\/blog\/#organization\",\"name\":\"ADVBOX Blog - Software jur\u00eddico da advocacia digital\",\"url\":\"https:\/\/advbox.com.br\/blog\/\",\"logo\":{\"@type\":\"ImageObject\",\"inLanguage\":\"pt-BR\",\"@id\":\"https:\/\/advbox.com.br\/blog\/#\/schema\/logo\/image\/\",\"url\":\"https:\/\/advbox.com.br\/blog\/wp-content\/uploads\/2019\/12\/Como-aumentar-a-produtividade_.jpg\",\"contentUrl\":\"https:\/\/advbox.com.br\/blog\/wp-content\/uploads\/2019\/12\/Como-aumentar-a-produtividade_.jpg\",\"width\":320,\"height\":213,\"caption\":\"ADVBOX Blog - Software jur\u00eddico da advocacia digital\"},\"image\":{\"@id\":\"https:\/\/advbox.com.br\/blog\/#\/schema\/logo\/image\/\"},\"sameAs\":[\"https:\/\/www.facebook.com\/advbox\/\",\"https:\/\/x.com\/advbox2\"]}]}<\/script>\n<!-- \/ Yoast SEO plugin. -->","yoast_head_json":{"title":"Setor jur\u00eddico empresarial: atribui\u00e7\u00f5es e import\u00e2ncia","description":"Setor jur\u00eddico empresarial: atribui\u00e7\u00f5es e import\u00e2ncia - Peti\u00e7\u00f5es, Artigos jur\u00eddicos, jurisprud\u00eancias no site da ADVBOX.","robots":{"index":"index","follow":"follow","max-snippet":"max-snippet:-1","max-image-preview":"max-image-preview:large","max-video-preview":"max-video-preview:-1"},"canonical":"https:\/\/advbox.com.br\/blog\/setor-juridico\/","og_locale":"pt_BR","og_type":"article","og_title":"Setor jur\u00eddico empresarial: atribui\u00e7\u00f5es e import\u00e2ncia","og_description":"Setor jur\u00eddico empresarial: atribui\u00e7\u00f5es e import\u00e2ncia - Peti\u00e7\u00f5es, Artigos jur\u00eddicos, jurisprud\u00eancias no site da ADVBOX.","og_url":"https:\/\/advbox.com.br\/blog\/setor-juridico\/","og_site_name":"Software Jur\u00eddico Completo - ADVBOX","article_publisher":"https:\/\/www.facebook.com\/advbox\/","article_modified_time":"2025-11-12T14:20:27+00:00","og_image":[{"width":640,"height":427,"url":"https:\/\/advbox.com.br\/blog\/wp-content\/uploads\/2021\/11\/setor-juridico.jpg","type":"image\/jpeg"}],"twitter_card":"summary_large_image","twitter_site":"@advbox2","schema":{"@context":"https:\/\/schema.org","@graph":[{"@type":"WebPage","@id":"https:\/\/advbox.com.br\/blog\/setor-juridico\/","url":"https:\/\/advbox.com.br\/blog\/setor-juridico\/","name":"Setor jur\u00eddico empresarial: atribui\u00e7\u00f5es e import\u00e2ncia","isPartOf":{"@id":"https:\/\/advbox.com.br\/blog\/#website"},"primaryImageOfPage":{"@id":"https:\/\/advbox.com.br\/blog\/setor-juridico\/#primaryimage"},"image":{"@id":"https:\/\/advbox.com.br\/blog\/setor-juridico\/#primaryimage"},"thumbnailUrl":"https:\/\/advbox.com.br\/blog\/wp-content\/uploads\/2021\/11\/setor-juridico.jpg","datePublished":"2021-11-25T14:00:00+00:00","dateModified":"2025-11-12T14:20:27+00:00","description":"Setor jur\u00eddico empresarial: atribui\u00e7\u00f5es e import\u00e2ncia - Peti\u00e7\u00f5es, Artigos jur\u00eddicos, jurisprud\u00eancias no site da ADVBOX.","breadcrumb":{"@id":"https:\/\/advbox.com.br\/blog\/setor-juridico\/#breadcrumb"},"inLanguage":"pt-BR","potentialAction":[{"@type":"ReadAction","target":["https:\/\/advbox.com.br\/blog\/setor-juridico\/"]}]},{"@type":"ImageObject","inLanguage":"pt-BR","@id":"https:\/\/advbox.com.br\/blog\/setor-juridico\/#primaryimage","url":"https:\/\/advbox.com.br\/blog\/wp-content\/uploads\/2021\/11\/setor-juridico.jpg","contentUrl":"https:\/\/advbox.com.br\/blog\/wp-content\/uploads\/2021\/11\/setor-juridico.jpg","width":640,"height":427,"caption":"Tipos de lideran\u00e7a"},{"@type":"BreadcrumbList","@id":"https:\/\/advbox.com.br\/blog\/setor-juridico\/#breadcrumb","itemListElement":[{"@type":"ListItem","position":1,"name":"In\u00edcio","item":"https:\/\/advbox.com.br\/blog\/"},{"@type":"ListItem","position":2,"name":"Setor jur\u00eddico empresarial: atribui\u00e7\u00f5es e import\u00e2ncia"}]},{"@type":"WebSite","@id":"https:\/\/advbox.com.br\/blog\/#website","url":"https:\/\/advbox.com.br\/blog\/","name":"Software Jur\u00eddico Completo - ADVBOX","description":"Plataforma para Advocacia Digital","publisher":{"@id":"https:\/\/advbox.com.br\/blog\/#organization"},"potentialAction":[{"@type":"SearchAction","target":{"@type":"EntryPoint","urlTemplate":"https:\/\/advbox.com.br\/blog\/?s={search_term_string}"},"query-input":{"@type":"PropertyValueSpecification","valueRequired":true,"valueName":"search_term_string"}}],"inLanguage":"pt-BR"},{"@type":"Organization","@id":"https:\/\/advbox.com.br\/blog\/#organization","name":"ADVBOX Blog - Software jur\u00eddico da advocacia digital","url":"https:\/\/advbox.com.br\/blog\/","logo":{"@type":"ImageObject","inLanguage":"pt-BR","@id":"https:\/\/advbox.com.br\/blog\/#\/schema\/logo\/image\/","url":"https:\/\/advbox.com.br\/blog\/wp-content\/uploads\/2019\/12\/Como-aumentar-a-produtividade_.jpg","contentUrl":"https:\/\/advbox.com.br\/blog\/wp-content\/uploads\/2019\/12\/Como-aumentar-a-produtividade_.jpg","width":320,"height":213,"caption":"ADVBOX Blog - Software jur\u00eddico da advocacia digital"},"image":{"@id":"https:\/\/advbox.com.br\/blog\/#\/schema\/logo\/image\/"},"sameAs":["https:\/\/www.facebook.com\/advbox\/","https:\/\/x.com\/advbox2"]}]}},"_links":{"self":[{"href":"https:\/\/advbox.com.br\/blog\/wp-json\/wp\/v2\/pages\/39099","targetHints":{"allow":["GET"]}}],"collection":[{"href":"https:\/\/advbox.com.br\/blog\/wp-json\/wp\/v2\/pages"}],"about":[{"href":"https:\/\/advbox.com.br\/blog\/wp-json\/wp\/v2\/types\/page"}],"author":[{"embeddable":true,"href":"https:\/\/advbox.com.br\/blog\/wp-json\/wp\/v2\/users\/43"}],"replies":[{"embeddable":true,"href":"https:\/\/advbox.com.br\/blog\/wp-json\/wp\/v2\/comments?post=39099"}],"version-history":[{"count":3,"href":"https:\/\/advbox.com.br\/blog\/wp-json\/wp\/v2\/pages\/39099\/revisions"}],"predecessor-version":[{"id":78919,"href":"https:\/\/advbox.com.br\/blog\/wp-json\/wp\/v2\/pages\/39099\/revisions\/78919"}],"wp:featuredmedia":[{"embeddable":true,"href":"https:\/\/advbox.com.br\/blog\/wp-json\/wp\/v2\/media\/39100"}],"wp:attachment":[{"href":"https:\/\/advbox.com.br\/blog\/wp-json\/wp\/v2\/media?parent=39099"}],"curies":[{"name":"wp","href":"https:\/\/api.w.org\/{rel}","templated":true}]}}