{"id":50137,"date":"2023-01-16T14:57:10","date_gmt":"2023-01-16T17:57:10","guid":{"rendered":"https:\/\/advbox.com.br\/blog\/?page_id=50137"},"modified":"2026-04-22T18:21:25","modified_gmt":"2026-04-22T21:21:25","slug":"cpc-artigo-63","status":"publish","type":"page","link":"https:\/\/advbox.com.br\/blog\/cpc-artigo-63\/","title":{"rendered":"Artigo 63 CPC \u2013 C\u00f3digo de Processo Civil"},"content":{"rendered":"<p><em>Lei N\u00ba 13.105, de 16 de mar\u00e7o de 2015<\/em>\u00a0<em>\u2013 Artigo 63 CPC.<\/em><\/p><h2 class=\"wp-block-heading\">Artigo 63 CPC<\/h2><p>Art. 63. As partes podem modificar a compet\u00eancia em raz\u00e3o do valor e do territ\u00f3rio, elegendo foro onde ser\u00e1 proposta a\u00e7\u00e3o oriunda de direitos e obriga\u00e7\u00f5es.<\/p><p><a><\/a>\u00a7 1\u00ba A elei\u00e7\u00e3o de foro s\u00f3 produz efeito quando constar de instrumento escrito e aludir expressamente a determinado neg\u00f3cio jur\u00eddico.<\/p><p><a><\/a>\u00a7 2\u00ba O foro contratual obriga os herdeiros e sucessores das partes.<\/p><p><a><\/a>\u00a7 3\u00ba Antes da cita\u00e7\u00e3o, a cl\u00e1usula de elei\u00e7\u00e3o de foro, se abusiva, pode ser reputada ineficaz de of\u00edcio pelo juiz, que determinar\u00e1 a remessa dos autos ao ju\u00edzo do foro de domic\u00edlio do r\u00e9u.<\/p><p>\u00a7 4\u00ba Citado, incumbe ao r\u00e9u alegar a abusividade da cl\u00e1usula de elei\u00e7\u00e3o de foro na contesta\u00e7\u00e3o, sob pena de preclus\u00e3o.<\/p><h2 class=\"wp-block-heading\">Acesse o CPC completo ou separadamente:<\/h2><p><a href=\"https:\/\/advbox.com.br\/blog\/cpc-codigo-de-processo-civil\/\" target=\"_blank\" rel=\"noreferrer noopener\" target=\"_blank\"><strong>CPC completo<\/strong><\/a><\/p><p><a href=\"https:\/\/advbox.com.br\/blog\/cpc-artigo-62\/\" target=\"_blank\"><strong>Artigo 62<\/strong><\/a><\/p><p><strong>Acelere seu trabalho, automatize procura\u00e7\u00f5es, contratos e peti\u00e7\u00f5es no seu escrit\u00f3rio. Saiba como neste <a href=\"https:\/\/advbox.com.br\/blog\/como-automatizar-seus-modelos-de-peticoes\/\" target=\"_blank\">artigo<\/a> no nosso blog.<\/strong><\/p>\n","protected":false},"excerpt":{"rendered":"<p>Lei N\u00ba 13.105, de 16 de mar\u00e7o de 2015\u00a0\u2013 Artigo 63 CPC. Artigo 63 CPC Art. 63. As partes podem modificar a compet\u00eancia em raz\u00e3o do valor e do territ\u00f3rio, elegendo foro onde ser\u00e1 proposta a\u00e7\u00e3o oriunda de direitos e obriga\u00e7\u00f5es. \u00a7 1\u00ba A elei\u00e7\u00e3o de foro s\u00f3 produz efeito [&hellip;]<\/p>\n","protected":false},"author":44,"featured_media":0,"parent":0,"menu_order":0,"comment_status":"closed","ping_status":"closed","template":"","meta":{"_acf_changed":false,"om_disable_all_campaigns":false,"footnotes":""},"class_list":["post-50137","page","type-page","status-publish","hentry"],"acf":[],"yoast_head":"<!-- This site is optimized with the Yoast SEO plugin v26.9 - https:\/\/yoast.com\/product\/yoast-seo-wordpress\/ -->\n<title>Artigo 63 do CPC: cl\u00e1usula de elei\u00e7\u00e3o de foro<\/title>\n<meta name=\"description\" content=\"Artigo 63 CPC - C\u00f3digo de Processo Civil - As partes podem modificar a compet\u00eancia em raz\u00e3o do valor e do territ\u00f3rio, elegendo [continua]\" \/>\n<meta name=\"robots\" content=\"index, follow, max-snippet:-1, max-image-preview:large, max-video-preview:-1\" \/>\n<link rel=\"canonical\" href=\"https:\/\/advbox.com.br\/blog\/cpc-artigo-63\/\" \/>\n<meta property=\"og:locale\" content=\"pt_BR\" \/>\n<meta property=\"og:type\" content=\"article\" \/>\n<meta property=\"og:title\" content=\"Artigo 63 do CPC: cl\u00e1usula de elei\u00e7\u00e3o de foro\" \/>\n<meta property=\"og:description\" content=\"Artigo 63 CPC - C\u00f3digo de Processo Civil - As partes podem modificar a compet\u00eancia em raz\u00e3o do valor e do territ\u00f3rio, elegendo [continua]\" \/>\n<meta property=\"og:url\" content=\"https:\/\/advbox.com.br\/blog\/cpc-artigo-63\/\" \/>\n<meta property=\"og:site_name\" content=\"Software Jur\u00eddico Completo - ADVBOX\" \/>\n<meta property=\"article:publisher\" content=\"https:\/\/www.facebook.com\/advbox\/\" \/>\n<meta property=\"article:modified_time\" content=\"2026-04-22T21:21:25+00:00\" \/>\n<meta name=\"twitter:card\" content=\"summary_large_image\" \/>\n<meta name=\"twitter:site\" content=\"@advbox2\" \/>\n<script type=\"application\/ld+json\" class=\"yoast-schema-graph\">{\"@context\":\"https:\/\/schema.org\",\"@graph\":[{\"@type\":\"WebPage\",\"@id\":\"https:\/\/advbox.com.br\/blog\/cpc-artigo-63\/\",\"url\":\"https:\/\/advbox.com.br\/blog\/cpc-artigo-63\/\",\"name\":\"Artigo 63 do CPC: cl\u00e1usula de elei\u00e7\u00e3o de foro\",\"isPartOf\":{\"@id\":\"https:\/\/advbox.com.br\/blog\/#website\"},\"datePublished\":\"2023-01-16T17:57:10+00:00\",\"dateModified\":\"2026-04-22T21:21:25+00:00\",\"description\":\"Artigo 63 CPC - C\u00f3digo de Processo Civil - As partes podem modificar a compet\u00eancia em raz\u00e3o do valor e do territ\u00f3rio, elegendo [continua]\",\"breadcrumb\":{\"@id\":\"https:\/\/advbox.com.br\/blog\/cpc-artigo-63\/#breadcrumb\"},\"inLanguage\":\"pt-BR\",\"potentialAction\":[{\"@type\":\"ReadAction\",\"target\":[\"https:\/\/advbox.com.br\/blog\/cpc-artigo-63\/\"]}]},{\"@type\":\"BreadcrumbList\",\"@id\":\"https:\/\/advbox.com.br\/blog\/cpc-artigo-63\/#breadcrumb\",\"itemListElement\":[{\"@type\":\"ListItem\",\"position\":1,\"name\":\"In\u00edcio\",\"item\":\"https:\/\/advbox.com.br\/blog\/\"},{\"@type\":\"ListItem\",\"position\":2,\"name\":\"Artigo 63 CPC \u2013 C\u00f3digo de Processo Civil\"}]},{\"@type\":\"WebSite\",\"@id\":\"https:\/\/advbox.com.br\/blog\/#website\",\"url\":\"https:\/\/advbox.com.br\/blog\/\",\"name\":\"Software Jur\u00eddico Completo - ADVBOX\",\"description\":\"Plataforma para Advocacia Digital\",\"publisher\":{\"@id\":\"https:\/\/advbox.com.br\/blog\/#organization\"},\"potentialAction\":[{\"@type\":\"SearchAction\",\"target\":{\"@type\":\"EntryPoint\",\"urlTemplate\":\"https:\/\/advbox.com.br\/blog\/?s={search_term_string}\"},\"query-input\":{\"@type\":\"PropertyValueSpecification\",\"valueRequired\":true,\"valueName\":\"search_term_string\"}}],\"inLanguage\":\"pt-BR\"},{\"@type\":\"Organization\",\"@id\":\"https:\/\/advbox.com.br\/blog\/#organization\",\"name\":\"ADVBOX Blog - Software jur\u00eddico da advocacia digital\",\"url\":\"https:\/\/advbox.com.br\/blog\/\",\"logo\":{\"@type\":\"ImageObject\",\"inLanguage\":\"pt-BR\",\"@id\":\"https:\/\/advbox.com.br\/blog\/#\/schema\/logo\/image\/\",\"url\":\"https:\/\/advbox.com.br\/blog\/wp-content\/uploads\/2019\/12\/Como-aumentar-a-produtividade_.jpg\",\"contentUrl\":\"https:\/\/advbox.com.br\/blog\/wp-content\/uploads\/2019\/12\/Como-aumentar-a-produtividade_.jpg\",\"width\":320,\"height\":213,\"caption\":\"ADVBOX Blog - Software jur\u00eddico da advocacia digital\"},\"image\":{\"@id\":\"https:\/\/advbox.com.br\/blog\/#\/schema\/logo\/image\/\"},\"sameAs\":[\"https:\/\/www.facebook.com\/advbox\/\",\"https:\/\/x.com\/advbox2\"]}]}<\/script>\n<!-- \/ Yoast SEO plugin. -->","yoast_head_json":{"title":"Artigo 63 do CPC: cl\u00e1usula de elei\u00e7\u00e3o de foro","description":"Artigo 63 CPC - C\u00f3digo de Processo Civil - As partes podem modificar a compet\u00eancia em raz\u00e3o do valor e do territ\u00f3rio, elegendo [continua]","robots":{"index":"index","follow":"follow","max-snippet":"max-snippet:-1","max-image-preview":"max-image-preview:large","max-video-preview":"max-video-preview:-1"},"canonical":"https:\/\/advbox.com.br\/blog\/cpc-artigo-63\/","og_locale":"pt_BR","og_type":"article","og_title":"Artigo 63 do CPC: cl\u00e1usula de elei\u00e7\u00e3o de foro","og_description":"Artigo 63 CPC - C\u00f3digo de Processo Civil - As partes podem modificar a compet\u00eancia em raz\u00e3o do valor e do territ\u00f3rio, elegendo [continua]","og_url":"https:\/\/advbox.com.br\/blog\/cpc-artigo-63\/","og_site_name":"Software Jur\u00eddico Completo - ADVBOX","article_publisher":"https:\/\/www.facebook.com\/advbox\/","article_modified_time":"2026-04-22T21:21:25+00:00","twitter_card":"summary_large_image","twitter_site":"@advbox2","schema":{"@context":"https:\/\/schema.org","@graph":[{"@type":"WebPage","@id":"https:\/\/advbox.com.br\/blog\/cpc-artigo-63\/","url":"https:\/\/advbox.com.br\/blog\/cpc-artigo-63\/","name":"Artigo 63 do CPC: cl\u00e1usula de elei\u00e7\u00e3o de foro","isPartOf":{"@id":"https:\/\/advbox.com.br\/blog\/#website"},"datePublished":"2023-01-16T17:57:10+00:00","dateModified":"2026-04-22T21:21:25+00:00","description":"Artigo 63 CPC - C\u00f3digo de Processo Civil - As partes podem modificar a compet\u00eancia em raz\u00e3o do valor e do territ\u00f3rio, elegendo [continua]","breadcrumb":{"@id":"https:\/\/advbox.com.br\/blog\/cpc-artigo-63\/#breadcrumb"},"inLanguage":"pt-BR","potentialAction":[{"@type":"ReadAction","target":["https:\/\/advbox.com.br\/blog\/cpc-artigo-63\/"]}]},{"@type":"BreadcrumbList","@id":"https:\/\/advbox.com.br\/blog\/cpc-artigo-63\/#breadcrumb","itemListElement":[{"@type":"ListItem","position":1,"name":"In\u00edcio","item":"https:\/\/advbox.com.br\/blog\/"},{"@type":"ListItem","position":2,"name":"Artigo 63 CPC \u2013 C\u00f3digo de Processo Civil"}]},{"@type":"WebSite","@id":"https:\/\/advbox.com.br\/blog\/#website","url":"https:\/\/advbox.com.br\/blog\/","name":"Software Jur\u00eddico Completo - ADVBOX","description":"Plataforma para Advocacia Digital","publisher":{"@id":"https:\/\/advbox.com.br\/blog\/#organization"},"potentialAction":[{"@type":"SearchAction","target":{"@type":"EntryPoint","urlTemplate":"https:\/\/advbox.com.br\/blog\/?s={search_term_string}"},"query-input":{"@type":"PropertyValueSpecification","valueRequired":true,"valueName":"search_term_string"}}],"inLanguage":"pt-BR"},{"@type":"Organization","@id":"https:\/\/advbox.com.br\/blog\/#organization","name":"ADVBOX Blog - Software jur\u00eddico da advocacia digital","url":"https:\/\/advbox.com.br\/blog\/","logo":{"@type":"ImageObject","inLanguage":"pt-BR","@id":"https:\/\/advbox.com.br\/blog\/#\/schema\/logo\/image\/","url":"https:\/\/advbox.com.br\/blog\/wp-content\/uploads\/2019\/12\/Como-aumentar-a-produtividade_.jpg","contentUrl":"https:\/\/advbox.com.br\/blog\/wp-content\/uploads\/2019\/12\/Como-aumentar-a-produtividade_.jpg","width":320,"height":213,"caption":"ADVBOX Blog - Software jur\u00eddico da advocacia digital"},"image":{"@id":"https:\/\/advbox.com.br\/blog\/#\/schema\/logo\/image\/"},"sameAs":["https:\/\/www.facebook.com\/advbox\/","https:\/\/x.com\/advbox2"]}]}},"_links":{"self":[{"href":"https:\/\/advbox.com.br\/blog\/wp-json\/wp\/v2\/pages\/50137","targetHints":{"allow":["GET"]}}],"collection":[{"href":"https:\/\/advbox.com.br\/blog\/wp-json\/wp\/v2\/pages"}],"about":[{"href":"https:\/\/advbox.com.br\/blog\/wp-json\/wp\/v2\/types\/page"}],"author":[{"embeddable":true,"href":"https:\/\/advbox.com.br\/blog\/wp-json\/wp\/v2\/users\/44"}],"replies":[{"embeddable":true,"href":"https:\/\/advbox.com.br\/blog\/wp-json\/wp\/v2\/comments?post=50137"}],"version-history":[{"count":3,"href":"https:\/\/advbox.com.br\/blog\/wp-json\/wp\/v2\/pages\/50137\/revisions"}],"predecessor-version":[{"id":83261,"href":"https:\/\/advbox.com.br\/blog\/wp-json\/wp\/v2\/pages\/50137\/revisions\/83261"}],"wp:attachment":[{"href":"https:\/\/advbox.com.br\/blog\/wp-json\/wp\/v2\/media?parent=50137"}],"curies":[{"name":"wp","href":"https:\/\/api.w.org\/{rel}","templated":true}]}}