{"id":50325,"date":"2023-01-18T15:57:29","date_gmt":"2023-01-18T18:57:29","guid":{"rendered":"https:\/\/advbox.com.br\/blog\/?page_id=50325"},"modified":"2026-04-22T18:48:33","modified_gmt":"2026-04-22T21:48:33","slug":"cpc-artigo-75","status":"publish","type":"page","link":"https:\/\/advbox.com.br\/blog\/cpc-artigo-75\/","title":{"rendered":"Artigo 75 CPC \u2013 C\u00f3digo de Processo Civil"},"content":{"rendered":"<p><em>Lei N\u00ba 13.105, de 16 de mar\u00e7o de 2015<\/em>\u00a0<em>\u2013 Artigo 75 CPC.<\/em><\/p><h2 class=\"wp-block-heading\">Artigo 75 CPC<\/h2><p>Art. 75. Ser\u00e3o representados em ju\u00edzo, ativa e passivamente:<\/p><p><a><\/a>I &#8211; a Uni\u00e3o, pela Advocacia-Geral da Uni\u00e3o, diretamente ou mediante \u00f3rg\u00e3o vinculado;<\/p><p><a><\/a>II &#8211; o Estado e o Distrito Federal, por seus procuradores;<\/p><p><s><a><\/a>III &#8211; o Munic\u00edpio, por seu prefeito ou procurador;<\/s><\/p><p>III &#8211; o Munic\u00edpio, por seu prefeito, procurador ou Associa\u00e7\u00e3o de Representa\u00e7\u00e3o de Munic\u00edpios, quando expressamente autorizada; <a href=\"http:\/\/www.planalto.gov.br\/ccivil_03\/_Ato2019-2022\/2022\/Lei\/L14341.htm#art13\" target=\"_blank\">(Reda\u00e7\u00e3o dada pela Lei n\u00ba 14.341, de 2022)<\/a><\/p><p><a><\/a>IV &#8211; a autarquia e a funda\u00e7\u00e3o de direito p\u00fablico, por quem a lei do ente federado designar;<\/p><p><a><\/a>V &#8211; a massa falida, pelo administrador judicial;<\/p><p><a><\/a>VI &#8211; a heran\u00e7a jacente ou vacante, por seu curador;<\/p><p><a><\/a>VII &#8211; o esp\u00f3lio, pelo inventariante;<\/p><p><a><\/a>VIII &#8211; a pessoa jur\u00eddica, por quem os respectivos atos constitutivos designarem ou, n\u00e3o havendo essa designa\u00e7\u00e3o, por seus diretores;<\/p><p><a><\/a>IX &#8211; a sociedade e a associa\u00e7\u00e3o irregulares e outros entes organizados sem personalidade jur\u00eddica, pela pessoa a quem couber a administra\u00e7\u00e3o de seus bens;<\/p><p><a><\/a>X &#8211; a pessoa jur\u00eddica estrangeira, pelo gerente, representante ou administrador de sua filial, ag\u00eancia ou sucursal aberta ou instalada no Brasil;<\/p><p><a><\/a>XI &#8211; o condom\u00ednio, pelo administrador ou s\u00edndico.<\/p><p><a><\/a>\u00a7 1\u00ba Quando o inventariante for dativo, os sucessores do falecido ser\u00e3o intimados no processo no qual o esp\u00f3lio seja parte.<\/p><p><a><\/a>\u00a7 2\u00ba A sociedade ou associa\u00e7\u00e3o sem personalidade jur\u00eddica n\u00e3o poder\u00e1 opor a irregularidade de sua constitui\u00e7\u00e3o quando demandada.<\/p><p><a><\/a>\u00a7 3\u00ba O gerente de filial ou ag\u00eancia presume-se autorizado pela pessoa jur\u00eddica estrangeira a receber cita\u00e7\u00e3o para qualquer processo.<\/p><p><a><\/a>\u00a7 4\u00ba Os Estados e o Distrito Federal poder\u00e3o ajustar compromisso rec\u00edproco para pr\u00e1tica de ato processual por seus procuradores em favor de outro ente federado, mediante conv\u00eanio firmado pelas respectivas procuradorias.<\/p><p>\u00a7 5\u00ba A representa\u00e7\u00e3o judicial do Munic\u00edpio pela Associa\u00e7\u00e3o de Representa\u00e7\u00e3o de Munic\u00edpios somente poder\u00e1 ocorrer em quest\u00f5es de interesse comum dos Munic\u00edpios associados e depender\u00e1 de autoriza\u00e7\u00e3o do respectivo chefe do Poder Executivo municipal, com indica\u00e7\u00e3o espec\u00edfica do direito ou da obriga\u00e7\u00e3o a ser objeto das medidas judiciais. <a href=\"http:\/\/www.planalto.gov.br\/ccivil_03\/_Ato2019-2022\/2022\/Lei\/L14341.htm#art13\" target=\"_blank\">(Inclu\u00eddo pela Lei n\u00ba 14.341, de 2022)<\/a><\/p><h2 class=\"wp-block-heading\">Acesse o CPC completo ou separadamente:<\/h2><p><a href=\"https:\/\/advbox.com.br\/blog\/cpc-codigo-de-processo-civil\/\" target=\"_blank\" rel=\"noreferrer noopener\" target=\"_blank\"><strong>CPC completo<\/strong><\/a><\/p><p><a href=\"https:\/\/advbox.com.br\/blog\/cpc-artigo-74\/\" target=\"_blank\"><strong>Artigo 74<\/strong><\/a><\/p><p><strong>Acelere seu trabalho, automatize procura\u00e7\u00f5es, contratos e peti\u00e7\u00f5es no seu escrit\u00f3rio. Saiba como neste <a href=\"https:\/\/advbox.com.br\/blog\/como-automatizar-seus-modelos-de-peticoes\/\" target=\"_blank\">artigo<\/a> no nosso blog.<\/strong><\/p>\n","protected":false},"excerpt":{"rendered":"<p>Lei N\u00ba 13.105, de 16 de mar\u00e7o de 2015\u00a0\u2013 Artigo 75 CPC. Artigo 75 CPC Art. 75. Ser\u00e3o representados em ju\u00edzo, ativa e passivamente: I &#8211; a Uni\u00e3o, pela Advocacia-Geral da Uni\u00e3o, diretamente ou mediante \u00f3rg\u00e3o vinculado; II &#8211; o Estado e o Distrito Federal, por seus procuradores; III &#8211; [&hellip;]<\/p>\n","protected":false},"author":44,"featured_media":0,"parent":0,"menu_order":0,"comment_status":"closed","ping_status":"closed","template":"","meta":{"_acf_changed":false,"om_disable_all_campaigns":false,"footnotes":""},"class_list":["post-50325","page","type-page","status-publish","hentry"],"acf":[],"yoast_head":"<!-- This site is optimized with the Yoast SEO plugin v26.9 - https:\/\/yoast.com\/product\/yoast-seo-wordpress\/ -->\n<title>Artigo 75 do CPC: representa\u00e7\u00e3o em ju\u00edzo<\/title>\n<meta name=\"description\" content=\"Artigo 75 CPC - C\u00f3digo de Processo Civil - Ser\u00e3o representados em ju\u00edzo, ativa e passivamente: I - a Uni\u00e3o, pela Advocacia-Geral [continua]\" \/>\n<meta name=\"robots\" content=\"index, follow, max-snippet:-1, max-image-preview:large, max-video-preview:-1\" \/>\n<link rel=\"canonical\" href=\"https:\/\/advbox.com.br\/blog\/cpc-artigo-75\/\" \/>\n<meta property=\"og:locale\" content=\"pt_BR\" \/>\n<meta property=\"og:type\" content=\"article\" \/>\n<meta property=\"og:title\" content=\"Artigo 75 do CPC: representa\u00e7\u00e3o em ju\u00edzo\" \/>\n<meta property=\"og:description\" content=\"Artigo 75 CPC - C\u00f3digo de Processo Civil - Ser\u00e3o representados em ju\u00edzo, ativa e passivamente: I - a Uni\u00e3o, pela Advocacia-Geral [continua]\" \/>\n<meta property=\"og:url\" content=\"https:\/\/advbox.com.br\/blog\/cpc-artigo-75\/\" \/>\n<meta property=\"og:site_name\" content=\"Software Jur\u00eddico Completo - ADVBOX\" \/>\n<meta property=\"article:publisher\" content=\"https:\/\/www.facebook.com\/advbox\/\" \/>\n<meta property=\"article:modified_time\" content=\"2026-04-22T21:48:33+00:00\" \/>\n<meta name=\"twitter:card\" content=\"summary_large_image\" \/>\n<meta name=\"twitter:site\" content=\"@advbox2\" \/>\n<script type=\"application\/ld+json\" class=\"yoast-schema-graph\">{\"@context\":\"https:\/\/schema.org\",\"@graph\":[{\"@type\":\"WebPage\",\"@id\":\"https:\/\/advbox.com.br\/blog\/cpc-artigo-75\/\",\"url\":\"https:\/\/advbox.com.br\/blog\/cpc-artigo-75\/\",\"name\":\"Artigo 75 do CPC: representa\u00e7\u00e3o em ju\u00edzo\",\"isPartOf\":{\"@id\":\"https:\/\/advbox.com.br\/blog\/#website\"},\"datePublished\":\"2023-01-18T18:57:29+00:00\",\"dateModified\":\"2026-04-22T21:48:33+00:00\",\"description\":\"Artigo 75 CPC - C\u00f3digo de Processo Civil - Ser\u00e3o representados em ju\u00edzo, ativa e passivamente: I - a Uni\u00e3o, pela Advocacia-Geral [continua]\",\"breadcrumb\":{\"@id\":\"https:\/\/advbox.com.br\/blog\/cpc-artigo-75\/#breadcrumb\"},\"inLanguage\":\"pt-BR\",\"potentialAction\":[{\"@type\":\"ReadAction\",\"target\":[\"https:\/\/advbox.com.br\/blog\/cpc-artigo-75\/\"]}]},{\"@type\":\"BreadcrumbList\",\"@id\":\"https:\/\/advbox.com.br\/blog\/cpc-artigo-75\/#breadcrumb\",\"itemListElement\":[{\"@type\":\"ListItem\",\"position\":1,\"name\":\"In\u00edcio\",\"item\":\"https:\/\/advbox.com.br\/blog\/\"},{\"@type\":\"ListItem\",\"position\":2,\"name\":\"Artigo 75 CPC \u2013 C\u00f3digo de Processo Civil\"}]},{\"@type\":\"WebSite\",\"@id\":\"https:\/\/advbox.com.br\/blog\/#website\",\"url\":\"https:\/\/advbox.com.br\/blog\/\",\"name\":\"Software Jur\u00eddico Completo - ADVBOX\",\"description\":\"Plataforma para Advocacia Digital\",\"publisher\":{\"@id\":\"https:\/\/advbox.com.br\/blog\/#organization\"},\"potentialAction\":[{\"@type\":\"SearchAction\",\"target\":{\"@type\":\"EntryPoint\",\"urlTemplate\":\"https:\/\/advbox.com.br\/blog\/?s={search_term_string}\"},\"query-input\":{\"@type\":\"PropertyValueSpecification\",\"valueRequired\":true,\"valueName\":\"search_term_string\"}}],\"inLanguage\":\"pt-BR\"},{\"@type\":\"Organization\",\"@id\":\"https:\/\/advbox.com.br\/blog\/#organization\",\"name\":\"ADVBOX Blog - Software jur\u00eddico da advocacia digital\",\"url\":\"https:\/\/advbox.com.br\/blog\/\",\"logo\":{\"@type\":\"ImageObject\",\"inLanguage\":\"pt-BR\",\"@id\":\"https:\/\/advbox.com.br\/blog\/#\/schema\/logo\/image\/\",\"url\":\"https:\/\/advbox.com.br\/blog\/wp-content\/uploads\/2019\/12\/Como-aumentar-a-produtividade_.jpg\",\"contentUrl\":\"https:\/\/advbox.com.br\/blog\/wp-content\/uploads\/2019\/12\/Como-aumentar-a-produtividade_.jpg\",\"width\":320,\"height\":213,\"caption\":\"ADVBOX Blog - Software jur\u00eddico da advocacia digital\"},\"image\":{\"@id\":\"https:\/\/advbox.com.br\/blog\/#\/schema\/logo\/image\/\"},\"sameAs\":[\"https:\/\/www.facebook.com\/advbox\/\",\"https:\/\/x.com\/advbox2\"]}]}<\/script>\n<!-- \/ Yoast SEO plugin. -->","yoast_head_json":{"title":"Artigo 75 do CPC: representa\u00e7\u00e3o em ju\u00edzo","description":"Artigo 75 CPC - C\u00f3digo de Processo Civil - Ser\u00e3o representados em ju\u00edzo, ativa e passivamente: I - a Uni\u00e3o, pela Advocacia-Geral [continua]","robots":{"index":"index","follow":"follow","max-snippet":"max-snippet:-1","max-image-preview":"max-image-preview:large","max-video-preview":"max-video-preview:-1"},"canonical":"https:\/\/advbox.com.br\/blog\/cpc-artigo-75\/","og_locale":"pt_BR","og_type":"article","og_title":"Artigo 75 do CPC: representa\u00e7\u00e3o em ju\u00edzo","og_description":"Artigo 75 CPC - C\u00f3digo de Processo Civil - Ser\u00e3o representados em ju\u00edzo, ativa e passivamente: I - a Uni\u00e3o, pela Advocacia-Geral [continua]","og_url":"https:\/\/advbox.com.br\/blog\/cpc-artigo-75\/","og_site_name":"Software Jur\u00eddico Completo - ADVBOX","article_publisher":"https:\/\/www.facebook.com\/advbox\/","article_modified_time":"2026-04-22T21:48:33+00:00","twitter_card":"summary_large_image","twitter_site":"@advbox2","schema":{"@context":"https:\/\/schema.org","@graph":[{"@type":"WebPage","@id":"https:\/\/advbox.com.br\/blog\/cpc-artigo-75\/","url":"https:\/\/advbox.com.br\/blog\/cpc-artigo-75\/","name":"Artigo 75 do CPC: representa\u00e7\u00e3o em ju\u00edzo","isPartOf":{"@id":"https:\/\/advbox.com.br\/blog\/#website"},"datePublished":"2023-01-18T18:57:29+00:00","dateModified":"2026-04-22T21:48:33+00:00","description":"Artigo 75 CPC - C\u00f3digo de Processo Civil - Ser\u00e3o representados em ju\u00edzo, ativa e passivamente: I - a Uni\u00e3o, pela Advocacia-Geral [continua]","breadcrumb":{"@id":"https:\/\/advbox.com.br\/blog\/cpc-artigo-75\/#breadcrumb"},"inLanguage":"pt-BR","potentialAction":[{"@type":"ReadAction","target":["https:\/\/advbox.com.br\/blog\/cpc-artigo-75\/"]}]},{"@type":"BreadcrumbList","@id":"https:\/\/advbox.com.br\/blog\/cpc-artigo-75\/#breadcrumb","itemListElement":[{"@type":"ListItem","position":1,"name":"In\u00edcio","item":"https:\/\/advbox.com.br\/blog\/"},{"@type":"ListItem","position":2,"name":"Artigo 75 CPC \u2013 C\u00f3digo de Processo Civil"}]},{"@type":"WebSite","@id":"https:\/\/advbox.com.br\/blog\/#website","url":"https:\/\/advbox.com.br\/blog\/","name":"Software Jur\u00eddico Completo - ADVBOX","description":"Plataforma para Advocacia Digital","publisher":{"@id":"https:\/\/advbox.com.br\/blog\/#organization"},"potentialAction":[{"@type":"SearchAction","target":{"@type":"EntryPoint","urlTemplate":"https:\/\/advbox.com.br\/blog\/?s={search_term_string}"},"query-input":{"@type":"PropertyValueSpecification","valueRequired":true,"valueName":"search_term_string"}}],"inLanguage":"pt-BR"},{"@type":"Organization","@id":"https:\/\/advbox.com.br\/blog\/#organization","name":"ADVBOX Blog - Software jur\u00eddico da advocacia digital","url":"https:\/\/advbox.com.br\/blog\/","logo":{"@type":"ImageObject","inLanguage":"pt-BR","@id":"https:\/\/advbox.com.br\/blog\/#\/schema\/logo\/image\/","url":"https:\/\/advbox.com.br\/blog\/wp-content\/uploads\/2019\/12\/Como-aumentar-a-produtividade_.jpg","contentUrl":"https:\/\/advbox.com.br\/blog\/wp-content\/uploads\/2019\/12\/Como-aumentar-a-produtividade_.jpg","width":320,"height":213,"caption":"ADVBOX Blog - Software jur\u00eddico da advocacia digital"},"image":{"@id":"https:\/\/advbox.com.br\/blog\/#\/schema\/logo\/image\/"},"sameAs":["https:\/\/www.facebook.com\/advbox\/","https:\/\/x.com\/advbox2"]}]}},"_links":{"self":[{"href":"https:\/\/advbox.com.br\/blog\/wp-json\/wp\/v2\/pages\/50325","targetHints":{"allow":["GET"]}}],"collection":[{"href":"https:\/\/advbox.com.br\/blog\/wp-json\/wp\/v2\/pages"}],"about":[{"href":"https:\/\/advbox.com.br\/blog\/wp-json\/wp\/v2\/types\/page"}],"author":[{"embeddable":true,"href":"https:\/\/advbox.com.br\/blog\/wp-json\/wp\/v2\/users\/44"}],"replies":[{"embeddable":true,"href":"https:\/\/advbox.com.br\/blog\/wp-json\/wp\/v2\/comments?post=50325"}],"version-history":[{"count":4,"href":"https:\/\/advbox.com.br\/blog\/wp-json\/wp\/v2\/pages\/50325\/revisions"}],"predecessor-version":[{"id":83283,"href":"https:\/\/advbox.com.br\/blog\/wp-json\/wp\/v2\/pages\/50325\/revisions\/83283"}],"wp:attachment":[{"href":"https:\/\/advbox.com.br\/blog\/wp-json\/wp\/v2\/media?parent=50325"}],"curies":[{"name":"wp","href":"https:\/\/api.w.org\/{rel}","templated":true}]}}