{"id":51864,"date":"2023-03-06T14:34:02","date_gmt":"2023-03-06T17:34:02","guid":{"rendered":"https:\/\/advbox.com.br\/blog\/?page_id=51864"},"modified":"2025-09-19T15:40:10","modified_gmt":"2025-09-19T18:40:10","slug":"cpc-artigo-153","status":"publish","type":"page","link":"https:\/\/advbox.com.br\/blog\/cpc-artigo-153\/","title":{"rendered":"Artigo 153 CPC | ADVBOX"},"content":{"rendered":"<p><em>Lei N\u00ba 13.105, de 16 de mar\u00e7o de 2015<\/em>\u00a0<em>\u2013 Artigo 153 CPC.<\/em><\/p><h2 class=\"wp-block-heading\">Artigo 153 CPC<\/h2><p>Art. 153. O escriv\u00e3o ou o chefe de secretaria atender\u00e1, preferencialmente, \u00e0 ordem cronol\u00f3gica de recebimento para publica\u00e7\u00e3o e efetiva\u00e7\u00e3o dos pronunciamentos judiciais.\u00a0<a href=\"http:\/\/www.planalto.gov.br\/ccivil_03\/_ato2015-2018\/2016\/Lei\/L13256.htm#art2\" target=\"_blank\">(Reda\u00e7\u00e3o dada pela Lei n\u00ba 13.256, de 2016)\u00a0<\/a><a href=\"http:\/\/www.planalto.gov.br\/ccivil_03\/_ato2015-2018\/2016\/Lei\/L13256.htm#art4\" target=\"_blank\">(Vig\u00eancia)<\/a><\/p><p><a><\/a>\u00a7 1\u00ba A lista de processos recebidos dever\u00e1 ser disponibilizada, de forma permanente, para consulta p\u00fablica.<\/p><p><a><\/a>\u00a7 2\u00ba Est\u00e3o exclu\u00eddos da regra do\u00a0caput\u00a0:<\/p><p><a><\/a>I &#8211; os atos urgentes, assim reconhecidos pelo juiz no pronunciamento judicial a ser efetivado;<\/p><p><a><\/a>II &#8211; as prefer\u00eancias legais.<\/p><p><a><\/a>\u00a7 3\u00ba Ap\u00f3s elabora\u00e7\u00e3o de lista pr\u00f3pria, respeitar-se-\u00e3o a ordem cronol\u00f3gica de recebimento entre os atos urgentes e as prefer\u00eancias legais.<\/p><p><a><\/a>\u00a7 4\u00ba A parte que se considerar preterida na ordem cronol\u00f3gica poder\u00e1 reclamar, nos pr\u00f3prios autos, ao juiz do processo, que requisitar\u00e1 informa\u00e7\u00f5es ao servidor, a serem prestadas no prazo de 2 (dois) dias.<\/p><p>\u00a7 5\u00ba Constatada a preteri\u00e7\u00e3o, o juiz determinar\u00e1 o imediato cumprimento do ato e a instaura\u00e7\u00e3o de processo administrativo disciplinar contra o servidor.<\/p><h2 class=\"wp-block-heading\">Acesse o CPC completo ou separadamente:<\/h2><p><a href=\"https:\/\/advbox.com.br\/blog\/cpc-codigo-de-processo-civil\/\" target=\"_blank\" rel=\"noreferrer noopener\" target=\"_blank\"><strong>CPC completo<\/strong><\/a><\/p><p><a href=\"https:\/\/advbox.com.br\/blog\/cpc-artigo-152\/\" target=\"_blank\"><strong>Artigo 152<\/strong><\/a><\/p><p><strong>Acelere seu trabalho, automatize procura\u00e7\u00f5es, contratos e peti\u00e7\u00f5es no seu escrit\u00f3rio. Saiba como neste <a href=\"https:\/\/advbox.com.br\/blog\/como-automatizar-seus-modelos-de-peticoes\/\" target=\"_blank\">artigo<\/a> no nosso blog.<\/strong><\/p>\n","protected":false},"excerpt":{"rendered":"<p>Lei N\u00ba 13.105, de 16 de mar\u00e7o de 2015\u00a0\u2013 Artigo 153 CPC. Artigo 153 CPC Art. 153. O escriv\u00e3o ou o chefe de secretaria atender\u00e1, preferencialmente, \u00e0 ordem cronol\u00f3gica de recebimento para publica\u00e7\u00e3o e efetiva\u00e7\u00e3o dos pronunciamentos judiciais.\u00a0(Reda\u00e7\u00e3o dada pela Lei n\u00ba 13.256, de 2016)\u00a0(Vig\u00eancia) \u00a7 1\u00ba A lista de [&hellip;]<\/p>\n","protected":false},"author":44,"featured_media":0,"parent":0,"menu_order":0,"comment_status":"closed","ping_status":"closed","template":"","meta":{"_acf_changed":false,"om_disable_all_campaigns":false,"footnotes":""},"class_list":["post-51864","page","type-page","status-publish","hentry"],"acf":[],"yoast_head":"<!-- This site is optimized with the Yoast SEO plugin v26.9 - https:\/\/yoast.com\/product\/yoast-seo-wordpress\/ -->\n<title>Artigo 153 CPC | ADVBOX<\/title>\n<meta name=\"description\" content=\"Artigo 153 CPC - C\u00f3digo de Processo Civil - O escriv\u00e3o ou o chefe de secretaria atender\u00e1, preferencialmente, \u00e0 ordem cronol\u00f3gica de [continua]\" \/>\n<meta name=\"robots\" content=\"index, follow, max-snippet:-1, max-image-preview:large, max-video-preview:-1\" \/>\n<link rel=\"canonical\" href=\"https:\/\/advbox.com.br\/blog\/cpc-artigo-153\/\" \/>\n<meta property=\"og:locale\" content=\"pt_BR\" \/>\n<meta property=\"og:type\" content=\"article\" \/>\n<meta property=\"og:title\" content=\"Artigo 153 CPC | ADVBOX\" \/>\n<meta property=\"og:description\" content=\"Artigo 153 CPC - C\u00f3digo de Processo Civil - O escriv\u00e3o ou o chefe de secretaria atender\u00e1, preferencialmente, \u00e0 ordem cronol\u00f3gica de [continua]\" \/>\n<meta property=\"og:url\" content=\"https:\/\/advbox.com.br\/blog\/cpc-artigo-153\/\" \/>\n<meta property=\"og:site_name\" content=\"Software Jur\u00eddico Completo - ADVBOX\" \/>\n<meta property=\"article:publisher\" content=\"https:\/\/www.facebook.com\/advbox\/\" \/>\n<meta property=\"article:modified_time\" content=\"2025-09-19T18:40:10+00:00\" \/>\n<meta name=\"twitter:card\" content=\"summary_large_image\" \/>\n<meta name=\"twitter:site\" content=\"@advbox2\" \/>\n<script type=\"application\/ld+json\" class=\"yoast-schema-graph\">{\"@context\":\"https:\/\/schema.org\",\"@graph\":[{\"@type\":\"WebPage\",\"@id\":\"https:\/\/advbox.com.br\/blog\/cpc-artigo-153\/\",\"url\":\"https:\/\/advbox.com.br\/blog\/cpc-artigo-153\/\",\"name\":\"Artigo 153 CPC | ADVBOX\",\"isPartOf\":{\"@id\":\"https:\/\/advbox.com.br\/blog\/#website\"},\"datePublished\":\"2023-03-06T17:34:02+00:00\",\"dateModified\":\"2025-09-19T18:40:10+00:00\",\"description\":\"Artigo 153 CPC - C\u00f3digo de Processo Civil - O escriv\u00e3o ou o chefe de secretaria atender\u00e1, preferencialmente, \u00e0 ordem cronol\u00f3gica de [continua]\",\"breadcrumb\":{\"@id\":\"https:\/\/advbox.com.br\/blog\/cpc-artigo-153\/#breadcrumb\"},\"inLanguage\":\"pt-BR\",\"potentialAction\":[{\"@type\":\"ReadAction\",\"target\":[\"https:\/\/advbox.com.br\/blog\/cpc-artigo-153\/\"]}]},{\"@type\":\"BreadcrumbList\",\"@id\":\"https:\/\/advbox.com.br\/blog\/cpc-artigo-153\/#breadcrumb\",\"itemListElement\":[{\"@type\":\"ListItem\",\"position\":1,\"name\":\"In\u00edcio\",\"item\":\"https:\/\/advbox.com.br\/blog\/\"},{\"@type\":\"ListItem\",\"position\":2,\"name\":\"Artigo 153 CPC | ADVBOX\"}]},{\"@type\":\"WebSite\",\"@id\":\"https:\/\/advbox.com.br\/blog\/#website\",\"url\":\"https:\/\/advbox.com.br\/blog\/\",\"name\":\"Software Jur\u00eddico Completo - ADVBOX\",\"description\":\"Plataforma para Advocacia Digital\",\"publisher\":{\"@id\":\"https:\/\/advbox.com.br\/blog\/#organization\"},\"potentialAction\":[{\"@type\":\"SearchAction\",\"target\":{\"@type\":\"EntryPoint\",\"urlTemplate\":\"https:\/\/advbox.com.br\/blog\/?s={search_term_string}\"},\"query-input\":{\"@type\":\"PropertyValueSpecification\",\"valueRequired\":true,\"valueName\":\"search_term_string\"}}],\"inLanguage\":\"pt-BR\"},{\"@type\":\"Organization\",\"@id\":\"https:\/\/advbox.com.br\/blog\/#organization\",\"name\":\"ADVBOX Blog - Software jur\u00eddico da advocacia digital\",\"url\":\"https:\/\/advbox.com.br\/blog\/\",\"logo\":{\"@type\":\"ImageObject\",\"inLanguage\":\"pt-BR\",\"@id\":\"https:\/\/advbox.com.br\/blog\/#\/schema\/logo\/image\/\",\"url\":\"https:\/\/advbox.com.br\/blog\/wp-content\/uploads\/2019\/12\/Como-aumentar-a-produtividade_.jpg\",\"contentUrl\":\"https:\/\/advbox.com.br\/blog\/wp-content\/uploads\/2019\/12\/Como-aumentar-a-produtividade_.jpg\",\"width\":320,\"height\":213,\"caption\":\"ADVBOX Blog - Software jur\u00eddico da advocacia digital\"},\"image\":{\"@id\":\"https:\/\/advbox.com.br\/blog\/#\/schema\/logo\/image\/\"},\"sameAs\":[\"https:\/\/www.facebook.com\/advbox\/\",\"https:\/\/x.com\/advbox2\"]}]}<\/script>\n<!-- \/ Yoast SEO plugin. -->","yoast_head_json":{"title":"Artigo 153 CPC | ADVBOX","description":"Artigo 153 CPC - C\u00f3digo de Processo Civil - O escriv\u00e3o ou o chefe de secretaria atender\u00e1, preferencialmente, \u00e0 ordem cronol\u00f3gica de [continua]","robots":{"index":"index","follow":"follow","max-snippet":"max-snippet:-1","max-image-preview":"max-image-preview:large","max-video-preview":"max-video-preview:-1"},"canonical":"https:\/\/advbox.com.br\/blog\/cpc-artigo-153\/","og_locale":"pt_BR","og_type":"article","og_title":"Artigo 153 CPC | ADVBOX","og_description":"Artigo 153 CPC - C\u00f3digo de Processo Civil - O escriv\u00e3o ou o chefe de secretaria atender\u00e1, preferencialmente, \u00e0 ordem cronol\u00f3gica de [continua]","og_url":"https:\/\/advbox.com.br\/blog\/cpc-artigo-153\/","og_site_name":"Software Jur\u00eddico Completo - ADVBOX","article_publisher":"https:\/\/www.facebook.com\/advbox\/","article_modified_time":"2025-09-19T18:40:10+00:00","twitter_card":"summary_large_image","twitter_site":"@advbox2","schema":{"@context":"https:\/\/schema.org","@graph":[{"@type":"WebPage","@id":"https:\/\/advbox.com.br\/blog\/cpc-artigo-153\/","url":"https:\/\/advbox.com.br\/blog\/cpc-artigo-153\/","name":"Artigo 153 CPC | ADVBOX","isPartOf":{"@id":"https:\/\/advbox.com.br\/blog\/#website"},"datePublished":"2023-03-06T17:34:02+00:00","dateModified":"2025-09-19T18:40:10+00:00","description":"Artigo 153 CPC - C\u00f3digo de Processo Civil - O escriv\u00e3o ou o chefe de secretaria atender\u00e1, preferencialmente, \u00e0 ordem cronol\u00f3gica de [continua]","breadcrumb":{"@id":"https:\/\/advbox.com.br\/blog\/cpc-artigo-153\/#breadcrumb"},"inLanguage":"pt-BR","potentialAction":[{"@type":"ReadAction","target":["https:\/\/advbox.com.br\/blog\/cpc-artigo-153\/"]}]},{"@type":"BreadcrumbList","@id":"https:\/\/advbox.com.br\/blog\/cpc-artigo-153\/#breadcrumb","itemListElement":[{"@type":"ListItem","position":1,"name":"In\u00edcio","item":"https:\/\/advbox.com.br\/blog\/"},{"@type":"ListItem","position":2,"name":"Artigo 153 CPC | ADVBOX"}]},{"@type":"WebSite","@id":"https:\/\/advbox.com.br\/blog\/#website","url":"https:\/\/advbox.com.br\/blog\/","name":"Software Jur\u00eddico Completo - ADVBOX","description":"Plataforma para Advocacia Digital","publisher":{"@id":"https:\/\/advbox.com.br\/blog\/#organization"},"potentialAction":[{"@type":"SearchAction","target":{"@type":"EntryPoint","urlTemplate":"https:\/\/advbox.com.br\/blog\/?s={search_term_string}"},"query-input":{"@type":"PropertyValueSpecification","valueRequired":true,"valueName":"search_term_string"}}],"inLanguage":"pt-BR"},{"@type":"Organization","@id":"https:\/\/advbox.com.br\/blog\/#organization","name":"ADVBOX Blog - Software jur\u00eddico da advocacia digital","url":"https:\/\/advbox.com.br\/blog\/","logo":{"@type":"ImageObject","inLanguage":"pt-BR","@id":"https:\/\/advbox.com.br\/blog\/#\/schema\/logo\/image\/","url":"https:\/\/advbox.com.br\/blog\/wp-content\/uploads\/2019\/12\/Como-aumentar-a-produtividade_.jpg","contentUrl":"https:\/\/advbox.com.br\/blog\/wp-content\/uploads\/2019\/12\/Como-aumentar-a-produtividade_.jpg","width":320,"height":213,"caption":"ADVBOX Blog - Software jur\u00eddico da advocacia digital"},"image":{"@id":"https:\/\/advbox.com.br\/blog\/#\/schema\/logo\/image\/"},"sameAs":["https:\/\/www.facebook.com\/advbox\/","https:\/\/x.com\/advbox2"]}]}},"_links":{"self":[{"href":"https:\/\/advbox.com.br\/blog\/wp-json\/wp\/v2\/pages\/51864","targetHints":{"allow":["GET"]}}],"collection":[{"href":"https:\/\/advbox.com.br\/blog\/wp-json\/wp\/v2\/pages"}],"about":[{"href":"https:\/\/advbox.com.br\/blog\/wp-json\/wp\/v2\/types\/page"}],"author":[{"embeddable":true,"href":"https:\/\/advbox.com.br\/blog\/wp-json\/wp\/v2\/users\/44"}],"replies":[{"embeddable":true,"href":"https:\/\/advbox.com.br\/blog\/wp-json\/wp\/v2\/comments?post=51864"}],"version-history":[{"count":3,"href":"https:\/\/advbox.com.br\/blog\/wp-json\/wp\/v2\/pages\/51864\/revisions"}],"predecessor-version":[{"id":76578,"href":"https:\/\/advbox.com.br\/blog\/wp-json\/wp\/v2\/pages\/51864\/revisions\/76578"}],"wp:attachment":[{"href":"https:\/\/advbox.com.br\/blog\/wp-json\/wp\/v2\/media?parent=51864"}],"curies":[{"name":"wp","href":"https:\/\/api.w.org\/{rel}","templated":true}]}}