{"id":58455,"date":"2023-11-14T13:44:35","date_gmt":"2023-11-14T16:44:35","guid":{"rendered":"https:\/\/advbox.com.br\/blog\/?page_id=58455"},"modified":"2024-02-16T10:12:43","modified_gmt":"2024-02-16T13:12:43","slug":"direitos-humanos-internacional","status":"publish","type":"page","link":"https:\/\/advbox.com.br\/blog\/direitos-humanos-internacional\/","title":{"rendered":"Explorando os principais t\u00f3picos e Direitos Humanos Internacional"},"content":{"rendered":"<p>Neste artigo, convidamos voc\u00ea a explorar a riqueza dos Direitos Humanos Internacional. Essa palavra-chave, &#8220;Direitos Humanos Internacional&#8221;, ir\u00e1 nos guiar por uma jornada de compreens\u00e3o, compaix\u00e3o e consci\u00eancia global.<\/p><p>Assim, ao longo do texto, mergulharemos nos principais t\u00f3picos dos direitos humanos, destacando a humanidade por tr\u00e1s de cada conceito.<\/p><p>Dessa forma, apresentamos uma introdu\u00e7\u00e3o para cada um desses t\u00f3picos, acompanhada dos principais Direitos Humanos, e uma an\u00e1lise das viola\u00e7\u00f5es mais comuns desses direitos em todo o mundo.<\/p><figure class=\"wp-block-embed is-type-video is-provider-youtube wp-block-embed-youtube wp-embed-aspect-16-9 wp-has-aspect-ratio\"><div class=\"wp-block-embed__wrapper\">\n<iframe title=\"Como funciona o Mercado Jur\u00eddico\" width=\"750\" height=\"422\" src=\"https:\/\/www.youtube.com\/embed\/cLoXoieB7_8?start=3&#038;feature=oembed\" frameborder=\"0\" allow=\"accelerometer; autoplay; clipboard-write; encrypted-media; gyroscope; picture-in-picture; web-share\" allowfullscreen loading=\"lazy\"><\/iframe>\n<\/div><\/figure><h2 class=\"wp-block-heading\">Quais s\u00e3o os princ\u00edpios b\u00e1sicos dos direitos humanos?<\/h2><p>Antes de mergulharmos nos detalhes, \u00e9 importante entender os principais t\u00f3picos que comp\u00f5em os Direitos Humanos Internacional. <\/p><p>Afinal, cada um deles \u00e9 um pilar fundamental na prote\u00e7\u00e3o da dignidade humana e da igualdade:<\/p><ul class=\"wp-block-list\">\n<li class=\"has-small-font-size\"><a href=\"https:\/\/advbox.com.br\/blog\/direitos-politicos\/\" target=\"_blank\"><strong>Direitos Civis e Pol\u00edticos<\/strong><\/a>: imagine um mundo onde cada indiv\u00edduo \u00e9 tratado com igualdade e onde todos t\u00eam o direito de participar na governan\u00e7a de sua na\u00e7\u00e3o. Os direitos civis e pol\u00edticos s\u00e3o a espinha dorsal da democracia e da justi\u00e7a;<\/li>\n\n\n\n<li class=\"has-small-font-size\"><strong>Direitos Econ\u00f4micos, Sociais e Culturais<\/strong>: Por outro lado, pense em um lugar onde todos t\u00eam acesso a alimentos, moradia, sa\u00fade e educa\u00e7\u00e3o de qualidade. Os direitos econ\u00f4micos, sociais e culturais tornam essa vis\u00e3o uma realidade, assegurando que ningu\u00e9m seja deixado para tr\u00e1s;<\/li>\n\n\n\n<li class=\"has-small-font-size\"><strong>Direitos Coletivos e de Solidariedade<\/strong>: imagine tamb\u00e9m um mundo onde a prote\u00e7\u00e3o do meio ambiente \u00e9 uma prioridade, onde a discrimina\u00e7\u00e3o \u00e9 condenada, e onde refugiados encontram ref\u00fagio. Os direitos coletivos e de solidariedade promovem um esp\u00edrito de unidade e compaix\u00e3o;<\/li>\n\n\n\n<li class=\"has-small-font-size\"><strong>Direitos das Minorias e Grupos Vulner\u00e1veis<\/strong>: Al\u00e9m disso, na nossa jornada, encontramos a necessidade de proteger os direitos das minorias \u00e9tnicas, religiosas, lingu\u00edsticas e outros grupos vulner\u00e1veis. Isso significa garantir que ningu\u00e9m seja deixado para tr\u00e1s devido \u00e0 sua identidade;<\/li>\n\n\n\n<li class=\"has-small-font-size\"><strong>Direitos das Mulheres e das Crian\u00e7as<\/strong>: em nosso mundo ideal, mulheres e crian\u00e7as s\u00e3o protegidas da viol\u00eancia e discrimina\u00e7\u00e3o. Todos t\u00eam igualdade de oportunidades, independentemente de seu g\u00eanero ou idade;<\/li>\n\n\n\n<li class=\"has-small-font-size\">Direitos Humanos em Conflitos Armados: em tempos de conflito, a prote\u00e7\u00e3o dos civis se torna crucial. Os direitos humanos em conflitos armados buscam minimizar o sofrimento, proibindo armas devastadoras e protegendo refugiados;<\/li>\n\n\n\n<li class=\"has-small-font-size\"><strong>Direitos LGBTQ+<\/strong>: Finalmente, imagine um mundo onde todos t\u00eam liberdade para amar e ser quem s\u00e3o, sem discrimina\u00e7\u00e3o com base em orienta\u00e7\u00e3o sexual ou identidade de g\u00eanero. Ou seja, os direitos LGBTQ+ celebram a diversidade.<\/li>\n<\/ul><h2 class=\"wp-block-heading\">Quais s\u00e3o os 7 principais direitos humanos?<\/h2><p>Agora que entendemos os principais t\u00f3picos, \u00e9 hora de focar nos sete direitos humanos internacional mais fundamentais. A saber, cada um deles toca o cora\u00e7\u00e3o da humanidade e define o que significa ser verdadeiramente livre e igual. Vamos explorar esses direitos com empatia e compreens\u00e3o.<\/p><ol class=\"wp-block-list\">\n<li class=\"has-small-font-size\"><strong>Direito \u00e0 Vida<\/strong>: imagine um mundo onde a vida \u00e9 sagrada e inviol\u00e1vel. O direito \u00e0 vida nos protege de execu\u00e7\u00f5es arbitr\u00e1rias, viol\u00eancia e genoc\u00eddios, lembrando-nos da preciosidade de cada ser humano;<\/li>\n\n\n\n<li class=\"has-small-font-size\"><strong>Liberdade de Express\u00e3o<\/strong>: a liberdade de express\u00e3o \u00e9 a voz de uma sociedade. Afinal, ela nos permite buscar a verdade, compartilhar ideias e questionar o poder. Isto \u00e9, em um mundo onde a express\u00e3o \u00e9 livre, a democracia prospera;<\/li>\n\n\n\n<li class=\"has-small-font-size\"><strong>Igualdade Perante a Lei<\/strong>: imagine um lugar onde todos s\u00e3o iguais perante a lei, independentemente de sua ra\u00e7a, cor, religi\u00e3o ou origem. A igualdade perante a lei \u00e9 a base da justi\u00e7a;<\/li>\n\n\n\n<li class=\"has-small-font-size\"><strong>Liberdade de Religi\u00e3o<\/strong>: o direito \u00e0 liberdade de religi\u00e3o \u00e9 a celebra\u00e7\u00e3o da diversidade espiritual. Ou seja, ele nos permite escolher, praticar e at\u00e9 n\u00e3o praticar uma religi\u00e3o, sem persegui\u00e7\u00e3o ou discrimina\u00e7\u00e3o;<\/li>\n\n\n\n<li class=\"has-small-font-size\"><strong>Proibi\u00e7\u00e3o da Tortura<\/strong>: a proibi\u00e7\u00e3o da tortura \u00e9 a garantia de que ningu\u00e9m ser\u00e1 submetido a tratamento cruel e desumano. Assim, ela nos lembra que a compaix\u00e3o e a empatia s\u00e3o valores universais;<\/li>\n\n\n\n<li class=\"has-small-font-size\"><strong>Direito \u00e0 Educa\u00e7\u00e3o<\/strong>: a educa\u00e7\u00e3o \u00e9 a luz que guia o caminho para o futuro. Desse modo, o direito \u00e0 educa\u00e7\u00e3o nos assegura que todos tenham acesso a oportunidades de aprendizado, independentemente de sua origem;<\/li>\n\n\n\n<li class=\"has-small-font-size\"><strong>Direito \u00e0 Sa\u00fade<\/strong>: Imagine um mundo onde o acesso \u00e0 sa\u00fade \u00e9 um direito, n\u00e3o um privil\u00e9gio. O direito \u00e0 sa\u00fade envolve cuidados m\u00e9dicos, preven\u00e7\u00e3o de doen\u00e7as e promo\u00e7\u00e3o do bem-estar para todos.<\/li>\n<\/ol><h2 class=\"wp-block-heading\">Quais s\u00e3o os direitos humanos mais violados no mundo?<\/h2><p>Embora desejemos um mundo onde se respeitem todos os direitos humanos, infelizmente as viola\u00e7\u00f5es ainda persistem em muitas partes do globo. <\/p><p>Vamos explorar, assim, as \u00e1reas onde violam-se mais frequentemente os direitos humanos, lembrando-nos de nossa responsabilidade coletiva de promover a justi\u00e7a e a igualdade.<\/p><ul class=\"wp-block-list\">\n<li class=\"has-small-font-size\"><strong>Direito \u00e0 Vida<\/strong>: a viol\u00eancia armada, conflitos e execu\u00e7\u00f5es extrajudiciais amea\u00e7am vidas em diversas regi\u00f5es, destacando a necessidade cont\u00ednua de proteger esse direito fundamental;<\/li>\n\n\n\n<li class=\"has-small-font-size\"><strong>Liberdade de Express\u00e3o<\/strong>: em muitos lugares, restringe-se a liberdade de express\u00e3o \u00e9 restringida, persegui\u00e7\u00e3o de jornalistas e bloqueio de informa\u00e7\u00f5es, enfraquecendo a democracia;<\/li>\n\n\n\n<li class=\"has-small-font-size\"><strong>Igualdade Perante a Lei<\/strong>: a discrimina\u00e7\u00e3o racial, \u00e9tnica, de g\u00eanero e religiosa persiste, negando a igualdade perante a lei a grupos vulner\u00e1veis;<\/li>\n\n\n\n<li class=\"has-small-font-size\"><strong>Liberdade de Religi\u00e3o<\/strong>: por outro lado, a persegui\u00e7\u00e3o religiosa, frequentemente motivada por extremismo, amea\u00e7a esse direito fundamental em v\u00e1rias regi\u00f5es;<\/li>\n\n\n\n<li class=\"has-small-font-size\"><strong>Proibi\u00e7\u00e3o da Tortura<\/strong>: a tortura ocorre em pris\u00f5es e locais de deten\u00e7\u00e3o, frequentemente como m\u00e9todo de obten\u00e7\u00e3o de informa\u00e7\u00f5es, violando, dessa maneira, a dignidade humana;<\/li>\n\n\n\n<li class=\"has-small-font-size\"><strong>Direito \u00e0 Educa\u00e7\u00e3o<\/strong>: muitos ainda enfrentam a falta de acesso \u00e0 educa\u00e7\u00e3o de qualidade, negando oportunidades vitais.<\/li>\n\n\n\n<li class=\"has-small-font-size\"><strong>Direito \u00e0 Sa\u00fade<\/strong>: Por fim, o acesso inadequado a cuidados de sa\u00fade, falta de recursos e infraestrutura m\u00e9dica prec\u00e1ria colocam em risco o bem-estar de muitas pessoas em todo o mundo.<\/li>\n<\/ul><h2 class=\"wp-block-heading\">Qual rela\u00e7\u00e3o do Brasil com os direitos humanos?<\/h2><p>Em um mundo que valoriza a observ\u00e2ncia e promo\u00e7\u00e3o dos Direitos Humanos, o Brasil n\u00e3o fica \u00e0 margem dessa discuss\u00e3o vital.\u00a0<\/p><p>Assim, neste t\u00f3pico convidamos voc\u00ea a embarcar em uma jornada de compreens\u00e3o sobre a posi\u00e7\u00e3o do Brasil em rela\u00e7\u00e3o aos Direitos Humanos, destacando n\u00e3o apenas os desafios enfrentados, como os progressos realizados.\u00a0<\/p><p>A observ\u00e2ncia e promo\u00e7\u00e3o dos Direitos Humanos s\u00e3o temas de grande relev\u00e2ncia em todo o mundo. Desse modo, exploraremos como o Brasil se posiciona em rela\u00e7\u00e3o aos Direitos Humanos, destacando desafios, avan\u00e7os e as \u00e1reas que merecem aten\u00e7\u00e3o.<\/p><p>Alguns dos pontos mais relevantes dessa an\u00e1lise incluem:<\/p><ul class=\"wp-block-list\">\n<li class=\"has-small-font-size\"><strong>Viol\u00eancia Policial e Criminal<\/strong>: o pa\u00eds se defronta com altos \u00edndices de viol\u00eancia, com especial destaque para a preocupante viol\u00eancia policial. As opera\u00e7\u00f5es policiais em comunidades muitas vezes resultam em viola\u00e7\u00f5es dos Direitos Humanos;<\/li>\n\n\n\n<li class=\"has-small-font-size\"><strong>Desigualdade Socioecon\u00f4mica<\/strong>: a desigualdade \u00e9 um desafio significativo. Muitos cidad\u00e3os vivem em condi\u00e7\u00f5es prec\u00e1rias, enfrentando falta de acesso \u00e0 educa\u00e7\u00e3o, sa\u00fade e moradia adequada;<\/li>\n\n\n\n<li class=\"has-small-font-size\"><strong>Prote\u00e7\u00e3o Ambiental<\/strong>: a Amaz\u00f4nia est\u00e1 sob amea\u00e7a devido ao desmatamento e degrada\u00e7\u00e3o ambiental. Isso n\u00e3o afeta apenas o meio ambiente, mas tamb\u00e9m coloca em perigo as comunidades ind\u00edgenas que dependem dessa floresta;<\/li>\n\n\n\n<li class=\"has-small-font-size\"><strong>Viol\u00eancia de G\u00eanero e LGBT+<\/strong>: a viol\u00eancia contra mulheres e a discrimina\u00e7\u00e3o direcionada \u00e0 comunidade LGBT+ s\u00e3o quest\u00f5es cruciais que exigem a\u00e7\u00e3o imediata do governo brasileiro;<\/li>\n\n\n\n<li class=\"has-small-font-size\"><strong>Acesso \u00e0 Justi\u00e7a<\/strong>: o sistema judicial enfrenta desafios relacionados \u00e0 sobrecarga, o que resulta em atrasos nos processos e na nega\u00e7\u00e3o de acesso \u00e0 justi\u00e7a para muitos cidad\u00e3os.<\/li>\n<\/ul><p>Apesar desses desafios, o Brasil tamb\u00e9m tem demonstrado avan\u00e7os not\u00e1veis na \u00e1rea dos Direitos Humanos. A promulga\u00e7\u00e3o de leis voltadas \u00e0 prote\u00e7\u00e3o de minorias, medidas de combate \u00e0 corrup\u00e7\u00e3o e o fortalecimento das institui\u00e7\u00f5es de Direitos Humanos representam exemplos de esfor\u00e7os positivos para melhorar a situa\u00e7\u00e3o no pa\u00eds.<\/p><h3 class=\"wp-block-heading\">Conclus\u00e3o<\/h3><p>Os Direitos Humanos Internacional s\u00e3o uma parte essencial da estrutura legal global e uma express\u00e3o do compromisso da comunidade internacional em proteger a dignidade e a liberdade de todos os seres humanos.<\/p><p>Os principais t\u00f3picos dos Direitos Humanos representam um guia para garantir que se trate as pessoas com justi\u00e7a e igualdade.<\/p><p>No entanto, as viola\u00e7\u00f5es desses direitos ainda s\u00e3o um problema em muitas partes do mundo, destacando a necessidade cont\u00ednua de vigil\u00e2ncia, defesa e a\u00e7\u00e3o em prol dos direitos humanos.<\/p><p>Plataformas como a ADVBOX desempenham um papel importante nesse esfor\u00e7o, fornecendo recursos e suporte aos profissionais do direito que trabalham incansavelmente para proteger e promover esses direitos.<\/p><h3 class=\"wp-block-heading\">Mais conhecimento para voc\u00ea!<\/h3><p>Por aqui estamos sempre abordando assuntos quentes e relevantes para os profissionais do Direito. Confira outros textos que tamb\u00e9m podem te interessar:<\/p><figure class=\"wp-block-table\"><table><tbody><tr><td><a href=\"https:\/\/advbox.com.br\/blog\/alta-produtividade-na-advocacia\/\" target=\"_blank\" rel=\"noreferrer noopener\" target=\"_blank\">Alta produtividade na advocacia<\/a><\/td><\/tr><tr><td><a href=\"https:\/\/advbox.com.br\/blog\/como-criar-o-setor-comercial\/\" target=\"_blank\" rel=\"noreferrer noopener\" target=\"_blank\">Como criar o setor comercial do seu escrit\u00f3rio de advocacia? Confira 7 dicas!<\/a><\/td><\/tr><tr><td><a href=\"https:\/\/advbox.com.br\/blog\/5-recursos-mais-eficientes-nos-softwares-juridicos-do-mercado\/\" target=\"_blank\" rel=\"noreferrer noopener\" target=\"_blank\">Software Jur\u00eddico: 17 crit\u00e9rios fundamentais para encontrar o melhor!<\/a><\/td><\/tr><tr><td><a href=\"https:\/\/advbox.com.br\/blog\/controladoria-juridica\/\" target=\"_blank\" rel=\"noreferrer noopener\" target=\"_blank\">O que \u00e9 a Controladoria Jur\u00eddica e como funciona<\/a><\/td><\/tr><tr><td><a href=\"https:\/\/advbox.com.br\/blog\/sistema-de-filiais\/\" target=\"_blank\" rel=\"noreferrer noopener\" target=\"_blank\">Escrit\u00f3rios com filiais, correspondentes e parceiros fixos<\/a><\/td><\/tr><tr><td><a href=\"https:\/\/advbox.com.br\/blog\/avaliacao-de-dados\/\" target=\"_blank\" rel=\"noreferrer noopener\" target=\"_blank\">Advocacia baseada em dados<\/a><\/td><\/tr><\/tbody><\/table><\/figure><figure class=\"wp-block-image size-full\"><a href=\"https:\/\/advbox.com.br\/blog\/como-automatizar-seus-modelos-de-peticoes\/\" target=\"_blank\"><img decoding=\"async\" src=\"https:\/\/advbox.com.br\/blog\/wp-content\/uploads\/2019\/07\/automatize_a_produ%C3%A7%C3%A3o_de_suas_peti%C3%A7%C3%B5es.png\" alt=\"Automatize a produ\u00e7\u00e3o de suas peti\u00e7\u00f5es\" class=\"wp-image-15502\" loading=\"lazy\"><\/a><\/figure>\n","protected":false},"excerpt":{"rendered":"<p>Neste artigo, convidamos voc\u00ea a explorar a riqueza dos Direitos Humanos Internacional. Essa palavra-chave, &#8220;Direitos Humanos Internacional&#8221;, ir\u00e1 nos guiar por uma jornada de compreens\u00e3o, compaix\u00e3o e consci\u00eancia global. Assim, ao longo do texto, mergulharemos nos principais t\u00f3picos dos direitos humanos, destacando a humanidade por tr\u00e1s de cada conceito. Dessa [&hellip;]<\/p>\n","protected":false},"author":43,"featured_media":55034,"parent":0,"menu_order":0,"comment_status":"closed","ping_status":"closed","template":"","meta":{"_acf_changed":false,"om_disable_all_campaigns":false,"footnotes":""},"class_list":["post-58455","page","type-page","status-publish","has-post-thumbnail","hentry"],"acf":[],"yoast_head":"<!-- This site is optimized with the Yoast SEO plugin v26.9 - https:\/\/yoast.com\/product\/yoast-seo-wordpress\/ -->\n<title>Direitos Humanos Internacional: t\u00f3picos, desafios e avan\u00e7os<\/title>\n<meta name=\"description\" content=\"Explore os Direitos Humanos Internacional, seus t\u00f3picos e desafios e saiba mais sobre as viola\u00e7\u00f5es mais comuns no mundo.\" \/>\n<meta name=\"robots\" content=\"index, follow, max-snippet:-1, max-image-preview:large, max-video-preview:-1\" \/>\n<link rel=\"canonical\" href=\"https:\/\/advbox.com.br\/blog\/direitos-humanos-internacional\/\" \/>\n<meta property=\"og:locale\" content=\"pt_BR\" \/>\n<meta property=\"og:type\" content=\"article\" \/>\n<meta property=\"og:title\" content=\"Direitos Humanos Internacional: t\u00f3picos, desafios e avan\u00e7os\" \/>\n<meta property=\"og:description\" content=\"Explore os Direitos Humanos Internacional, seus t\u00f3picos e desafios e saiba mais sobre as viola\u00e7\u00f5es mais comuns no mundo.\" \/>\n<meta property=\"og:url\" content=\"https:\/\/advbox.com.br\/blog\/direitos-humanos-internacional\/\" \/>\n<meta property=\"og:site_name\" content=\"Software Jur\u00eddico Completo - ADVBOX\" \/>\n<meta property=\"article:publisher\" content=\"https:\/\/www.facebook.com\/advbox\/\" \/>\n<meta property=\"article:modified_time\" content=\"2024-02-16T13:12:43+00:00\" \/>\n<meta property=\"og:image\" content=\"https:\/\/advbox.com.br\/blog\/wp-content\/uploads\/2023\/06\/CAPA-Alternativas-para-o-bacharel-em-Direito.webp\" \/>\n\t<meta property=\"og:image:width\" content=\"1025\" \/>\n\t<meta property=\"og:image:height\" content=\"576\" \/>\n\t<meta property=\"og:image:type\" content=\"image\/webp\" \/>\n<meta name=\"twitter:card\" content=\"summary_large_image\" \/>\n<meta name=\"twitter:site\" content=\"@advbox2\" \/>\n<script type=\"application\/ld+json\" class=\"yoast-schema-graph\">{\"@context\":\"https:\/\/schema.org\",\"@graph\":[{\"@type\":\"WebPage\",\"@id\":\"https:\/\/advbox.com.br\/blog\/direitos-humanos-internacional\/\",\"url\":\"https:\/\/advbox.com.br\/blog\/direitos-humanos-internacional\/\",\"name\":\"Direitos Humanos Internacional: t\u00f3picos, desafios e avan\u00e7os\",\"isPartOf\":{\"@id\":\"https:\/\/advbox.com.br\/blog\/#website\"},\"primaryImageOfPage\":{\"@id\":\"https:\/\/advbox.com.br\/blog\/direitos-humanos-internacional\/#primaryimage\"},\"image\":{\"@id\":\"https:\/\/advbox.com.br\/blog\/direitos-humanos-internacional\/#primaryimage\"},\"thumbnailUrl\":\"https:\/\/advbox.com.br\/blog\/wp-content\/uploads\/2023\/06\/CAPA-Alternativas-para-o-bacharel-em-Direito.webp\",\"datePublished\":\"2023-11-14T16:44:35+00:00\",\"dateModified\":\"2024-02-16T13:12:43+00:00\",\"description\":\"Explore os Direitos Humanos Internacional, seus t\u00f3picos e desafios e saiba mais sobre as viola\u00e7\u00f5es mais comuns no mundo.\",\"breadcrumb\":{\"@id\":\"https:\/\/advbox.com.br\/blog\/direitos-humanos-internacional\/#breadcrumb\"},\"inLanguage\":\"pt-BR\",\"potentialAction\":[{\"@type\":\"ReadAction\",\"target\":[\"https:\/\/advbox.com.br\/blog\/direitos-humanos-internacional\/\"]}]},{\"@type\":\"ImageObject\",\"inLanguage\":\"pt-BR\",\"@id\":\"https:\/\/advbox.com.br\/blog\/direitos-humanos-internacional\/#primaryimage\",\"url\":\"https:\/\/advbox.com.br\/blog\/wp-content\/uploads\/2023\/06\/CAPA-Alternativas-para-o-bacharel-em-Direito.webp\",\"contentUrl\":\"https:\/\/advbox.com.br\/blog\/wp-content\/uploads\/2023\/06\/CAPA-Alternativas-para-o-bacharel-em-Direito.webp\",\"width\":1025,\"height\":576,\"caption\":\"o que o bacharel em direito pode fazer\"},{\"@type\":\"BreadcrumbList\",\"@id\":\"https:\/\/advbox.com.br\/blog\/direitos-humanos-internacional\/#breadcrumb\",\"itemListElement\":[{\"@type\":\"ListItem\",\"position\":1,\"name\":\"In\u00edcio\",\"item\":\"https:\/\/advbox.com.br\/blog\/\"},{\"@type\":\"ListItem\",\"position\":2,\"name\":\"Explorando os principais t\u00f3picos e Direitos Humanos Internacional\"}]},{\"@type\":\"WebSite\",\"@id\":\"https:\/\/advbox.com.br\/blog\/#website\",\"url\":\"https:\/\/advbox.com.br\/blog\/\",\"name\":\"Software Jur\u00eddico Completo - ADVBOX\",\"description\":\"Plataforma para Advocacia Digital\",\"publisher\":{\"@id\":\"https:\/\/advbox.com.br\/blog\/#organization\"},\"potentialAction\":[{\"@type\":\"SearchAction\",\"target\":{\"@type\":\"EntryPoint\",\"urlTemplate\":\"https:\/\/advbox.com.br\/blog\/?s={search_term_string}\"},\"query-input\":{\"@type\":\"PropertyValueSpecification\",\"valueRequired\":true,\"valueName\":\"search_term_string\"}}],\"inLanguage\":\"pt-BR\"},{\"@type\":\"Organization\",\"@id\":\"https:\/\/advbox.com.br\/blog\/#organization\",\"name\":\"ADVBOX Blog - Software jur\u00eddico da advocacia digital\",\"url\":\"https:\/\/advbox.com.br\/blog\/\",\"logo\":{\"@type\":\"ImageObject\",\"inLanguage\":\"pt-BR\",\"@id\":\"https:\/\/advbox.com.br\/blog\/#\/schema\/logo\/image\/\",\"url\":\"https:\/\/advbox.com.br\/blog\/wp-content\/uploads\/2019\/12\/Como-aumentar-a-produtividade_.jpg\",\"contentUrl\":\"https:\/\/advbox.com.br\/blog\/wp-content\/uploads\/2019\/12\/Como-aumentar-a-produtividade_.jpg\",\"width\":320,\"height\":213,\"caption\":\"ADVBOX Blog - Software jur\u00eddico da advocacia digital\"},\"image\":{\"@id\":\"https:\/\/advbox.com.br\/blog\/#\/schema\/logo\/image\/\"},\"sameAs\":[\"https:\/\/www.facebook.com\/advbox\/\",\"https:\/\/x.com\/advbox2\"]}]}<\/script>\n<!-- \/ Yoast SEO plugin. -->","yoast_head_json":{"title":"Direitos Humanos Internacional: t\u00f3picos, desafios e avan\u00e7os","description":"Explore os Direitos Humanos Internacional, seus t\u00f3picos e desafios e saiba mais sobre as viola\u00e7\u00f5es mais comuns no mundo.","robots":{"index":"index","follow":"follow","max-snippet":"max-snippet:-1","max-image-preview":"max-image-preview:large","max-video-preview":"max-video-preview:-1"},"canonical":"https:\/\/advbox.com.br\/blog\/direitos-humanos-internacional\/","og_locale":"pt_BR","og_type":"article","og_title":"Direitos Humanos Internacional: t\u00f3picos, desafios e avan\u00e7os","og_description":"Explore os Direitos Humanos Internacional, seus t\u00f3picos e desafios e saiba mais sobre as viola\u00e7\u00f5es mais comuns no mundo.","og_url":"https:\/\/advbox.com.br\/blog\/direitos-humanos-internacional\/","og_site_name":"Software Jur\u00eddico Completo - ADVBOX","article_publisher":"https:\/\/www.facebook.com\/advbox\/","article_modified_time":"2024-02-16T13:12:43+00:00","og_image":[{"width":1025,"height":576,"url":"https:\/\/advbox.com.br\/blog\/wp-content\/uploads\/2023\/06\/CAPA-Alternativas-para-o-bacharel-em-Direito.webp","type":"image\/webp"}],"twitter_card":"summary_large_image","twitter_site":"@advbox2","schema":{"@context":"https:\/\/schema.org","@graph":[{"@type":"WebPage","@id":"https:\/\/advbox.com.br\/blog\/direitos-humanos-internacional\/","url":"https:\/\/advbox.com.br\/blog\/direitos-humanos-internacional\/","name":"Direitos Humanos Internacional: t\u00f3picos, desafios e avan\u00e7os","isPartOf":{"@id":"https:\/\/advbox.com.br\/blog\/#website"},"primaryImageOfPage":{"@id":"https:\/\/advbox.com.br\/blog\/direitos-humanos-internacional\/#primaryimage"},"image":{"@id":"https:\/\/advbox.com.br\/blog\/direitos-humanos-internacional\/#primaryimage"},"thumbnailUrl":"https:\/\/advbox.com.br\/blog\/wp-content\/uploads\/2023\/06\/CAPA-Alternativas-para-o-bacharel-em-Direito.webp","datePublished":"2023-11-14T16:44:35+00:00","dateModified":"2024-02-16T13:12:43+00:00","description":"Explore os Direitos Humanos Internacional, seus t\u00f3picos e desafios e saiba mais sobre as viola\u00e7\u00f5es mais comuns no mundo.","breadcrumb":{"@id":"https:\/\/advbox.com.br\/blog\/direitos-humanos-internacional\/#breadcrumb"},"inLanguage":"pt-BR","potentialAction":[{"@type":"ReadAction","target":["https:\/\/advbox.com.br\/blog\/direitos-humanos-internacional\/"]}]},{"@type":"ImageObject","inLanguage":"pt-BR","@id":"https:\/\/advbox.com.br\/blog\/direitos-humanos-internacional\/#primaryimage","url":"https:\/\/advbox.com.br\/blog\/wp-content\/uploads\/2023\/06\/CAPA-Alternativas-para-o-bacharel-em-Direito.webp","contentUrl":"https:\/\/advbox.com.br\/blog\/wp-content\/uploads\/2023\/06\/CAPA-Alternativas-para-o-bacharel-em-Direito.webp","width":1025,"height":576,"caption":"o que o bacharel em direito pode fazer"},{"@type":"BreadcrumbList","@id":"https:\/\/advbox.com.br\/blog\/direitos-humanos-internacional\/#breadcrumb","itemListElement":[{"@type":"ListItem","position":1,"name":"In\u00edcio","item":"https:\/\/advbox.com.br\/blog\/"},{"@type":"ListItem","position":2,"name":"Explorando os principais t\u00f3picos e Direitos Humanos Internacional"}]},{"@type":"WebSite","@id":"https:\/\/advbox.com.br\/blog\/#website","url":"https:\/\/advbox.com.br\/blog\/","name":"Software Jur\u00eddico Completo - ADVBOX","description":"Plataforma para Advocacia Digital","publisher":{"@id":"https:\/\/advbox.com.br\/blog\/#organization"},"potentialAction":[{"@type":"SearchAction","target":{"@type":"EntryPoint","urlTemplate":"https:\/\/advbox.com.br\/blog\/?s={search_term_string}"},"query-input":{"@type":"PropertyValueSpecification","valueRequired":true,"valueName":"search_term_string"}}],"inLanguage":"pt-BR"},{"@type":"Organization","@id":"https:\/\/advbox.com.br\/blog\/#organization","name":"ADVBOX Blog - Software jur\u00eddico da advocacia digital","url":"https:\/\/advbox.com.br\/blog\/","logo":{"@type":"ImageObject","inLanguage":"pt-BR","@id":"https:\/\/advbox.com.br\/blog\/#\/schema\/logo\/image\/","url":"https:\/\/advbox.com.br\/blog\/wp-content\/uploads\/2019\/12\/Como-aumentar-a-produtividade_.jpg","contentUrl":"https:\/\/advbox.com.br\/blog\/wp-content\/uploads\/2019\/12\/Como-aumentar-a-produtividade_.jpg","width":320,"height":213,"caption":"ADVBOX Blog - Software jur\u00eddico da advocacia digital"},"image":{"@id":"https:\/\/advbox.com.br\/blog\/#\/schema\/logo\/image\/"},"sameAs":["https:\/\/www.facebook.com\/advbox\/","https:\/\/x.com\/advbox2"]}]}},"_links":{"self":[{"href":"https:\/\/advbox.com.br\/blog\/wp-json\/wp\/v2\/pages\/58455","targetHints":{"allow":["GET"]}}],"collection":[{"href":"https:\/\/advbox.com.br\/blog\/wp-json\/wp\/v2\/pages"}],"about":[{"href":"https:\/\/advbox.com.br\/blog\/wp-json\/wp\/v2\/types\/page"}],"author":[{"embeddable":true,"href":"https:\/\/advbox.com.br\/blog\/wp-json\/wp\/v2\/users\/43"}],"replies":[{"embeddable":true,"href":"https:\/\/advbox.com.br\/blog\/wp-json\/wp\/v2\/comments?post=58455"}],"version-history":[{"count":4,"href":"https:\/\/advbox.com.br\/blog\/wp-json\/wp\/v2\/pages\/58455\/revisions"}],"predecessor-version":[{"id":61646,"href":"https:\/\/advbox.com.br\/blog\/wp-json\/wp\/v2\/pages\/58455\/revisions\/61646"}],"wp:featuredmedia":[{"embeddable":true,"href":"https:\/\/advbox.com.br\/blog\/wp-json\/wp\/v2\/media\/55034"}],"wp:attachment":[{"href":"https:\/\/advbox.com.br\/blog\/wp-json\/wp\/v2\/media?parent=58455"}],"curies":[{"name":"wp","href":"https:\/\/api.w.org\/{rel}","templated":true}]}}