{"id":61507,"date":"2024-02-07T17:54:06","date_gmt":"2024-02-07T20:54:06","guid":{"rendered":"https:\/\/advbox.com.br\/blog\/?page_id=61507"},"modified":"2025-09-19T16:23:32","modified_gmt":"2025-09-19T19:23:32","slug":"cpc-artigo-381","status":"publish","type":"page","link":"https:\/\/advbox.com.br\/blog\/cpc-artigo-381\/","title":{"rendered":"Artigo 381 CPC | ADVBOX"},"content":{"rendered":"<p><em>Lei N\u00ba 13.105, de 16 de mar\u00e7o de 2015<\/em>\u00a0<em>\u2013 Artigo 381 CPC.<\/em><\/p><h2 class=\"wp-block-heading\">Artigo 381 CPC<\/h2><p>Art. 381. A produ\u00e7\u00e3o antecipada da prova ser\u00e1 admitida nos casos em que:<\/p><p><a><\/a>I &#8211; haja fundado receio de que venha a tornar-se imposs\u00edvel ou muito dif\u00edcil a verifica\u00e7\u00e3o de certos fatos na pend\u00eancia da a\u00e7\u00e3o;<\/p><p><a><\/a>II &#8211; a prova a ser produzida seja suscet\u00edvel de viabilizar a autocomposi\u00e7\u00e3o ou outro meio adequado de solu\u00e7\u00e3o de conflito;<\/p><p><a><\/a>III &#8211; o pr\u00e9vio conhecimento dos fatos possa justificar ou evitar o ajuizamento de a\u00e7\u00e3o.<\/p><p><a><\/a>\u00a7 1\u00ba O arrolamento de bens observar\u00e1 o disposto nesta Se\u00e7\u00e3o quando tiver por finalidade apenas a realiza\u00e7\u00e3o de documenta\u00e7\u00e3o e n\u00e3o a pr\u00e1tica de atos de apreens\u00e3o.<\/p><p><a><\/a>\u00a7 2\u00ba A produ\u00e7\u00e3o antecipada da prova \u00e9 da compet\u00eancia do ju\u00edzo do foro onde esta deva ser produzida ou do foro de domic\u00edlio do r\u00e9u.<\/p><p><a><\/a>\u00a7 3\u00ba A produ\u00e7\u00e3o antecipada da prova n\u00e3o previne a compet\u00eancia do ju\u00edzo para a a\u00e7\u00e3o que venha a ser proposta.<\/p><p><a><\/a>\u00a7 4\u00ba O ju\u00edzo estadual tem compet\u00eancia para produ\u00e7\u00e3o antecipada de prova requerida em face da Uni\u00e3o, de entidade aut\u00e1rquica ou de empresa p\u00fablica federal se, na localidade, n\u00e3o houver vara federal.<\/p><p>\u00a7 5\u00ba Aplica-se o disposto nesta Se\u00e7\u00e3o \u00e0quele que pretender justificar a exist\u00eancia de algum fato ou rela\u00e7\u00e3o jur\u00eddica para simples documento e sem car\u00e1ter contencioso, que expor\u00e1, em peti\u00e7\u00e3o circunstanciada, a sua inten\u00e7\u00e3o.<\/p><h2 class=\"wp-block-heading\">Acesse o CPC completo ou separadamente:<\/h2><p><a href=\"https:\/\/advbox.com.br\/blog\/cpc-codigo-de-processo-civil\/\" target=\"_blank\" rel=\"noreferrer noopener\" target=\"_blank\"><strong>CPC completo<\/strong><\/a><\/p><p><a href=\"https:\/\/advbox.com.br\/blog\/cpc-artigo-380\/\" target=\"_blank\"><strong>Artigo 380<\/strong><\/a><\/p><p><strong>Acelere seu trabalho, automatize procura\u00e7\u00f5es, contratos e peti\u00e7\u00f5es no seu escrit\u00f3rio. Saiba como:\u00a0<a href=\"https:\/\/advbox.com.br\/blog\/como-automatizar-seus-modelos-de-peticoes\/\" target=\"_blank\">clique aqui<\/a><\/strong><\/p>\n","protected":false},"excerpt":{"rendered":"<p>Lei N\u00ba 13.105, de 16 de mar\u00e7o de 2015\u00a0\u2013 Artigo 381 CPC. Artigo 381 CPC Art. 381. A produ\u00e7\u00e3o antecipada da prova ser\u00e1 admitida nos casos em que: I &#8211; haja fundado receio de que venha a tornar-se imposs\u00edvel ou muito dif\u00edcil a verifica\u00e7\u00e3o de certos fatos na pend\u00eancia da [&hellip;]<\/p>\n","protected":false},"author":44,"featured_media":0,"parent":0,"menu_order":0,"comment_status":"closed","ping_status":"closed","template":"","meta":{"_acf_changed":false,"om_disable_all_campaigns":false,"footnotes":""},"class_list":["post-61507","page","type-page","status-publish","hentry"],"acf":[],"yoast_head":"<!-- This site is optimized with the Yoast SEO plugin v26.9 - https:\/\/yoast.com\/product\/yoast-seo-wordpress\/ -->\n<title>Artigo 381 CPC | ADVBOX<\/title>\n<meta name=\"description\" content=\"Artigo 381 CPC - C\u00f3digo de Processo Civil - Art. 381. A produ\u00e7\u00e3o antecipada da prova ser\u00e1 admitida nos casos em que: I - haja [continua]\" \/>\n<meta name=\"robots\" content=\"index, follow, max-snippet:-1, max-image-preview:large, max-video-preview:-1\" \/>\n<link rel=\"canonical\" href=\"https:\/\/advbox.com.br\/blog\/cpc-artigo-381\/\" \/>\n<meta property=\"og:locale\" content=\"pt_BR\" \/>\n<meta property=\"og:type\" content=\"article\" \/>\n<meta property=\"og:title\" content=\"Artigo 381 CPC | ADVBOX\" \/>\n<meta property=\"og:description\" content=\"Artigo 381 CPC - C\u00f3digo de Processo Civil - Art. 381. A produ\u00e7\u00e3o antecipada da prova ser\u00e1 admitida nos casos em que: I - haja [continua]\" \/>\n<meta property=\"og:url\" content=\"https:\/\/advbox.com.br\/blog\/cpc-artigo-381\/\" \/>\n<meta property=\"og:site_name\" content=\"Software Jur\u00eddico Completo - ADVBOX\" \/>\n<meta property=\"article:publisher\" content=\"https:\/\/www.facebook.com\/advbox\/\" \/>\n<meta property=\"article:modified_time\" content=\"2025-09-19T19:23:32+00:00\" \/>\n<meta name=\"twitter:card\" content=\"summary_large_image\" \/>\n<meta name=\"twitter:site\" content=\"@advbox2\" \/>\n<script type=\"application\/ld+json\" class=\"yoast-schema-graph\">{\"@context\":\"https:\/\/schema.org\",\"@graph\":[{\"@type\":\"WebPage\",\"@id\":\"https:\/\/advbox.com.br\/blog\/cpc-artigo-381\/\",\"url\":\"https:\/\/advbox.com.br\/blog\/cpc-artigo-381\/\",\"name\":\"Artigo 381 CPC | ADVBOX\",\"isPartOf\":{\"@id\":\"https:\/\/advbox.com.br\/blog\/#website\"},\"datePublished\":\"2024-02-07T20:54:06+00:00\",\"dateModified\":\"2025-09-19T19:23:32+00:00\",\"description\":\"Artigo 381 CPC - C\u00f3digo de Processo Civil - Art. 381. A produ\u00e7\u00e3o antecipada da prova ser\u00e1 admitida nos casos em que: I - haja [continua]\",\"breadcrumb\":{\"@id\":\"https:\/\/advbox.com.br\/blog\/cpc-artigo-381\/#breadcrumb\"},\"inLanguage\":\"pt-BR\",\"potentialAction\":[{\"@type\":\"ReadAction\",\"target\":[\"https:\/\/advbox.com.br\/blog\/cpc-artigo-381\/\"]}]},{\"@type\":\"BreadcrumbList\",\"@id\":\"https:\/\/advbox.com.br\/blog\/cpc-artigo-381\/#breadcrumb\",\"itemListElement\":[{\"@type\":\"ListItem\",\"position\":1,\"name\":\"In\u00edcio\",\"item\":\"https:\/\/advbox.com.br\/blog\/\"},{\"@type\":\"ListItem\",\"position\":2,\"name\":\"Artigo 381 CPC | ADVBOX\"}]},{\"@type\":\"WebSite\",\"@id\":\"https:\/\/advbox.com.br\/blog\/#website\",\"url\":\"https:\/\/advbox.com.br\/blog\/\",\"name\":\"Software Jur\u00eddico Completo - ADVBOX\",\"description\":\"Plataforma para Advocacia Digital\",\"publisher\":{\"@id\":\"https:\/\/advbox.com.br\/blog\/#organization\"},\"potentialAction\":[{\"@type\":\"SearchAction\",\"target\":{\"@type\":\"EntryPoint\",\"urlTemplate\":\"https:\/\/advbox.com.br\/blog\/?s={search_term_string}\"},\"query-input\":{\"@type\":\"PropertyValueSpecification\",\"valueRequired\":true,\"valueName\":\"search_term_string\"}}],\"inLanguage\":\"pt-BR\"},{\"@type\":\"Organization\",\"@id\":\"https:\/\/advbox.com.br\/blog\/#organization\",\"name\":\"ADVBOX Blog - Software jur\u00eddico da advocacia digital\",\"url\":\"https:\/\/advbox.com.br\/blog\/\",\"logo\":{\"@type\":\"ImageObject\",\"inLanguage\":\"pt-BR\",\"@id\":\"https:\/\/advbox.com.br\/blog\/#\/schema\/logo\/image\/\",\"url\":\"https:\/\/advbox.com.br\/blog\/wp-content\/uploads\/2019\/12\/Como-aumentar-a-produtividade_.jpg\",\"contentUrl\":\"https:\/\/advbox.com.br\/blog\/wp-content\/uploads\/2019\/12\/Como-aumentar-a-produtividade_.jpg\",\"width\":320,\"height\":213,\"caption\":\"ADVBOX Blog - Software jur\u00eddico da advocacia digital\"},\"image\":{\"@id\":\"https:\/\/advbox.com.br\/blog\/#\/schema\/logo\/image\/\"},\"sameAs\":[\"https:\/\/www.facebook.com\/advbox\/\",\"https:\/\/x.com\/advbox2\"]}]}<\/script>\n<!-- \/ Yoast SEO plugin. -->","yoast_head_json":{"title":"Artigo 381 CPC | ADVBOX","description":"Artigo 381 CPC - C\u00f3digo de Processo Civil - Art. 381. A produ\u00e7\u00e3o antecipada da prova ser\u00e1 admitida nos casos em que: I - haja [continua]","robots":{"index":"index","follow":"follow","max-snippet":"max-snippet:-1","max-image-preview":"max-image-preview:large","max-video-preview":"max-video-preview:-1"},"canonical":"https:\/\/advbox.com.br\/blog\/cpc-artigo-381\/","og_locale":"pt_BR","og_type":"article","og_title":"Artigo 381 CPC | ADVBOX","og_description":"Artigo 381 CPC - C\u00f3digo de Processo Civil - Art. 381. A produ\u00e7\u00e3o antecipada da prova ser\u00e1 admitida nos casos em que: I - haja [continua]","og_url":"https:\/\/advbox.com.br\/blog\/cpc-artigo-381\/","og_site_name":"Software Jur\u00eddico Completo - ADVBOX","article_publisher":"https:\/\/www.facebook.com\/advbox\/","article_modified_time":"2025-09-19T19:23:32+00:00","twitter_card":"summary_large_image","twitter_site":"@advbox2","schema":{"@context":"https:\/\/schema.org","@graph":[{"@type":"WebPage","@id":"https:\/\/advbox.com.br\/blog\/cpc-artigo-381\/","url":"https:\/\/advbox.com.br\/blog\/cpc-artigo-381\/","name":"Artigo 381 CPC | ADVBOX","isPartOf":{"@id":"https:\/\/advbox.com.br\/blog\/#website"},"datePublished":"2024-02-07T20:54:06+00:00","dateModified":"2025-09-19T19:23:32+00:00","description":"Artigo 381 CPC - C\u00f3digo de Processo Civil - Art. 381. A produ\u00e7\u00e3o antecipada da prova ser\u00e1 admitida nos casos em que: I - haja [continua]","breadcrumb":{"@id":"https:\/\/advbox.com.br\/blog\/cpc-artigo-381\/#breadcrumb"},"inLanguage":"pt-BR","potentialAction":[{"@type":"ReadAction","target":["https:\/\/advbox.com.br\/blog\/cpc-artigo-381\/"]}]},{"@type":"BreadcrumbList","@id":"https:\/\/advbox.com.br\/blog\/cpc-artigo-381\/#breadcrumb","itemListElement":[{"@type":"ListItem","position":1,"name":"In\u00edcio","item":"https:\/\/advbox.com.br\/blog\/"},{"@type":"ListItem","position":2,"name":"Artigo 381 CPC | ADVBOX"}]},{"@type":"WebSite","@id":"https:\/\/advbox.com.br\/blog\/#website","url":"https:\/\/advbox.com.br\/blog\/","name":"Software Jur\u00eddico Completo - ADVBOX","description":"Plataforma para Advocacia Digital","publisher":{"@id":"https:\/\/advbox.com.br\/blog\/#organization"},"potentialAction":[{"@type":"SearchAction","target":{"@type":"EntryPoint","urlTemplate":"https:\/\/advbox.com.br\/blog\/?s={search_term_string}"},"query-input":{"@type":"PropertyValueSpecification","valueRequired":true,"valueName":"search_term_string"}}],"inLanguage":"pt-BR"},{"@type":"Organization","@id":"https:\/\/advbox.com.br\/blog\/#organization","name":"ADVBOX Blog - Software jur\u00eddico da advocacia digital","url":"https:\/\/advbox.com.br\/blog\/","logo":{"@type":"ImageObject","inLanguage":"pt-BR","@id":"https:\/\/advbox.com.br\/blog\/#\/schema\/logo\/image\/","url":"https:\/\/advbox.com.br\/blog\/wp-content\/uploads\/2019\/12\/Como-aumentar-a-produtividade_.jpg","contentUrl":"https:\/\/advbox.com.br\/blog\/wp-content\/uploads\/2019\/12\/Como-aumentar-a-produtividade_.jpg","width":320,"height":213,"caption":"ADVBOX Blog - Software jur\u00eddico da advocacia digital"},"image":{"@id":"https:\/\/advbox.com.br\/blog\/#\/schema\/logo\/image\/"},"sameAs":["https:\/\/www.facebook.com\/advbox\/","https:\/\/x.com\/advbox2"]}]}},"_links":{"self":[{"href":"https:\/\/advbox.com.br\/blog\/wp-json\/wp\/v2\/pages\/61507","targetHints":{"allow":["GET"]}}],"collection":[{"href":"https:\/\/advbox.com.br\/blog\/wp-json\/wp\/v2\/pages"}],"about":[{"href":"https:\/\/advbox.com.br\/blog\/wp-json\/wp\/v2\/types\/page"}],"author":[{"embeddable":true,"href":"https:\/\/advbox.com.br\/blog\/wp-json\/wp\/v2\/users\/44"}],"replies":[{"embeddable":true,"href":"https:\/\/advbox.com.br\/blog\/wp-json\/wp\/v2\/comments?post=61507"}],"version-history":[{"count":2,"href":"https:\/\/advbox.com.br\/blog\/wp-json\/wp\/v2\/pages\/61507\/revisions"}],"predecessor-version":[{"id":76675,"href":"https:\/\/advbox.com.br\/blog\/wp-json\/wp\/v2\/pages\/61507\/revisions\/76675"}],"wp:attachment":[{"href":"https:\/\/advbox.com.br\/blog\/wp-json\/wp\/v2\/media?parent=61507"}],"curies":[{"name":"wp","href":"https:\/\/api.w.org\/{rel}","templated":true}]}}