{"id":9707,"date":"2019-03-19T15:05:23","date_gmt":"2019-03-19T18:05:23","guid":{"rendered":"https:\/\/advbox.com.br\/blog\/?page_id=9707"},"modified":"2025-11-12T11:50:39","modified_gmt":"2025-11-12T14:50:39","slug":"materiais-de-gestao-advbox","status":"publish","type":"page","link":"https:\/\/advbox.com.br\/blog\/materiais-de-gestao-advbox\/","title":{"rendered":"Materiais de gest\u00e3o gratuitos para escrit\u00f3rios de advocacia"},"content":{"rendered":"<p>Abaixo, voc\u00ea encontra diversos materiais para auxiliar na gest\u00e3o do seu escrit\u00f3rio ou da sua carreira como advogado. Todos foram desenvolvidos pela ADVBOX e voc\u00ea pode fazer download totalmente gratuito.<\/p><p>Que traga muito sucesso!<\/p><figure class=\"wp-block-image size-large is-style-default\"><img fetchpriority=\"high\" decoding=\"async\" width=\"1024\" height=\"227\" src=\"https:\/\/advbox.com.br\/blog\/wp-content\/uploads\/2019\/03\/kit-plano-de-negocios-1024x227.png\" alt=\"Plano de neg\u00f3cios para advocacia \" class=\"wp-image-9995\" srcset=\"https:\/\/advbox.com.br\/blog\/wp-content\/uploads\/2019\/03\/kit-plano-de-negocios.png 1024w, https:\/\/advbox.com.br\/blog\/wp-content\/uploads\/2019\/03\/kit-plano-de-negocios-300x66.png 300w, https:\/\/advbox.com.br\/blog\/wp-content\/uploads\/2019\/03\/kit-plano-de-negocios-768x170.png 768w\" sizes=\"(max-width: 1024px) 100vw, 1024px\" \/><\/figure><figure class=\"wp-block-image size-large is-style-default\"><a href=\"https:\/\/materiais.advbox.com.br\/kit-advocacia-empreendedora-na-pratica\" target=\"_blank\" rel=\"noopener noreferrer\" target=\"_blank\"><img decoding=\"async\" width=\"1024\" height=\"227\" src=\"https:\/\/advbox.com.br\/blog\/wp-content\/uploads\/2019\/03\/advocacia-empreendedora-1024x227.png\" alt=\"Advocacia empreendedora\" class=\"wp-image-9994\" srcset=\"https:\/\/advbox.com.br\/blog\/wp-content\/uploads\/2019\/03\/advocacia-empreendedora.png 1024w, https:\/\/advbox.com.br\/blog\/wp-content\/uploads\/2019\/03\/advocacia-empreendedora-300x66.png 300w, https:\/\/advbox.com.br\/blog\/wp-content\/uploads\/2019\/03\/advocacia-empreendedora-768x170.png 768w\" sizes=\"(max-width: 1024px) 100vw, 1024px\" loading=\"lazy\" \/><\/a><\/figure><figure class=\"wp-block-image size-large is-style-default\"><img decoding=\"async\" src=\"https:\/\/advbox.com.br\/blog\/wp-content\/uploads\/2018\/10\/gamefica%C3%A7%C3%A3o-cta-1024x227.png\" alt=\"Qualificando equipes em escrit\u00f3rio de advocacia\" class=\"wp-image-3835\" loading=\"lazy\"><\/figure><figure class=\"wp-block-image size-large is-style-default\"><img decoding=\"async\" width=\"1024\" height=\"227\" src=\"https:\/\/advbox.com.br\/blog\/wp-content\/uploads\/2019\/03\/advocacia-inteligente-1024x227.png\" alt=\"Advocacia inteligente \" class=\"wp-image-9990\" srcset=\"https:\/\/advbox.com.br\/blog\/wp-content\/uploads\/2019\/03\/advocacia-inteligente.png 1024w, https:\/\/advbox.com.br\/blog\/wp-content\/uploads\/2019\/03\/advocacia-inteligente-300x66.png 300w, https:\/\/advbox.com.br\/blog\/wp-content\/uploads\/2019\/03\/advocacia-inteligente-768x170.png 768w\" sizes=\"(max-width: 1024px) 100vw, 1024px\" loading=\"lazy\" \/><\/figure><figure class=\"wp-block-image is-style-default\"><a href=\"https:\/\/materiais.advbox.com.br\/gerenciar-escritorio-a-distancia\" target=\"_blank\" rel=\"noopener noreferrer\" target=\"_blank\"><img decoding=\"async\" src=\"https:\/\/advbox.com.br\/blog\/wp-content\/uploads\/2018\/08\/gerenciamento-de-escrit%C3%B3rios.jpg\" alt=\"escrit\u00f3rio de advocaci \" class=\"wp-image-3225\" loading=\"lazy\"><\/a><\/figure><figure class=\"wp-block-image is-style-default\"><img decoding=\"async\" src=\"https:\/\/advbox.com.br\/blog\/wp-content\/uploads\/2018\/08\/ferramentas-indispens%C3%A1veis-1024x227.jpg\" alt=\"Ferramentas para escrit\u00f3rios digitais \" class=\"wp-image-3224\" loading=\"lazy\"><\/figure><figure class=\"wp-block-image size-large is-style-default\"><img loading=\"lazy\" decoding=\"async\" width=\"1024\" height=\"227\" src=\"https:\/\/advbox.com.br\/blog\/wp-content\/uploads\/2019\/03\/ferramentas-para-planejamento-1024x227.png\" alt=\"Planejamento para advocacia\" class=\"wp-image-9996\" srcset=\"https:\/\/advbox.com.br\/blog\/wp-content\/uploads\/2019\/03\/ferramentas-para-planejamento.png 1024w, https:\/\/advbox.com.br\/blog\/wp-content\/uploads\/2019\/03\/ferramentas-para-planejamento-300x66.png 300w, https:\/\/advbox.com.br\/blog\/wp-content\/uploads\/2019\/03\/ferramentas-para-planejamento-768x170.png 768w\" sizes=\"(max-width: 1024px) 100vw, 1024px\" \/><\/figure><figure class=\"wp-block-image size-large is-style-default\"><a href=\"https:\/\/materiais.advbox.com.br\/ebook-advocacia-de-resultados\" target=\"_blank\" rel=\"noopener noreferrer\" target=\"_blank\"><img loading=\"lazy\" decoding=\"async\" width=\"1024\" height=\"227\" src=\"https:\/\/advbox.com.br\/blog\/wp-content\/uploads\/2018\/08\/advocacia-de-resultado-1024x227.jpg\" alt=\"Advocacia de resultado ADVBOX\" class=\"wp-image-3217\" srcset=\"https:\/\/advbox.com.br\/blog\/wp-content\/uploads\/2018\/08\/advocacia-de-resultado.jpg 1024w, https:\/\/advbox.com.br\/blog\/wp-content\/uploads\/2018\/08\/advocacia-de-resultado-300x66.jpg 300w, https:\/\/advbox.com.br\/blog\/wp-content\/uploads\/2018\/08\/advocacia-de-resultado-768x170.jpg 768w\" sizes=\"(max-width: 1024px) 100vw, 1024px\" \/><\/a><\/figure><figure class=\"wp-block-image size-large is-style-default\"><img decoding=\"async\" src=\"https:\/\/advbox.com.br\/blog\/wp-content\/uploads\/2019\/03\/gest%C3%A3o-digital-1024x227.png\" alt=\"Gest\u00e3o digital para escrit\u00f3rio de advocacia - advbox\" class=\"wp-image-9997\" loading=\"lazy\"><\/figure><figure class=\"wp-block-image size-large is-style-default\"><a href=\"https:\/\/materiais.advbox.com.br\/e-book-como-implantar-o-home-office\" target=\"_blank\" rel=\"noopener noreferrer\" target=\"_blank\"><img loading=\"lazy\" decoding=\"async\" width=\"1024\" height=\"227\" src=\"https:\/\/advbox.com.br\/blog\/wp-content\/uploads\/2019\/03\/como-implantar-o-home-office-1024x227.png\" alt=\"Home office na advocacia -advbox\" class=\"wp-image-9986\" srcset=\"https:\/\/advbox.com.br\/blog\/wp-content\/uploads\/2019\/03\/como-implantar-o-home-office.png 1024w, https:\/\/advbox.com.br\/blog\/wp-content\/uploads\/2019\/03\/como-implantar-o-home-office-300x66.png 300w, https:\/\/advbox.com.br\/blog\/wp-content\/uploads\/2019\/03\/como-implantar-o-home-office-768x170.png 768w\" sizes=\"(max-width: 1024px) 100vw, 1024px\" \/><\/a><\/figure><div style=\"height:23px\" aria-hidden=\"true\" class=\"wp-block-spacer\"><\/div><h2 class=\"wp-block-heading\" style=\"font-size:18px\">leia nossos artigos jur\u00eddicos <\/h2><ul class=\"wp-block-latest-posts__list wp-block-latest-posts\"><li><a class=\"wp-block-latest-posts__post-title\" href=\"https:\/\/advbox.com.br\/blog\/melhor-escritorio-de-direito-do-consumidor-do-brasil\/\" target=\"_blank\">Advogadas ga\u00fachas s\u00e3o reconhecidas como Melhor Escrit\u00f3rio de Direito do Consumidor do Brasil<\/a><\/li>\n<li><a class=\"wp-block-latest-posts__post-title\" href=\"https:\/\/advbox.com.br\/blog\/planos-advbox-para-escritorios-de-advocacia\/\" target=\"_blank\">Planos ADVBOX: Conhe\u00e7a o Plano Essencial para escrit\u00f3rios de advocacia<\/a><\/li>\n<li><a class=\"wp-block-latest-posts__post-title\" href=\"https:\/\/advbox.com.br\/blog\/como-uma-advogada-de-direito-de-familia-se-tornou-referencia-nacional-no-youtube-juridico\/\" target=\"_blank\">Como uma advogada de Direito de Fam\u00edlia se tornou refer\u00eancia nacional no YouTube jur\u00eddico<\/a><\/li>\n<li><a class=\"wp-block-latest-posts__post-title\" href=\"https:\/\/advbox.com.br\/blog\/agente-de-peticoes-familia\/\" target=\"_blank\">Fami-2: agente de IA da ADVBOX para peti\u00e7\u00f5es de Direito de Fam\u00edlia<\/a><\/li>\n<li><a class=\"wp-block-latest-posts__post-title\" href=\"https:\/\/advbox.com.br\/blog\/advogada-trabalhista\/\" target=\"_blank\">Advogada trabalhista baiana conquista o trof\u00e9u Pedro Coutinho no Law Summit 2026<\/a><\/li>\n<\/ul>\n","protected":false},"excerpt":{"rendered":"<p>Abaixo, voc\u00ea encontra diversos materiais para auxiliar na gest\u00e3o do seu escrit\u00f3rio ou da sua carreira como advogado. Todos foram desenvolvidos pela ADVBOX e voc\u00ea pode fazer download totalmente gratuito. Que traga muito sucesso! leia nossos artigos jur\u00eddicos<\/p>\n","protected":false},"author":44,"featured_media":29753,"parent":0,"menu_order":0,"comment_status":"closed","ping_status":"closed","template":"","meta":{"_acf_changed":false,"om_disable_all_campaigns":false,"footnotes":""},"class_list":["post-9707","page","type-page","status-publish","has-post-thumbnail","hentry"],"acf":[],"yoast_head":"<!-- This site is optimized with the Yoast SEO plugin v26.9 - https:\/\/yoast.com\/product\/yoast-seo-wordpress\/ -->\n<title>Materiais de gest\u00e3o gratuitos para escrit\u00f3rios de advocacia<\/title>\n<meta name=\"description\" content=\"Materiais de gest\u00e3o gratuitos para escrit\u00f3rios de advocacia - Peti\u00e7\u00f5es, Artigos jur\u00eddicos, jurisprud\u00eancias no site da ADVBOX.\" \/>\n<meta name=\"robots\" content=\"index, follow, max-snippet:-1, max-image-preview:large, max-video-preview:-1\" \/>\n<link rel=\"canonical\" href=\"https:\/\/advbox.com.br\/blog\/materiais-de-gestao-advbox\/\" \/>\n<meta property=\"og:locale\" content=\"pt_BR\" \/>\n<meta property=\"og:type\" content=\"article\" \/>\n<meta property=\"og:title\" content=\"Materiais de gest\u00e3o gratuitos para escrit\u00f3rios de advocacia\" \/>\n<meta property=\"og:description\" content=\"Materiais de gest\u00e3o gratuitos para escrit\u00f3rios de advocacia - Peti\u00e7\u00f5es, Artigos jur\u00eddicos, jurisprud\u00eancias no site da ADVBOX.\" \/>\n<meta property=\"og:url\" content=\"https:\/\/advbox.com.br\/blog\/materiais-de-gestao-advbox\/\" \/>\n<meta property=\"og:site_name\" content=\"Software Jur\u00eddico Completo - ADVBOX\" \/>\n<meta property=\"article:publisher\" content=\"https:\/\/www.facebook.com\/advbox\/\" \/>\n<meta property=\"article:modified_time\" content=\"2025-11-12T14:50:39+00:00\" \/>\n<meta property=\"og:image\" content=\"https:\/\/advbox.com.br\/blog\/wp-content\/uploads\/2021\/04\/peticao-advbox-1.jpg\" \/>\n\t<meta property=\"og:image:width\" content=\"626\" \/>\n\t<meta property=\"og:image:height\" content=\"417\" \/>\n\t<meta property=\"og:image:type\" content=\"image\/jpeg\" \/>\n<meta name=\"twitter:card\" content=\"summary_large_image\" \/>\n<meta name=\"twitter:site\" content=\"@advbox2\" \/>\n<script type=\"application\/ld+json\" class=\"yoast-schema-graph\">{\"@context\":\"https:\/\/schema.org\",\"@graph\":[{\"@type\":\"WebPage\",\"@id\":\"https:\/\/advbox.com.br\/blog\/materiais-de-gestao-advbox\/\",\"url\":\"https:\/\/advbox.com.br\/blog\/materiais-de-gestao-advbox\/\",\"name\":\"Materiais de gest\u00e3o gratuitos para escrit\u00f3rios de advocacia\",\"isPartOf\":{\"@id\":\"https:\/\/advbox.com.br\/blog\/#website\"},\"primaryImageOfPage\":{\"@id\":\"https:\/\/advbox.com.br\/blog\/materiais-de-gestao-advbox\/#primaryimage\"},\"image\":{\"@id\":\"https:\/\/advbox.com.br\/blog\/materiais-de-gestao-advbox\/#primaryimage\"},\"thumbnailUrl\":\"https:\/\/advbox.com.br\/blog\/wp-content\/uploads\/2021\/04\/peticao-advbox-1.jpg\",\"datePublished\":\"2019-03-19T18:05:23+00:00\",\"dateModified\":\"2025-11-12T14:50:39+00:00\",\"description\":\"Materiais de gest\u00e3o gratuitos para escrit\u00f3rios de advocacia - Peti\u00e7\u00f5es, Artigos jur\u00eddicos, jurisprud\u00eancias no site da ADVBOX.\",\"breadcrumb\":{\"@id\":\"https:\/\/advbox.com.br\/blog\/materiais-de-gestao-advbox\/#breadcrumb\"},\"inLanguage\":\"pt-BR\",\"potentialAction\":[{\"@type\":\"ReadAction\",\"target\":[\"https:\/\/advbox.com.br\/blog\/materiais-de-gestao-advbox\/\"]}]},{\"@type\":\"ImageObject\",\"inLanguage\":\"pt-BR\",\"@id\":\"https:\/\/advbox.com.br\/blog\/materiais-de-gestao-advbox\/#primaryimage\",\"url\":\"https:\/\/advbox.com.br\/blog\/wp-content\/uploads\/2021\/04\/peticao-advbox-1.jpg\",\"contentUrl\":\"https:\/\/advbox.com.br\/blog\/wp-content\/uploads\/2021\/04\/peticao-advbox-1.jpg\",\"width\":626,\"height\":417,\"caption\":\"Peti\u00e7\u00e3o trabalhista\"},{\"@type\":\"BreadcrumbList\",\"@id\":\"https:\/\/advbox.com.br\/blog\/materiais-de-gestao-advbox\/#breadcrumb\",\"itemListElement\":[{\"@type\":\"ListItem\",\"position\":1,\"name\":\"In\u00edcio\",\"item\":\"https:\/\/advbox.com.br\/blog\/\"},{\"@type\":\"ListItem\",\"position\":2,\"name\":\"Materiais de gest\u00e3o gratuitos para escrit\u00f3rios de advocacia\"}]},{\"@type\":\"WebSite\",\"@id\":\"https:\/\/advbox.com.br\/blog\/#website\",\"url\":\"https:\/\/advbox.com.br\/blog\/\",\"name\":\"Software Jur\u00eddico Completo - ADVBOX\",\"description\":\"Plataforma para Advocacia Digital\",\"publisher\":{\"@id\":\"https:\/\/advbox.com.br\/blog\/#organization\"},\"potentialAction\":[{\"@type\":\"SearchAction\",\"target\":{\"@type\":\"EntryPoint\",\"urlTemplate\":\"https:\/\/advbox.com.br\/blog\/?s={search_term_string}\"},\"query-input\":{\"@type\":\"PropertyValueSpecification\",\"valueRequired\":true,\"valueName\":\"search_term_string\"}}],\"inLanguage\":\"pt-BR\"},{\"@type\":\"Organization\",\"@id\":\"https:\/\/advbox.com.br\/blog\/#organization\",\"name\":\"ADVBOX Blog - Software jur\u00eddico da advocacia digital\",\"url\":\"https:\/\/advbox.com.br\/blog\/\",\"logo\":{\"@type\":\"ImageObject\",\"inLanguage\":\"pt-BR\",\"@id\":\"https:\/\/advbox.com.br\/blog\/#\/schema\/logo\/image\/\",\"url\":\"https:\/\/advbox.com.br\/blog\/wp-content\/uploads\/2019\/12\/Como-aumentar-a-produtividade_.jpg\",\"contentUrl\":\"https:\/\/advbox.com.br\/blog\/wp-content\/uploads\/2019\/12\/Como-aumentar-a-produtividade_.jpg\",\"width\":320,\"height\":213,\"caption\":\"ADVBOX Blog - Software jur\u00eddico da advocacia digital\"},\"image\":{\"@id\":\"https:\/\/advbox.com.br\/blog\/#\/schema\/logo\/image\/\"},\"sameAs\":[\"https:\/\/www.facebook.com\/advbox\/\",\"https:\/\/x.com\/advbox2\"]}]}<\/script>\n<!-- \/ Yoast SEO plugin. -->","yoast_head_json":{"title":"Materiais de gest\u00e3o gratuitos para escrit\u00f3rios de advocacia","description":"Materiais de gest\u00e3o gratuitos para escrit\u00f3rios de advocacia - Peti\u00e7\u00f5es, Artigos jur\u00eddicos, jurisprud\u00eancias no site da ADVBOX.","robots":{"index":"index","follow":"follow","max-snippet":"max-snippet:-1","max-image-preview":"max-image-preview:large","max-video-preview":"max-video-preview:-1"},"canonical":"https:\/\/advbox.com.br\/blog\/materiais-de-gestao-advbox\/","og_locale":"pt_BR","og_type":"article","og_title":"Materiais de gest\u00e3o gratuitos para escrit\u00f3rios de advocacia","og_description":"Materiais de gest\u00e3o gratuitos para escrit\u00f3rios de advocacia - Peti\u00e7\u00f5es, Artigos jur\u00eddicos, jurisprud\u00eancias no site da ADVBOX.","og_url":"https:\/\/advbox.com.br\/blog\/materiais-de-gestao-advbox\/","og_site_name":"Software Jur\u00eddico Completo - ADVBOX","article_publisher":"https:\/\/www.facebook.com\/advbox\/","article_modified_time":"2025-11-12T14:50:39+00:00","og_image":[{"width":626,"height":417,"url":"https:\/\/advbox.com.br\/blog\/wp-content\/uploads\/2021\/04\/peticao-advbox-1.jpg","type":"image\/jpeg"}],"twitter_card":"summary_large_image","twitter_site":"@advbox2","schema":{"@context":"https:\/\/schema.org","@graph":[{"@type":"WebPage","@id":"https:\/\/advbox.com.br\/blog\/materiais-de-gestao-advbox\/","url":"https:\/\/advbox.com.br\/blog\/materiais-de-gestao-advbox\/","name":"Materiais de gest\u00e3o gratuitos para escrit\u00f3rios de advocacia","isPartOf":{"@id":"https:\/\/advbox.com.br\/blog\/#website"},"primaryImageOfPage":{"@id":"https:\/\/advbox.com.br\/blog\/materiais-de-gestao-advbox\/#primaryimage"},"image":{"@id":"https:\/\/advbox.com.br\/blog\/materiais-de-gestao-advbox\/#primaryimage"},"thumbnailUrl":"https:\/\/advbox.com.br\/blog\/wp-content\/uploads\/2021\/04\/peticao-advbox-1.jpg","datePublished":"2019-03-19T18:05:23+00:00","dateModified":"2025-11-12T14:50:39+00:00","description":"Materiais de gest\u00e3o gratuitos para escrit\u00f3rios de advocacia - Peti\u00e7\u00f5es, Artigos jur\u00eddicos, jurisprud\u00eancias no site da ADVBOX.","breadcrumb":{"@id":"https:\/\/advbox.com.br\/blog\/materiais-de-gestao-advbox\/#breadcrumb"},"inLanguage":"pt-BR","potentialAction":[{"@type":"ReadAction","target":["https:\/\/advbox.com.br\/blog\/materiais-de-gestao-advbox\/"]}]},{"@type":"ImageObject","inLanguage":"pt-BR","@id":"https:\/\/advbox.com.br\/blog\/materiais-de-gestao-advbox\/#primaryimage","url":"https:\/\/advbox.com.br\/blog\/wp-content\/uploads\/2021\/04\/peticao-advbox-1.jpg","contentUrl":"https:\/\/advbox.com.br\/blog\/wp-content\/uploads\/2021\/04\/peticao-advbox-1.jpg","width":626,"height":417,"caption":"Peti\u00e7\u00e3o trabalhista"},{"@type":"BreadcrumbList","@id":"https:\/\/advbox.com.br\/blog\/materiais-de-gestao-advbox\/#breadcrumb","itemListElement":[{"@type":"ListItem","position":1,"name":"In\u00edcio","item":"https:\/\/advbox.com.br\/blog\/"},{"@type":"ListItem","position":2,"name":"Materiais de gest\u00e3o gratuitos para escrit\u00f3rios de advocacia"}]},{"@type":"WebSite","@id":"https:\/\/advbox.com.br\/blog\/#website","url":"https:\/\/advbox.com.br\/blog\/","name":"Software Jur\u00eddico Completo - ADVBOX","description":"Plataforma para Advocacia Digital","publisher":{"@id":"https:\/\/advbox.com.br\/blog\/#organization"},"potentialAction":[{"@type":"SearchAction","target":{"@type":"EntryPoint","urlTemplate":"https:\/\/advbox.com.br\/blog\/?s={search_term_string}"},"query-input":{"@type":"PropertyValueSpecification","valueRequired":true,"valueName":"search_term_string"}}],"inLanguage":"pt-BR"},{"@type":"Organization","@id":"https:\/\/advbox.com.br\/blog\/#organization","name":"ADVBOX Blog - Software jur\u00eddico da advocacia digital","url":"https:\/\/advbox.com.br\/blog\/","logo":{"@type":"ImageObject","inLanguage":"pt-BR","@id":"https:\/\/advbox.com.br\/blog\/#\/schema\/logo\/image\/","url":"https:\/\/advbox.com.br\/blog\/wp-content\/uploads\/2019\/12\/Como-aumentar-a-produtividade_.jpg","contentUrl":"https:\/\/advbox.com.br\/blog\/wp-content\/uploads\/2019\/12\/Como-aumentar-a-produtividade_.jpg","width":320,"height":213,"caption":"ADVBOX Blog - Software jur\u00eddico da advocacia digital"},"image":{"@id":"https:\/\/advbox.com.br\/blog\/#\/schema\/logo\/image\/"},"sameAs":["https:\/\/www.facebook.com\/advbox\/","https:\/\/x.com\/advbox2"]}]}},"_links":{"self":[{"href":"https:\/\/advbox.com.br\/blog\/wp-json\/wp\/v2\/pages\/9707","targetHints":{"allow":["GET"]}}],"collection":[{"href":"https:\/\/advbox.com.br\/blog\/wp-json\/wp\/v2\/pages"}],"about":[{"href":"https:\/\/advbox.com.br\/blog\/wp-json\/wp\/v2\/types\/page"}],"author":[{"embeddable":true,"href":"https:\/\/advbox.com.br\/blog\/wp-json\/wp\/v2\/users\/44"}],"replies":[{"embeddable":true,"href":"https:\/\/advbox.com.br\/blog\/wp-json\/wp\/v2\/comments?post=9707"}],"version-history":[{"count":4,"href":"https:\/\/advbox.com.br\/blog\/wp-json\/wp\/v2\/pages\/9707\/revisions"}],"predecessor-version":[{"id":78945,"href":"https:\/\/advbox.com.br\/blog\/wp-json\/wp\/v2\/pages\/9707\/revisions\/78945"}],"wp:featuredmedia":[{"embeddable":true,"href":"https:\/\/advbox.com.br\/blog\/wp-json\/wp\/v2\/media\/29753"}],"wp:attachment":[{"href":"https:\/\/advbox.com.br\/blog\/wp-json\/wp\/v2\/media?parent=9707"}],"curies":[{"name":"wp","href":"https:\/\/api.w.org\/{rel}","templated":true}]}}